000
CXUS51 KCTP 010739
CLMIPT
CLIMATE REPORT
NATIONAL WEATHER SERVICE STATE COLLEGE PA
239 AM EST THU FEB 01 2024
...................................
...THE WILLIAMSPORT PA CLIMATE SUMMARY FOR THE MONTH OF JANUARY 2024...
CLIMATE NORMAL PERIOD 1991 TO 2020
CLIMATE RECORD PERIOD 1895 TO 2024
WEATHER OBSERVED NORMAL DEPART LAST YEAR`S
VALUE DATE(S) VALUE FROM VALUE DATE(S)
NORMAL
................................................................
TEMPERATURE (F)
RECORD
HIGH 70 01/14/1932
01/13/1932
LOW -20 01/21/1994
HIGHEST 58 01/26 60 01/04
LOWEST 5 01/18 22 01/16
AVG. MAXIMUM 38.6 35.3 3.3 43.5
AVG. MINIMUM 26.0 20.1 5.9 31.5
MEAN 32.3 27.7 4.6 37.5
DAYS MAX >= 90 0 0.0 0.0 0
DAYS MAX <= 32 8 11.6 -3.6 1
DAYS MIN <= 32 21 27.3 -6.3 15
DAYS MIN <= 0 0 1.3 -1.3 0
PRECIPITATION (INCHES)
RECORD
MAXIMUM 8.25 1978
MINIMUM 0.52 1985
TOTALS 6.13 2.96 3.17 3.33
DAILY AVG. 0.20 0.10 0.10 0.11
DAYS >= .01 15 12.1 2.9 15
DAYS >= .10 11 6.0 5.0 7
DAYS >= .50 4 1.8 2.2 2
DAYS >= 1.00 2 0.4 1.6 1
GREATEST
24 HR. TOTAL 2.09 01/09 TO 01/10 1.03 01/19 TO 01/20
SNOWFALL (INCHES)
RECORDS
TOTAL 40.1 1987
TOTALS 12.6 9.7 2.9 1.6
SINCE 7/1 13.2 18.4 -5.2 MM
SNOWDEPTH AVG. 1 -1
DAYS >= 1.0 4 2.9 1.1 1
GREATEST
SNOW DEPTH 4 01/07 MM 01/25
01/20
01/26
01/01
24 HR TOTAL MM MM
DEGREE DAYS
HEATING TOTAL 1007 1156 -149 843
SINCE 7/1 2829 3333 -504 MM
COOLING TOTAL 0 0 0 0
SINCE 1/1 0 0 0 MM
................................................................
WIND (MPH)
AVERAGE WIND SPEED 6.7
HIGHEST WIND SPEED/DIRECTION 35/260 DATE 01/13
35/260 01/14
HIGHEST GUST SPEED/DIRECTION 56/250 DATE 01/13
SKY COVER
POSSIBLE SUNSHINE (PERCENT) MM
AVERAGE SKY COVER 0.76
NUMBER OF DAYS FAIR 2
NUMBER OF DAYS PC 10
NUMBER OF DAYS CLOUDY 19
WEATHER CONDITIONS. NUMBER OF DAYS WITH
THUNDERSTORM 0 MIXED PRECIP 0
HEAVY RAIN 0 RAIN 6
LIGHT RAIN 10 FREEZING RAIN 0
LT FREEZING RAIN 3 HAIL 0
HEAVY SNOW 1 SNOW 5
LIGHT SNOW 13 SLEET 0
FOG 16 FOG W/VIS <= 1/4 MILE 3
HAZE 2
- INDICATES NEGATIVE NUMBERS.
R INDICATES RECORD WAS SET OR TIED.
MM INDICATES DATA IS MISSING.
T INDICATES TRACE AMOUNT.
$$