000
CXUS51 KOKX 010910
CF6ISP
PRELIMINARY LOCAL CLIMATOLOGICAL DATA (WS FORM: F-6)
STATION: ISLIP NY
MONTH: APRIL
YEAR: 2022
LATITUDE: 40 47 N
LONGITUDE: 73 6 W
TEMPERATURE IN F: :PCPN: SNOW: WIND :SUNSHINE: SKY :PK WND
================================================================================
1 2 3 4 5 6A 6B 7 8 9 10 11 12 13 14 15 16 17 18
12Z AVG MX 2MIN
DY MAX MIN AVG DEP HDD CDD WTR SNW DPTH SPD SPD DIR MIN PSBL S-S WX SPD DR
================================================================================
1 58 43 51 6 14 0 0.04 0.0 0 14.4 30 270 M M 8 1 42 260
2 53 38 46 1 19 0 0.00 0.0 0 12.0 23 310 M M 6 31 290
3 47 40 44 -1 21 0 0.12 0.0 0 6.5 15 320 M M 7 21 310
4 55 37 46 0 19 0 T 0.0 0 10.8 22 320 M M 6 29 300
5 52 34 43 -3 22 0 0.03 0.0 0 6.4 13 90 M M 8 16 100
6 50 45 48 2 17 0 0.45 0.0 0 13.0 24 40 M M 10 1 31 50
7 52 44 48 1 17 0 0.36 0.0 0 18.8 36 110 M M 8 18 44 110
8 64 48 56 9 9 0 0.10 0.0 0 12.3 24 130 M M 5 12 30 130
9 59 44 52 5 13 0 0.01 0.0 0 8.4 24 250 M M 7 30 240
10 52 41 47 -1 18 0 0.00 0.0 0 14.9 25 300 M M 6 35 290
11 57 37 47 -1 18 0 0.00 0.0 0 10.2 18 210 M M 4 23 210
12 70 47 59 11 6 0 0.02 0.0 0 8.4 20 340 M M 5 25 340
13 66 43 55 6 10 0 0.00 0.0 0 7.4 22 160 M M 6 25 160
14 73 54 64 15 1 0 0.04 0.0 0 9.2 21 220 M M 6 25 210
15 67 44 56 6 9 0 0.01 0.0 0 12.8 22 200 M M 3 30 200
16 63 43 53 3 12 0 0.12 0.0 0 15.4 23 220 M M 6 1 30 210
17 52 35 44 -6 21 0 T 0.0 0 12.2 29 290 M M 4 39 300
18 52 33 43 -8 22 0 0.73 0.0 0 12.7 29 90 M M 6 1 36 70
19 53 41 47 -4 18 0 0.42 0.0 0 18.0 33 90 M M 8 12 50 90
20 58 38 48 -3 17 0 0.00 0.0 0 11.5 26 280 M M 3 35 280
21 56 37 47 -5 18 0 T 0.0 0 9.6 20 170 M M 7 26 190
22 69 42 56 4 9 0 0.00 0.0 0 9.4 22 340 M M 3 30 320
23 60 42 51 -1 14 0 0.02 0.0 0 6.7 14 180 M M 6 19 150
24 58 43 51 -2 14 0 0.00 0.0 0 8.7 21 120 M M 6 28 130
25 59 42 51 -2 14 0 0.00 0.0 0 8.7 17 130 M M 7 24 110
26 60 50 55 1 10 0 0.02 0.0 0 6.2 17 170 M M 10 18 22 160
27 59 40 50 -4 15 0 0.00 0.0 0 16.8 29 310 M M 6 1 37 320
28 57 39 48 -6 17 0 0.00 0.0 0 18.6 30 330 M M 3 39 320
29 62 38 50 -4 15 0 0.00 0.0 0 14.4 28 330 M M 1 36 340
30 64 43 54 -1 11 0 0.00 0.0 0 11.1 21 350 M M 1 27 330
================================================================================
SM 1757 1245 440 0 2.49 0.0 345.5 M 172
================================================================================
AV 58.6 41.5 11.5 FASTST M M 6 MAX(MPH)
MISC ----> 36 110 50 90
================================================================================
NOTES:
# LAST OF SEVERAL OCCURRENCES
COLUMN 17 PEAK WIND IN M.P.H.
PRELIMINARY LOCAL CLIMATOLOGICAL DATA (WS FORM: F-6) , PAGE 2
STATION: ISLIP NY
MONTH: APRIL
YEAR: 2022
LATITUDE: 40 47 N
LONGITUDE: 73 6 W
[TEMPERATURE DATA] [PRECIPITATION DATA] SYMBOLS USED IN COLUMN 16
AVERAGE MONTHLY: 50.0 TOTAL FOR MONTH: 2.49 1 = FOG OR MIST
DPTR FM NORMAL: 0.3 DPTR FM NORMAL: -1.57 2 = FOG REDUCING VISIBILITY
HIGHEST: 73 ON 14 GRTST 24HR 1.15 ON 18-19 TO 1/4 MILE OR LESS
LOWEST: 33 ON 18 3 = THUNDER
SNOW, ICE PELLETS, HAIL 4 = ICE PELLETS
TOTAL MONTH: 0.0 INCH 5 = HAIL
GRTST 24HR 0.0 6 = FREEZING RAIN OR DRIZZLE
GRTST DEPTH: 0 7 = DUSTSTORM OR SANDSTORM:
VSBY 1/2 MILE OR LESS
8 = SMOKE OR HAZE
[NO. OF DAYS WITH] [WEATHER - DAYS WITH] 9 = BLOWING SNOW
X = TORNADO
MAX 32 OR BELOW: 0 0.01 INCH OR MORE: 15
MAX 90 OR ABOVE: 0 0.10 INCH OR MORE: 7
MIN 32 OR BELOW: 0 0.50 INCH OR MORE: 1
MIN 0 OR BELOW: 0 1.00 INCH OR MORE: 0
[HDD (BASE 65) ]
TOTAL THIS MO. 440 CLEAR (SCALE 0-3) 5
DPTR FM NORMAL -20 PTCLDY (SCALE 4-7) 21
TOTAL FM JUL 1 4544 CLOUDY (SCALE 8-10) 4
DPTR FM NORMAL -415
[CDD (BASE 65) ]
TOTAL THIS MO. 0
DPTR FM NORMAL -2 [PRESSURE DATA]
TOTAL FM JAN 1 0 HIGHEST SLP M ON M
DPTR FM NORMAL -2 LOWEST SLP 29.37 ON 19
[REMARKS]
#FINAL-04-22#