000
CXUS51 KOKX 010702
CF6ISP
PRELIMINARY LOCAL CLIMATOLOGICAL DATA (WS FORM: F-6)
STATION: ISLIP NY
MONTH: FEBRUARY
YEAR: 2020
LATITUDE: 40 47 N
LONGITUDE: 73 6 W
TEMPERATURE IN F: :PCPN: SNOW: WIND :SUNSHINE: SKY :PK WND
================================================================================
1 2 3 4 5 6A 6B 7 8 9 10 11 12 13 14 15 16 17 18
12Z AVG MX 2MIN
DY MAX MIN AVG DEP HDD CDD WTR SNW DPTH SPD SPD DIR MIN PSBL S-S WX SPD DR
================================================================================
1 41 33 37 6 28 0 0.02 0.0 0 3.5 9 350 M M 9 12 11 340
2 45 35 40 9 25 0 0.05 0.0 0 7.5 18 280 M M 10 18 23 290
3 53 34 44 13 21 0 0.01 0.0 0 6.1 21 300 M M 5 1 33 300
4 53 35 44 13 21 0 0.01 0.0 0 2.7 10 20 M M 8 1 12 260
5 50 38 44 13 21 0 0.01 0.0 0 9.6 21 360 M M 10 1 31 350
6 42 37 40 8 25 0 0.63 0.0 0 8.4 18 110 M M 10 1 24 110
7 54 32 43 11 22 0 0.18 0.0 0 17.0 47 240 M M 8 12 63 230
8 42 26 34 2 31 0 0.00 0.0 0 10.1 24 300 M M 3 33 290
9 46 26 36 4 29 0 0.00 0.0 0 8.9 16 140 M M 7 21 140
10 46 42 44 12 21 0 0.41 0.0 0 11.1 24 210 M M 10 1 32 200
11 46 42 44 12 21 0 0.39 0.0 0 5.9 21 290 M M 10 1 26 300
12 45 37 41 9 24 0 0.06 0.0 0 10.7 22 310 M M 8 1 31 310
13 42 36 39 7 26 0 0.49 0.0 0 7.3 21 310 M M 9 1 29 310
14 38 17 28 -4 37 0 0.00 0.0 0 13.6 23 330 M M 3 31 320
15 31 13 22 -11 43 0 0.00 0.0 0 8.5 15 220 M M 3 21 190
16 44 30 37 4 28 0 0.00 0.0 0 7.2 17 230 M M 7 24 230
17 50 29 40 7 25 0 0.00 0.0 0 4.6 14 360 M M 6 17 240
18 47 34 41 8 24 0 0.06 0.0 0 8.7 21 120 M M 8 12 27 110
19 48 31 40 7 25 0 0.00 0.0 0 12.7 23 300 M M 6 1 30 290
20 36 25 31 -3 34 0 0.00 0.0 0 9.9 21 350 M M 7 25 360
21 33 20 27 -7 38 0 0.00 0.0 0 10.3 22 10 M M 1 29 20
22 46 26 36 2 29 0 0.00 0.0 0 7.8 20 230 M M 1 24 220
23 53 24 39 5 26 0 0.00 0.0 0 6.7 18 220 M M 0 23 230
24 54 30 42 8 23 0 0.00 0.0 0 6.4 13 210 M M 7 12 16 210
25 51 43 47 13 18 0 0.17 0.0 0 4.6 14 220 M M 9 1 18 220
26 50 44 47 12 18 0 0.04 0.0 0 8.8 21 90 M M 10 1 29 90
27 50 31 41 6 24 0 0.85 0.0 0 21.7 37 280 M M 7 1 47 260
28 42 28 35 0 30 0 0.00 0.0 0 16.1 30 250 M M 6 40 260
29 38 23 31 -4 34 0 0.00 0.0 0 14.0 25 310 M M 4 35 330
================================================================================
SM 1316 901 771 0 3.38 0.0 270.4 M 192
================================================================================
AV 45.4 31.1 9.3 FASTST M M 7 MAX(MPH)
MISC ----> # 47 240 # 63 230
================================================================================
NOTES:
# LAST OF SEVERAL OCCURRENCES
COLUMN 17 PEAK WIND IN M.P.H.
PRELIMINARY LOCAL CLIMATOLOGICAL DATA (WS FORM: F-6) , PAGE 2
STATION: ISLIP NY
MONTH: FEBRUARY
YEAR: 2020
LATITUDE: 40 47 N
LONGITUDE: 73 6 W
[TEMPERATURE DATA] [PRECIPITATION DATA] SYMBOLS USED IN COLUMN 16
AVERAGE MONTHLY: 38.2 TOTAL FOR MONTH: 3.38 1 = FOG OR MIST
DPTR FM NORMAL: 5.4 DPTR FM NORMAL: 0.12 2 = FOG REDUCING VISIBILITY
HIGHEST: 54 ON 24, 7 GRTST 24HR 0.85 ON 27-27 TO 1/4 MILE OR LESS
LOWEST: 13 ON 15 3 = THUNDER
SNOW, ICE PELLETS, HAIL 4 = ICE PELLETS
TOTAL MONTH: 0.0 INCH 5 = HAIL
GRTST 24HR 0.0 6 = FREEZING RAIN OR DRIZZLE
GRTST DEPTH: 0 7 = DUSTSTORM OR SANDSTORM:
VSBY 1/2 MILE OR LESS
8 = SMOKE OR HAZE
[NO. OF DAYS WITH] [WEATHER - DAYS WITH] 9 = BLOWING SNOW
X = TORNADO
MAX 32 OR BELOW: 1 0.01 INCH OR MORE: 15
MAX 90 OR ABOVE: 0 0.10 INCH OR MORE: 7
MIN 32 OR BELOW: 16 0.50 INCH OR MORE: 2
MIN 0 OR BELOW: 0 1.00 INCH OR MORE: 0
[HDD (BASE 65) ]
TOTAL THIS MO. 771 CLEAR (SCALE 0-3) 5
DPTR FM NORMAL -132 PTCLDY (SCALE 4-7) 13
TOTAL FM JUL 1 3430 CLOUDY (SCALE 8-10) 11
DPTR FM NORMAL -495
[CDD (BASE 65) ]
TOTAL THIS MO. 0
DPTR FM NORMAL 0 [PRESSURE DATA]
TOTAL FM JAN 1 0 HIGHEST SLP M ON M
DPTR FM NORMAL 0 LOWEST SLP 28.80 ON 7
[REMARKS]
#FINAL-02-20#