000
CXUS52 TJSJ 010434
CF6IST
PRELIMINARY LOCAL CLIMATOLOGICAL DATA (WS FORM: F-6)
STATION: CYRIL E. KING AP/ST THOMAS
MONTH: OCTOBER
YEAR: 2022
LATITUDE: 18 19 N
LONGITUDE: 64 58 W
TEMPERATURE IN F: :PCPN: SNOW: WIND :SUNSHINE: SKY :PK WND
================================================================================
1 2 3 4 5 6A 6B 7 8 9 10 11 12 13 14 15 16 17 18
12Z AVG MX 2MIN
DY MAX MIN AVG DEP HDD CDD WTR SNW DPTH SPD SPD DIR MIN PSBL S-S WX SPD DR
================================================================================
1 87 79 83 -1 0 18 T M M 9.7 15 140 M M 2 20 140
2 88 82 85 1 0 20 T M M 8.6 16 170 M M 3 19 180
3 88 80 84 0 0 19 0.00 M M 8.0 15 120 M M 2 18 130
4 89 80 85 1 0 20 T M M 11.0 23 120 M M 2 27 130
5 90 80 85 1 0 20 0.00 M M 11.2 20 120 M M 1 26 90
6 90 81 86 2 0 21 0.00 M M 10.2 17 90 M M 2 22 130
7 89 81 85 1 0 20 T M M 9.5 21 140 M M 2 24 140
8 91 79 85 1 0 20 0.07 M M 10.0 18 120 M M 2 23 80
9 90 75 83 -1 0 18 0.40 M M 10.1 30 120 M M 3 1 38 120
10 89 75 82 -2 0 17 T M M 8.3 16 90 M M 2 21 130
11 90 80 85 1 0 20 0.03 M M 8.8 17 120 M M 1 8 23 120
12 90 80 85 1 0 20 0.06 M M 7.7 20 80 M M 2 22 70
13 88 78 83 -1 0 18 0.12 M M 6.3 16 80 M M 1 21 90
14 88 77 83 -1 0 18 0.00 M M 7.6 14 140 M M 1 18 140
15 88 79 84 0 0 19 0.17 M M 9.0 18 100 M M 3 8 21 100
16 87 79 83 0 0 18 0.14 M M 3.8 13 150 M M 3 8 14 150
17 86 77 82 -1 0 17 0.02 M M 3.0 9 30 M M 2 11 340
18 88 78 83 0 0 18 T M M 6.9 16 120 M M 1 21 110
19 88 79 84 1 0 19 0.00 M M 8.7 16 120 M M 1 20 120
20 90 80 85 2 0 20 0.05 M M 9.8 18 130 M M 2 8 23 130
21 91 80 86 3 0 21 T M M 9.1 15 90 M M 2 20 40
22 89 77 83 0 0 18 0.60 M M 6.7 23 60 M M 3 18 27 60
23 89 77 83 0 0 18 T M M 5.7 13 100 M M 1 15 90
24 88 77 83 0 0 18 0.00 M M 7.8 14 130 M M 1 18 110
25 90 81 86 3 0 21 0.05 M M 8.3 17 110 M M 2 22 120
26 83 75 79 -4 0 14 4.29 M M 10.1 24 130 M M 7 18 32 100
27 86 76 81 -2 0 16 T M M 11.6 22 120 M M 3 30 110
28 88 78 83 0 0 18 0.05 M M 11.3 20 120 M M 1 25 110
29 89 79 84 1 0 19 0.04 M M 11.1 22 120 M M 2 1 28 130
30 87 78 83 0 0 18 0.42 M M 10.1 25 120 M M 4 1 34 110
31 87 77 82 0 0 17 0.00 M M 6.5 15 130 M M 1 17 130
================================================================================
SM 2741 2434 0 578 6.51 M 266.5 M 65
================================================================================
AV 88.4 78.5 8.6 FASTST M M 2 MAX(MPH)
MISC ----> 30 120 38 120
================================================================================
NOTES:
# LAST OF SEVERAL OCCURRENCES
COLUMN 17 PEAK WIND IN M.P.H.
PRELIMINARY LOCAL CLIMATOLOGICAL DATA (WS FORM: F-6) , PAGE 2
STATION: CYRIL E. KING AP/ST THOMAS
MONTH: OCTOBER
YEAR: 2022
LATITUDE: 18 19 N
LONGITUDE: 64 58 W
[TEMPERATURE DATA] [PRECIPITATION DATA] SYMBOLS USED IN COLUMN 16
AVERAGE MONTHLY: 83.5 TOTAL FOR MONTH: 6.51 1 = FOG OR MIST
DPTR FM NORMAL: 0.2 DPTR FM NORMAL: 1.23 2 = FOG REDUCING VISIBILITY
HIGHEST: 91 ON 21, 8 GRTST 24HR 4.29 ON 26-26 TO 1/4 MILE OR LESS
LOWEST: 75 ON 26,10 3 = THUNDER
SNOW, ICE PELLETS, HAIL 4 = ICE PELLETS
TOTAL MONTH: M 5 = HAIL
GRTST 24HR M ON M 6 = FREEZING RAIN OR DRIZZLE
GRTST DEPTH: M ON M 7 = DUSTSTORM OR SANDSTORM:
VSBY 1/2 MILE OR LESS
8 = SMOKE OR HAZE
[NO. OF DAYS WITH] [WEATHER - DAYS WITH] 9 = BLOWING SNOW
X = TORNADO
MAX 32 OR BELOW: 0 0.01 INCH OR MORE: 15
MAX 90 OR ABOVE: 9 0.10 INCH OR MORE: 7
MIN 32 OR BELOW: 0 0.50 INCH OR MORE: 2
MIN 0 OR BELOW: 0 1.00 INCH OR MORE: 1
[HDD (BASE 65) ]
TOTAL THIS MO. 0 CLEAR (SCALE 0-3) 28
DPTR FM NORMAL 0 PTCLDY (SCALE 4-7) 3
TOTAL FM JUL 1 0 CLOUDY (SCALE 8-10) 0
DPTR FM NORMAL 0
[CDD (BASE 65) ]
TOTAL THIS MO. 578
DPTR FM NORMAL 9 [PRESSURE DATA]
TOTAL FM JAN 1 5054 HIGHEST SLP M ON M
DPTR FM NORMAL -146 LOWEST SLP 29.79 ON 26
[REMARKS]
#FINAL-10-22#