000
CXUS55 KGLD 021001
CF6ITR
PRELIMINARY LOCAL CLIMATOLOGICAL DATA (WS FORM: F-6)
STATION: BURLINGTON CO
MONTH: JANUARY
YEAR: 2024
LATITUDE: 39 15 N
LONGITUDE: 102 17 W
TEMPERATURE IN F: :PCPN: SNOW: WIND :SUNSHINE: SKY :PK WND
================================================================================
1 2 3 4 5 6A 6B 7 8 9 10 11 12 13 14 15 16 17 18
12Z AVG MX 2MIN
DY MAX MIN AVG DEP HDD CDD WTR SNW DPTH SPD SPD DIR MIN PSBL S-S WX SPD DR
================================================================================
1 40 16 28 -2 37 0 0.00 M M 10.5 16 320 M M 0 19 320
2 39 20 30 0 35 0 0.00 M M 8.1 16 340 M M 0 22 330
3 40 20 30 0 35 0 0.00 M M 8.1 15 280 M M 0 1 19 260
4 34 21 28 -2 37 0 0.03 M M 14.1 25 160 M M 9 12 31 150
5 34 24 29 -1 36 0 0.03 M M 6.1 13 320 M M 9 1 16 320
6 34 13 24 -6 41 0 0.00 M M 12.3 20 320 M M 2 25 320
7 30 10 20 -10 45 0 0.00 M M 8.4 18 320 M M 1 22 310
8 25 17 21 -9 44 0 0.07 M M 26.2 40 350 M M 9 1289 59 360
9 31 11 21 -9 44 0 0.00 M M 13.1 24 330 M M 1 37 340
10 39 15 27 -3 38 0 0.00 M M 14.4 30 300 M M 1 38 300
11 28 5 17 -13 48 0 T M M 16.9 32 10 M M 5 128 44 10
12 29 -4 13 -17 52 0 T M M 9.8 23 30 M M 4 18 27 50
13 0 -15 -7 -37 72 0 0.02 M M 13.9 25 10 M M 5 8 39 10
14 3 -14 -5 -35 70 0 0.00 M M 6.4 16 180 M M 3 19 180
15 1 -17 -8 -38 73 0 0.12 M M 12.6 23 320 M M 6 32 360
16 19 -17 1 -29 64 0 0.00 M M 12.1 18 230 M M 0 23 230
17 30 11 21 -10 44 0 0.00 M M 9.0 16 230 M M 1 20 250
18 44 7 26 -5 39 0 T M M 13.5 39 360 M M 3 53 350
19 20 2 11 -20 54 0 0.00 M M 8.0 15 150 M M 4 18 330
20 26 10 18 -13 47 0 0.00 M M 18.0 29 180 M M 1 36 180
21 39 12 26 -5 39 0 0.00 M M 7.3 21 180 M M 2 25 180
22 46 23 35 4 30 0 0.00 M M 6.5 14 280 M M 0 8 14 280
23 39 21 30 -1 35 0 0.00 M M 6.0 15 130 M M 4 12 19 110
24 46 20 33 2 32 0 0.00 M M 6.3 13 270 M M 3 12 15 190
25 48 22 35 4 30 0 0.00 M M 5.9 12 270 M M 1 13 280
26 49 27 38 7 27 0 0.00 M M 8.2 14 330 M M 5 18 340
27 50 23 37 6 28 0 0.00 M M 7.6 13 250 M M 0 16 330
28 58 23 41 10 24 0 0.00 M M 8.5 14 320 M M 0 21 300
29 60 30 45 14 20 0 0.00 M M 8.4 15 320 M M 0 19 320
30 61 29 45 14 20 0 0.00 M M 8.5 13 190 M M 0 15 220
31 63 29 46 15 19 0 0.00 M M 8.8 13 260 M M 0 17 170
================================================================================
SM 1105 394 1259 0 0.27 M 323.5 M 79
================================================================================
AV 35.6 12.7 10.4 FASTST M M 3 MAX(MPH)
MISC ----> 40 350 59 360
================================================================================
NOTES:
# LAST OF SEVERAL OCCURRENCES
COLUMN 17 PEAK WIND IN M.P.H.
PRELIMINARY LOCAL CLIMATOLOGICAL DATA (WS FORM: F-6) , PAGE 2
STATION: BURLINGTON CO
MONTH: JANUARY
YEAR: 2024
LATITUDE: 39 15 N
LONGITUDE: 102 17 W
[TEMPERATURE DATA] [PRECIPITATION DATA] SYMBOLS USED IN COLUMN 16
AVERAGE MONTHLY: 24.2 TOTAL FOR MONTH: 0.27 1 = FOG OR MIST
DPTR FM NORMAL: -6.2 DPTR FM NORMAL: 0.08 2 = FOG REDUCING VISIBILITY
HIGHEST: 63 ON 31 GRTST 24HR 0.12 ON 15-15 TO 1/4 MILE OR LESS
LOWEST: -17 ON 16,15 3 = THUNDER
SNOW, ICE PELLETS, HAIL 4 = ICE PELLETS
TOTAL MONTH: M 5 = HAIL
GRTST 24HR M ON M 6 = FREEZING RAIN OR DRIZZLE
GRTST DEPTH: M ON M 7 = DUSTSTORM OR SANDSTORM:
VSBY 1/2 MILE OR LESS
8 = SMOKE OR HAZE
[NO. OF DAYS WITH] [WEATHER - DAYS WITH] 9 = BLOWING SNOW
X = TORNADO
MAX 32 OR BELOW: 12 0.01 INCH OR MORE: 5
MAX 90 OR ABOVE: 0 0.10 INCH OR MORE: 1
MIN 32 OR BELOW: 31 0.50 INCH OR MORE: 0
MIN 0 OR BELOW: 5 1.00 INCH OR MORE: 0
[HDD (BASE 65) ]
TOTAL THIS MO. 1259 CLEAR (SCALE 0-3) 19
DPTR FM NORMAL 186 PTCLDY (SCALE 4-7) 9
TOTAL FM JUL 1 3350 CLOUDY (SCALE 8-10) 3
DPTR FM NORMAL -97
[CDD (BASE 65) ]
TOTAL THIS MO. 0
DPTR FM NORMAL 0 [PRESSURE DATA]
TOTAL FM JAN 1 0 HIGHEST SLP 30.64 ON 19
DPTR FM NORMAL 0 LOWEST SLP 29.43 ON 11
[REMARKS]
#FINAL-01-24#
CO-OP DATA AND SURROUNDING COCORAHS SITES WERE USED FOR PRECIPITATION ON THE 8TH,13TH,15TH DUE TO ASOS STRUGGLING WITH BLOWING SNOW. THE TRACE THAT THE ASOS REPORTED WAS NOT REPRESENTATIVE ON THE NUMEROUS INCHES OF SNOW THAT FELL.