000
CXUS53 KGLD 010921
CLMITR
CLIMATE REPORT
NATIONAL WEATHER SERVICE
321 AM MDT SAT APR 01 2023
...................................
...THE BURLINGTON CO CLIMATE SUMMARY FOR THE MONTH OF MARCH 2023...
CLIMATE NORMAL PERIOD: 1991 TO 2020
CLIMATE RECORD PERIOD: 1896 TO 2023
WEATHER OBSERVED NORMAL DEPART LAST YEAR`S
VALUE DATE(S) VALUE FROM VALUE DATE(S)
NORMAL
................................................................
TEMPERATURE (F)
RECORD
HIGH 93 03/19/1921
LOW -22 03/03/1960
HIGHEST 77 03/30 78 -1 79 03/28
LOWEST 11 03/18 10 1 -1 03/11
03/19
AVG. MAXIMUM 50.0 56.0 -6.0 53.6
AVG. MINIMUM 22.0 26.2 -4.2 23.0
MEAN 36.0 41.1 -5.1 38.3
DAYS MAX >= 90 0 0.0 0.0 0
DAYS MAX <= 32 2 1.8 0.2 5
DAYS MIN <= 32 30 23.9 6.1 28
DAYS MIN <= 0 0 0.6 -0.6 1
PRECIPITATION (INCHES)
RECORD
MAXIMUM 4.90 1981
MINIMUM 0.00 1997
TOTALS 0.24 0.75 -0.51 1.19
DAILY AVG. 0.01 0.02 -0.01 0.04
DAYS >= .01 3 4.6 -1.6 6
DAYS >= .10 1 1.7 -0.7 3
DAYS >= .50 0 0.4 -0.4 1
DAYS >= 1.00 0 0.1 -0.1 0
GREATEST
24 HR. TOTAL 0.22 03/25 TO 03/25 0.53
STORM TOTAL 0.22
(MM/DD(HH))
................................................................
- INDICATES NEGATIVE NUMBERS.
R INDICATES RECORD WAS SET OR TIED.
MM INDICATES DATA IS MISSING.
T INDICATES TRACE AMOUNT.
$$