000
CXUS53 KIWX 012111
CF6IWX
PRELIMINARY LOCAL CLIMATOLOGICAL DATA (WS FORM: F-6)
STATION: NORTH WEBSTER WFO
MONTH: JANUARY
YEAR: 2021
LATITUDE: 41 21 N
LONGITUDE: 85 42 W
TEMPERATURE IN F: :PCPN: SNOW: WIND :SUNSHINE: SKY :PK WND
================================================================================
1 2 3 4 5 6A 6B 7 8 9 10 11 12 13 14 15 16 17 18
12Z AVG MX 2MIN
DY MAX MIN AVG DEP HDD CDD WTR SNW DPTH SPD SPD DIR MIN PSBL S-S WX SPD DR
================================================================================
1 32 30 31 7 34 0 0.53 0.1 T M M M M M M 46 M M
2 32 30 31 7 34 0 0.01 T T M M M M M M 16 M M
3 33 30 32 8 33 0 0.29 5.7 5 M M M M M M 1 M M
4 32 26 29 5 36 0 T 0.0 4 M M M M M M 16 M M
5 32 29 31 7 34 0 T 0.0 3 M M M M M M 16 M M
6 35 29 32 8 33 0 0.00 0.0 2 M M M M M M M M
7 35 29 32 8 33 0 T T T M M M M M M 4 M M
8 31 21 26 2 39 0 T T T M M M M M M M M
9 33 19 26 2 39 0 0.00 0.0 T M M M M M M M M
10 28 16 22 -2 43 0 T T T M M M M M M M M
11 25 21 23 -1 42 0 T T T M M M M M M M M
12 33 24 29 6 36 0 0.00 0.0 T M M M M M M 18 M M
13 40 29 35 12 30 0 0.00 0.0 T M M M M M M M M
14 43 32 38 15 27 0 0.01 0.0 0 M M M M M M M M
15 39 27 33 10 32 0 0.01 0.2 0 M M M M M M M M
16 33 22 28 5 37 0 0.01 0.1 T M M M M M M M M
17 32 27 30 7 35 0 0.02 0.4 T M M M M M M M M
18 31 25 28 5 37 0 0.01 0.3 T M M M M M M 1 M M
19 30 18 24 1 41 0 0.04 0.9 T M M M M M M M M
20 29 19 24 1 41 0 0.09 1.7 3 M M M M M M M M
21 42 29 36 13 29 0 0.00 0.0 1 M M M M M M M M
22 31 17 24 1 41 0 T T 0 M M M M M M M M
23 30 10 20 -4 45 0 T T T M M M M M M M M
24 30 24 27 3 38 0 T 0.1 T M M M M M M M M
25 30 25 28 4 37 0 0.03 0.2 T M M M M M M 6 M M
26 30 25 28 4 37 0 0.13 0.6 T M M M M M M 16 M M
27 25 17 21 -3 44 0 0.00 0.0 1 M M M M M M M M
28 28 13 21 -3 44 0 T T 1 M M M M M M M M
29 33 14 24 0 41 0 0.00 0.0 1 M M M M M M M M
30 31 22 27 3 38 0 0.18 1.5 T M M M M M M 9 M M
31 31 25 28 4 37 0 0.33 4.5 4 M M M M M M M M
================================================================================
SM 999 724 1147 0 1.69 16.3 M M M
================================================================================
AV 32.2 23.4 M FASTST M M M MAX(MPH)
MISC ----> M M M M
================================================================================
NOTES:
# LAST OF SEVERAL OCCURRENCES
COLUMN 17 PEAK WIND IN M.P.H.
PRELIMINARY LOCAL CLIMATOLOGICAL DATA (WS FORM: F-6) , PAGE 2
STATION: NORTH WEBSTER WFO
MONTH: JANUARY
YEAR: 2021
LATITUDE: 41 21 N
LONGITUDE: 85 42 W
[TEMPERATURE DATA] [PRECIPITATION DATA] SYMBOLS USED IN COLUMN 16
AVERAGE MONTHLY: 27.8 TOTAL FOR MONTH: 1.69 1 = FOG OR MIST
DPTR FM NORMAL: 4.1 DPTR FM NORMAL: -0.57 2 = FOG REDUCING VISIBILITY
HIGHEST: 43 ON 14 GRTST 24HR 0.67 ON 1- 2 TO 1/4 MILE OR LESS
LOWEST: 10 ON 23 3 = THUNDER
SNOW, ICE PELLETS, HAIL 4 = ICE PELLETS
TOTAL MONTH: 16.3 INCHES 5 = HAIL
GRTST 24HR 5.7 ON 3- 3 6 = FREEZING RAIN OR DRIZZLE
GRTST DEPTH: 5 ON 3 7 = DUSTSTORM OR SANDSTORM:
VSBY 1/2 MILE OR LESS
8 = SMOKE OR HAZE
[NO. OF DAYS WITH] [WEATHER - DAYS WITH] 9 = BLOWING SNOW
X = TORNADO
MAX 32 OR BELOW: 20 0.01 INCH OR MORE: 14
MAX 90 OR ABOVE: 0 0.10 INCH OR MORE: 5
MIN 32 OR BELOW: 31 0.50 INCH OR MORE: 1
MIN 0 OR BELOW: 0 1.00 INCH OR MORE: 0
[HDD (BASE 65) ]
TOTAL THIS MO. 1147 CLEAR (SCALE 0-3) 0
DPTR FM NORMAL -133 PTCLDY (SCALE 4-7) 0
TOTAL FM JUL 1 3239 CLOUDY (SCALE 8-10) 31
DPTR FM NORMAL -364
[CDD (BASE 65) ]
TOTAL THIS MO. 0
DPTR FM NORMAL 0 [PRESSURE DATA]
TOTAL FM JAN 1 0 HIGHEST SLP M ON M
DPTR FM NORMAL 0 LOWEST SLP M ON M
[REMARKS]
#FINAL-01-21#