000
CXUS54 KJAN 011510
CF6JAN
PRELIMINARY LOCAL CLIMATOLOGICAL DATA (WS FORM: F-6)
STATION: JACKSON
MONTH: NOVEMBER
YEAR: 2023
LATITUDE: 32 19 N
LONGITUDE: 90 5 W
TEMPERATURE IN F: :PCPN: SNOW: WIND :SUNSHINE: SKY :PK WND
================================================================================
1 2 3 4 5 6A 6B 7 8 9 10 11 12 13 14 15 16 17 18
12Z AVG MX 2MIN
DY MAX MIN AVG DEP HDD CDD WTR SNW DPTH SPD SPD DIR MIN PSBL S-S WX SPD DR
================================================================================
1 57 31 44 -16 21 0 0.00 0.0 0 8.9 22 10 M M 0 32 10
2 66 27 47 -13 18 0 0.00 0.0 0 3.9 13 120 M M 0 18 140
3 75 33 54 -5 11 0 0.00 0.0 0 2.6 10 170 M M 0 15 160
4 79 42 61 2 4 0 0.00 0.0 0 1.4 8 350 M M 0 13 10
5 80 43 62 4 3 0 0.00 0.0 0 1.6 12 10 M M 0 15 360
6 84 47 66 8 0 1 0.00 0.0 0 4.5 14 240 M M 2 20 210
7 85 55 70 12 0 5 0.00 0.0 0 7.5 15 200 M M 1 21 190
8 87 60 74 17 0 9 0.00 0.0 0 9.3 18 200 M M 1 12 29 180
9 82 61 72 15 0 7 0.00 0.0 0 4.9 10 350 M M 5 1 14 270
10 67 57 62 5 3 0 0.33 0.0 0 8.9 15 30 M M 9 1 21 30
11 61 54 58 2 7 0 0.21 0.0 0 7.1 14 50 M M 10 1 20 60
12 67 57 62 6 3 0 0.00 0.0 0 4.6 12 350 M M 9 16 20
13 65 55 60 4 5 0 0.00 0.0 0 4.4 12 40 M M 5 1 16 30
14 66 55 61 5 4 0 0.48 0.0 0 6.1 13 80 M M 8 1 19 70
15 63 54 59 4 6 0 0.21 0.0 0 7.2 17 90 M M 10 1 25 110
16 71 58 65 10 0 0 T 0.0 0 5.9 14 130 M M 10 1 19 110
17 75 62 69 14 0 4 T 0.0 0 4.3 10 20 M M 10 1 15 210
18 73 44 59 5 6 0 0.00 0.0 0 7.7 17 350 M M 5 24 350
19 71 37 54 0 11 0 0.00 0.0 0 1.1 7 150 M M 0 10 150
20 82 50 66 12 0 1 0.64 0.0 0 10.4 24 160 M M 6 13 37 150
21 64 49 57 3 8 0 0.01 0.0 0 8.2 17 330 M M 10 1 24 320
22 58 40 49 -5 16 0 0.00 0.0 0 6.1 16 350 M M 5 20 360
23 53 35 44 -9 21 0 T 0.0 0 1.4 8 60 M M 6 1 9 60
24 62 42 52 -1 13 0 0.01 0.0 0 2.4 10 10 M M 7 1 14 340
25 67 36 52 -1 13 0 0.00 0.0 0 1.1 8 30 M M 2 12 12 20
26 62 40 51 -2 14 0 0.09 0.0 0 7.1 22 340 M M 7 1 31 340
27 53 33 43 -9 22 0 0.00 0.0 0 6.6 16 20 M M 1 21 360
28 60 34 47 -5 18 0 0.00 0.0 M 3.5 14 340 M M 0 20 350
29 63 29 46 -6 19 0 0.00 0.0 M 3.5 10 150 M M 2 1 15 210
30 64 37 51 -1 14 0 0.10 0.0 M 10.0 21 150 M M 6 1 30 150
================================================================================
SM 2062 1357 260 27 2.08 0.0 162.2 M 137
================================================================================
AV 68.7 45.2 5.4 FASTST M M 5 MAX(MPH)
MISC ----> 24 160 37 150
================================================================================
NOTES:
# LAST OF SEVERAL OCCURRENCES
COLUMN 17 PEAK WIND IN M.P.H.
PRELIMINARY LOCAL CLIMATOLOGICAL DATA (WS FORM: F-6) , PAGE 2
STATION: JACKSON
MONTH: NOVEMBER
YEAR: 2023
LATITUDE: 32 19 N
LONGITUDE: 90 5 W
[TEMPERATURE DATA] [PRECIPITATION DATA] SYMBOLS USED IN COLUMN 16
AVERAGE MONTHLY: 57.0 TOTAL FOR MONTH: 2.08 1 = FOG OR MIST
DPTR FM NORMAL: 1.6 DPTR FM NORMAL: -2.32 2 = FOG REDUCING VISIBILITY
HIGHEST: 87 ON 8 GRTST 24HR 0.69 ON 14-15 TO 1/4 MILE OR LESS
LOWEST: 27 ON 2 3 = THUNDER
SNOW, ICE PELLETS, HAIL 4 = ICE PELLETS
TOTAL MONTH: 0.0 INCH 5 = HAIL
GRTST 24HR 0.0 6 = FREEZING RAIN OR DRIZZLE
GRTST DEPTH: 0 7 = DUSTSTORM OR SANDSTORM:
VSBY 1/2 MILE OR LESS
8 = SMOKE OR HAZE
[NO. OF DAYS WITH] [WEATHER - DAYS WITH] 9 = BLOWING SNOW
X = TORNADO
MAX 32 OR BELOW: 0 0.01 INCH OR MORE: 9
MAX 90 OR ABOVE: 0 0.10 INCH OR MORE: 6
MIN 32 OR BELOW: 3 0.50 INCH OR MORE: 1
MIN 0 OR BELOW: 0 1.00 INCH OR MORE: 0
[HDD (BASE 65) ]
TOTAL THIS MO. 260 CLEAR (SCALE 0-3) 13
DPTR FM NORMAL -48 PTCLDY (SCALE 4-7) 10
TOTAL FM JUL 1 315 CLOUDY (SCALE 8-10) 7
DPTR FM NORMAL -82
[CDD (BASE 65) ]
TOTAL THIS MO. 27
DPTR FM NORMAL 7 [PRESSURE DATA]
TOTAL FM JAN 1 3046 HIGHEST SLP 30.47 ON 1
DPTR FM NORMAL 652 LOWEST SLP 29.68 ON 20
[REMARKS]
#FINAL-11-23#