000
CXUS54 KMEG 101250
CF6JBR
PRELIMINARY LOCAL CLIMATOLOGICAL DATA (WS FORM: F-6)
STATION: JONESBORO
MONTH: MAY
YEAR: 2021
LATITUDE: 35 49 N
LONGITUDE: 90 39 W
TEMPERATURE IN F: :PCPN: SNOW: WIND :SUNSHINE: SKY :PK WND
================================================================================
1 2 3 4 5 6A 6B 7 8 9 10 11 12 13 14 15 16 17 18
12Z AVG MX 2MIN
DY MAX MIN AVG DEP HDD CDD WTR SNW DPTH SPD SPD DIR MIN PSBL S-S WX SPD DR
================================================================================
1 81 51 66 0 0 1 0.00 M M 4.1 15 170 M M 0 31 180
2 71 64 68 2 0 3 T M M 7.5 18 160 M M 9 1 24 180
3 83 63 73 7 0 8 T M M 6.0 21 200 M M 7 1 26 190
4 77 55 66 0 0 1 0.90 M M 8.8 44 280 M M 7 1238 61 280
5 70 50 60 -7 5 0 0.00 M M 6.1 14 310 M M 1 20 10
6 74 50 62 -5 3 0 0.14 M M 7.6 26 360 M M 0 3 43 340
7 71 45 58 -9 7 0 0.02 M M 6.7 16 240 M M 2 21 240
8 80 58 69 1 0 4 0.22 M M 8.9 22 170 M M 5 18 25 180
9 76 52 64 -4 1 0 0.46 M M 13.9 29 210 M M 8 13 37 210
10 63 50 57 -11 8 0 0.00 M M 7.7 15 50 M M 9 19 90
11 68 50 59 -10 6 0 0.21 M M 9.6 20 70 M M 8 1 25 60
12 67 52 60 -9 5 0 0.00 M M 12.8 21 40 M M 5 29 40
13 70 49 60 -9 5 0 0.00 M M 7.0 16 70 M M 0 21 50
14 73 45 59 -11 6 0 0.00 M M 2.7 12 50 M M 0 18 40
15 78 46 62 -8 3 0 0.03 M M 6.4 16 180 M M 2 1 23 160
16 82 59 71 1 0 6 0.00 M M 7.2 20 190 M M 3 22 190
17 75 64 70 -1 0 5 0.29 M M 9.7 26 160 M M 8 1 32 160
18 75 66 71 0 0 6 0.28 M M 11.9 23 160 M M 10 1 30 160
19 80 66 73 2 0 8 T M M 9.2 14 150 M M 9 35 150
20 86 67 77 5 0 12 0.00 M M 12.4 24 140 M M 5 31 120
21 86 64 75 3 0 10 0.00 M M 7.9 20 170 M M 4 26 180
22 88 60 74 2 0 9 0.00 M M 3.5 12 140 M M 1 16 150
23 86 60 73 0 0 8 0.00 M M 2.6 10 200 M M 0 18 21 130
24 88 62 75 2 0 10 0.00 M M 3.7 13 260 M M 1 17 220
25 90 69 80 7 0 15 0.00 M M 7.9 21 210 M M 3 26 200
26 88 69 79 5 0 14 0.02 M M 6.1 17 220 M M 5 1 23 230
27 92 68 80 6 0 15 1.72 M M 7.7 22 330 M M 3 138 29 330
28 80 58 69 -5 0 4 0.34 M M 9.7 18 360 M M 6 1 26 10
29 63 52 58 -17 7 0 0.00 M M 7.3 15 360 M M 10 21 360
30 74 50 62 -13 3 0 0.00 M M 5.2 15 70 M M 2 20 70
31 78 49 64 -11 1 0 0.00 M M 3.5 13 160 M M 0 17 170
================================================================================
SM 2413 1763 60 139 4.63 M 231.3 M 133
================================================================================
AV 77.8 56.9 7.5 FASTST M M 4 MAX(MPH)
MISC ----> 44 280 61 280
================================================================================
NOTES:
# LAST OF SEVERAL OCCURRENCES
COLUMN 17 PEAK WIND IN M.P.H.
PRELIMINARY LOCAL CLIMATOLOGICAL DATA (WS FORM: F-6) , PAGE 2
STATION: JONESBORO
MONTH: MAY
YEAR: 2021
LATITUDE: 35 49 N
LONGITUDE: 90 39 W
[TEMPERATURE DATA] [PRECIPITATION DATA] SYMBOLS USED IN COLUMN 16
AVERAGE MONTHLY: 67.4 TOTAL FOR MONTH: 4.63 1 = FOG OR MIST
DPTR FM NORMAL: -3.0 DPTR FM NORMAL: -0.58 2 = FOG REDUCING VISIBILITY
HIGHEST: 92 ON 27 GRTST 24HR 2.05 ON 27-28 TO 1/4 MILE OR LESS
LOWEST: 45 ON 14, 7 3 = THUNDER
SNOW, ICE PELLETS, HAIL 4 = ICE PELLETS
TOTAL MONTH: M 5 = HAIL
GRTST 24HR M ON M 6 = FREEZING RAIN OR DRIZZLE
GRTST DEPTH: M ON M 7 = DUSTSTORM OR SANDSTORM:
VSBY 1/2 MILE OR LESS
8 = SMOKE OR HAZE
[NO. OF DAYS WITH] [WEATHER - DAYS WITH] 9 = BLOWING SNOW
X = TORNADO
MAX 32 OR BELOW: 0 0.01 INCH OR MORE: 12
MAX 90 OR ABOVE: 2 0.10 INCH OR MORE: 9
MIN 32 OR BELOW: 0 0.50 INCH OR MORE: 2
MIN 0 OR BELOW: 0 1.00 INCH OR MORE: 1
[HDD (BASE 65) ]
TOTAL THIS MO. 60 CLEAR (SCALE 0-3) 13
DPTR FM NORMAL 27 PTCLDY (SCALE 4-7) 11
TOTAL FM JUL 1 3519 CLOUDY (SCALE 8-10) 7
DPTR FM NORMAL 71
[CDD (BASE 65) ]
TOTAL THIS MO. 139
DPTR FM NORMAL -59 [PRESSURE DATA]
TOTAL FM JAN 1 168 HIGHEST SLP 30.37 ON 22
DPTR FM NORMAL -89 LOWEST SLP 29.56 ON 3
[REMARKS]
#FINAL-05-21#