000
CXUS54 KSJT 011100
CF6JCT
PRELIMINARY LOCAL CLIMATOLOGICAL DATA (WS FORM: F-6)
STATION: JUNCTION
MONTH: APRIL
YEAR: 2020
LATITUDE: 30 18 N
LONGITUDE: 99 28 W
TEMPERATURE IN F: :PCPN: SNOW: WIND :SUNSHINE: SKY :PK WND
================================================================================
1 2 3 4 5 6A 6B 7 8 9 10 11 12 13 14 15 16 17 18
12Z AVG MX 2MIN
DY MAX MIN AVG DEP HDD CDD WTR SNW DPTH SPD SPD DIR MIN PSBL S-S WX SPD DR
================================================================================
1 79 55 67 4 0 2 0.00 0.0 0 8.6 18 170 M M 0 25 170
2 70 63 67 4 0 2 0.00 0.0 0 6.9 13 160 M M 7 1 20 180
3 75 45 60 -3 5 0 0.26 M 0 6.2 29 10 M M 9 13 35 10
4 51 44 48 -16 17 0 0.31 0.0 0 5.4 15 60 M M 10 13 19 60
5 66 50 58 -6 7 0 0.00 0.0 0 6.8 15 110 M M 10 12 19 110
6 71 60 66 2 0 1 0.01 0.0 0 4.4 14 170 M M 8 1 17 160
7 87 66 77 13 0 12 0.00 0.0 0 5.5 15 220 M M 4 20 210
8 92 65 79 15 0 14 0.08 0.0 0 2.7 13 270 M M 2 18 17 270
9 87 61 74 9 0 9 T 0.0 0 5.9 20 30 M M 1 3 25 30
10 76 59 68 3 0 3 0.00 0.0 0 8.6 16 70 M M 5 8 20 90
11 79 63 71 6 0 6 0.15 0.0 0 9.9 20 170 M M 7 13 27 170
12 80 52 66 1 0 1 0.64 0.0 0 11.6 28 240 M M 1 123 40 230
13 63 39 51 -15 14 0 0.00 0.0 0 10.7 20 40 M M 0 27 10
14 62 39 51 -15 14 0 0.00 0.0 0 8.8 16 10 M M 3 20 50
15 72 35 54 -12 11 0 0.00 0.0 0 5.0 14 170 M M 0 8 19 170
16 76 48 62 -4 3 0 0.00 0.0 0 7.9 21 160 M M 1 28 170
17 67 51 59 -7 6 0 T 0.0 0 7.3 21 350 M M 8 1 25 360
18 75 49 62 -5 3 0 T 0.0 0 7.2 12 170 M M 9 1 15 180
19 89 49 69 2 0 4 0.03 0.0 0 6.8 25 320 M M 4 1 37 310
20 91 42 67 0 0 2 0.00 0.0 0 4.4 14 210 M M 0 22 230
21 79 52 66 -1 0 1 0.00 0.0 0 6.6 17 170 M M 4 18 23 180
22 89 54 72 4 0 7 0.03 0.0 0 4.7 20 160 M M 4 1 24 160
23 89 48 69 1 0 4 0.00 0.0 0 2.8 12 160 M M 0 16 150
24 97 61 79 11 0 14 0.00 0.0 0 9.2 23 200 M M 0 29 350
25 80 53 67 -1 0 2 0.00 0.0 0 9.0 20 50 M M 2 24 50
26 86 45 66 -3 0 1 0.00 0.0 0 6.6 20 170 M M 0 27 140
27 88 61 75 6 0 10 0.00 0.0 M 10.5 25 180 M M 0 32 190
28 94 62 78 9 0 13 0.00 0.0 0 7.2 17 190 M M 0 23 200
29 85 53 69 0 0 4 0.00 0.0 0 11.7 30 60 M M 1 40 50
30 90 43 67 -3 0 2 0.00 0.0 0 5.3 15 160 M M 0 19 170
================================================================================
SM 2385 1567 80 114 1.51 0.0 214.2 M 100
================================================================================
AV 79.5 52.2 7.1 FASTST M M 3 MAX(MPH)
MISC ----> # 30 60 # 40 230
================================================================================
NOTES:
# LAST OF SEVERAL OCCURRENCES
COLUMN 17 PEAK WIND IN M.P.H.
PRELIMINARY LOCAL CLIMATOLOGICAL DATA (WS FORM: F-6) , PAGE 2
STATION: JUNCTION
MONTH: APRIL
YEAR: 2020
LATITUDE: 30 18 N
LONGITUDE: 99 28 W
[TEMPERATURE DATA] [PRECIPITATION DATA] SYMBOLS USED IN COLUMN 16
AVERAGE MONTHLY: 65.9 TOTAL FOR MONTH: 1.51 1 = FOG OR MIST
DPTR FM NORMAL: -0.3 DPTR FM NORMAL: -0.61 2 = FOG REDUCING VISIBILITY
HIGHEST: 97 ON 24 GRTST 24HR 0.64 ON 12-12 TO 1/4 MILE OR LESS
LOWEST: 35 ON 15 3 = THUNDER
SNOW, ICE PELLETS, HAIL 4 = ICE PELLETS
TOTAL MONTH: 0.0 INCH 5 = HAIL
GRTST 24HR 0.0 6 = FREEZING RAIN OR DRIZZLE
GRTST DEPTH: 0 7 = DUSTSTORM OR SANDSTORM:
VSBY 1/2 MILE OR LESS
8 = SMOKE OR HAZE
[NO. OF DAYS WITH] [WEATHER - DAYS WITH] 9 = BLOWING SNOW
X = TORNADO
MAX 32 OR BELOW: 0 0.01 INCH OR MORE: 8
MAX 90 OR ABOVE: 5 0.10 INCH OR MORE: 4
MIN 32 OR BELOW: 0 0.50 INCH OR MORE: 1
MIN 0 OR BELOW: 0 1.00 INCH OR MORE: 0
[HDD (BASE 65) ]
TOTAL THIS MO. 80 CLEAR (SCALE 0-3) 17
DPTR FM NORMAL 6 PTCLDY (SCALE 4-7) 8
TOTAL FM JUL 1 1854 CLOUDY (SCALE 8-10) 5
DPTR FM NORMAL -355
[CDD (BASE 65) ]
TOTAL THIS MO. 114
DPTR FM NORMAL 5 [PRESSURE DATA]
TOTAL FM JAN 1 205 HIGHEST SLP 30.32 ON 14
DPTR FM NORMAL 56 LOWEST SLP 29.42 ON 12
[REMARKS]
#FINAL-04-20#