000
CXUS51 KOKX 010910
CF6JFK
PRELIMINARY LOCAL CLIMATOLOGICAL DATA (WS FORM: F-6)
STATION: KENNEDY NY
MONTH: SEPTEMBER
YEAR: 2023
LATITUDE: 40 39 N
LONGITUDE: 73 47 W
TEMPERATURE IN F: :PCPN: SNOW: WIND :SUNSHINE: SKY :PK WND
================================================================================
1 2 3 4 5 6A 6B 7 8 9 10 11 12 13 14 15 16 17 18
12Z AVG MX 2MIN
DY MAX MIN AVG DEP HDD CDD WTR SNW DPTH SPD SPD DIR MIN PSBL S-S WX SPD DR
================================================================================
1 76 59 68 -5 0 3 0.00 0.0 0 8.3 15 50 M M 2 19 40
2 75 60 68 -4 0 3 0.00 0.0 0 11.6 21 190 M M 4 24 190
3 90 65 78 6 0 13 T 0.0 0 9.1 16 270 M M 5 23 290
4 89 70 80 8 0 15 T 0.0 0 4.6 16 210 M M 6 18 340
5 93 74 84 12 0 19 0.00 0.0 0 6.9 15 10 M M 7 19 340
6 93 74 84 12 0 19 0.00 0.0 0 5.4 15 200 M M 4 18 220
7 92 73 83 12 0 18 0.00 0.0 0 8.6 20 180 M M 4 25 180
8 86 73 80 9 0 15 0.01 0.0 0 6.7 18 320 M M 8 123 23 170
9 84 73 79 8 0 14 T 0.0 M 7.0 13 240 M M 9 1 16 240
10 80 69 75 5 0 10 1.11 0.0 0 6.5 25 280 M M 8 13 31 290
11 82 70 76 6 0 11 0.40 0.0 0 5.4 12 310 M M 8 13 14 140
12 81 69 75 5 0 10 0.00 0.0 0 7.0 14 170 M M 6 17 170
13 79 70 75 6 0 10 0.02 0.0 0 9.5 20 240 M M 7 24 160
14 80 63 72 3 0 7 0.00 0.0 0 13.0 22 360 M M 3 30 20
15 71 58 65 -4 0 0 0.00 0.0 0 15.9 24 360 M M 6 32 10
16 78 61 70 2 0 5 0.00 0.0 0 13.7 23 310 M M 6 27 300
17 73 56 65 -3 0 0 T 0.0 0 7.6 14 160 M M 5 17 310
18 71 62 67 -1 0 2 0.70 0.0 0 8.5 21 320 M M 9 1 25 320
19 76 59 68 1 0 3 0.00 0.0 0 11.9 21 310 M M 3 33 290
20 76 56 66 -1 0 1 0.00 0.0 0 8.8 17 300 M M 3 22 290
21 74 57 66 -1 0 1 0.00 0.0 0 7.2 16 20 M M 5 21 350
22 73 57 65 -1 0 0 0.00 0.0 0 13.2 24 90 M M 8 31 100
23 63 58 61 -5 4 0 0.96 0.0 0 20.1 28 50 M M 10 1 36 40
24 65 62 64 -2 1 0 0.56 0.0 0 16.4 26 70 M M 10 1 31 60
25 62 57 60 -5 5 0 0.35 0.0 0 15.3 29 50 M M 10 1 40 40
26 61 53 57 -8 8 0 0.01 0.0 0 11.5 22 60 M M 9 1 28 50
27 67 51 59 -5 6 0 0.00 0.0 0 9.8 18 50 M M 7 24 50
28 67 54 61 -3 4 0 0.62 0.0 0 9.9 17 30 M M 9 13 20 40
29 61 57 59 -5 6 0 8.05 0.0 0 14.5 25 50 M M 10 13 31 60
30 68 56 62 -1 3 0 0.22 0.0 0 12.0 18 350 M M 9 1 23 330
================================================================================
SM 2286 1876 37 179 13.01 0.0 305.9 M 200
================================================================================
AV 76.2 62.5 10.2 FASTST M M 7 MAX(MPH)
MISC ----> 29 50 40 40
================================================================================
NOTES:
# LAST OF SEVERAL OCCURRENCES
COLUMN 17 PEAK WIND IN M.P.H.
PRELIMINARY LOCAL CLIMATOLOGICAL DATA (WS FORM: F-6) , PAGE 2
STATION: KENNEDY NY
MONTH: SEPTEMBER
YEAR: 2023
LATITUDE: 40 39 N
LONGITUDE: 73 47 W
[TEMPERATURE DATA] [PRECIPITATION DATA] SYMBOLS USED IN COLUMN 16
AVERAGE MONTHLY: 69.4 TOTAL FOR MONTH: 13.01 1 = FOG OR MIST
DPTR FM NORMAL: 1.0 DPTR FM NORMAL: 9.43 2 = FOG REDUCING VISIBILITY
HIGHEST: 93 ON 6, 5 GRTST 24HR 8.65 ON 28-29 TO 1/4 MILE OR LESS
LOWEST: 51 ON 27 3 = THUNDER
SNOW, ICE PELLETS, HAIL 4 = ICE PELLETS
TOTAL MONTH: 0.0 INCH 5 = HAIL
GRTST 24HR 0.0 6 = FREEZING RAIN OR DRIZZLE
GRTST DEPTH: 0 7 = DUSTSTORM OR SANDSTORM:
VSBY 1/2 MILE OR LESS
8 = SMOKE OR HAZE
[NO. OF DAYS WITH] [WEATHER - DAYS WITH] 9 = BLOWING SNOW
X = TORNADO
MAX 32 OR BELOW: 0 0.01 INCH OR MORE: 12
MAX 90 OR ABOVE: 4 0.10 INCH OR MORE: 9
MIN 32 OR BELOW: 0 0.50 INCH OR MORE: 6
MIN 0 OR BELOW: 0 1.00 INCH OR MORE: 2
[HDD (BASE 65) ]
TOTAL THIS MO. 37 CLEAR (SCALE 0-3) 3
DPTR FM NORMAL 4 PTCLDY (SCALE 4-7) 17
TOTAL FM JUL 1 37 CLOUDY (SCALE 8-10) 10
DPTR FM NORMAL 5
[CDD (BASE 65) ]
TOTAL THIS MO. 179
DPTR FM NORMAL 44 [PRESSURE DATA]
TOTAL FM JAN 1 1035 HIGHEST SLP M ON M
DPTR FM NORMAL 34 LOWEST SLP 29.69 ON 18
[REMARKS]
#FINAL-09-23#