000
CXUS51 KOKX 190910
CF6JFK
PRELIMINARY LOCAL CLIMATOLOGICAL DATA (WS FORM: F-6)
STATION: KENNEDY NY
MONTH: APRIL
YEAR: 2024
LATITUDE: 40 39 N
LONGITUDE: 73 47 W
TEMPERATURE IN F: :PCPN: SNOW: WIND :SUNSHINE: SKY :PK WND
================================================================================
1 2 3 4 5 6A 6B 7 8 9 10 11 12 13 14 15 16 17 18
12Z AVG MX 2MIN
DY MAX MIN AVG DEP HDD CDD WTR SNW DPTH SPD SPD DIR MIN PSBL S-S WX SPD DR
================================================================================
1 53 44 49 3 16 0 0.01 0.0 0 4.5 13 330 M M 9 1 18 320
2 48 42 45 -1 20 0 1.02 0.0 0 10.0 23 80 M M 10 1 33 100
3 45 41 43 -3 22 0 1.22 0.0 0 22.8 37 70 M M 10 13 54 90
4 52 37 45 -2 20 0 0.21 0.0 0 14.1 31 10 M M 8 1 38 360
5 50 38 44 -3 21 0 T 0.0 0 15.1 24 270 M M 7 33 270
6 55 42 49 1 16 0 T 0.0 0 17.6 29 350 M M 8 38 350
7 58 41 50 2 15 0 0.00 0.0 0 13.2 23 360 M M 5 34 20
8 63 40 52 4 13 0 T 0.0 0 6.9 16 200 M M 5 20 200
9 69 45 57 8 8 0 0.00 0.0 0 7.6 18 190 M M 8 25 190
10 69 50 60 11 5 0 0.00 0.0 0 8.8 15 120 M M 9 19 130
11 59 50 55 6 10 0 0.05 0.0 0 13.8 29 150 M M 10 1 43 140
12 63 53 58 8 7 0 0.20 0.0 0 21.3 32 160 M M 8 12 53 160
13 55 47 51 1 14 0 T 0.0 0 22.4 36 270 M M 6 51 270
14 65 43 54 4 11 0 0.01 0.0 0 15.4 35 180 M M 6 44 200
15 77 52 65 14 0 0 0.00 0.0 0 10.6 23 10 M M 5 33 20
16 72 50 61 10 4 0 0.00 0.0 0 11.2 21 200 M M 3 29 320
17 57 46 52 1 13 0 0.06 0.0 0 10.6 23 90 M M 8 29 120
18 49 45 47 -5 18 0 0.12 0.0 0 12.8 25 60 M M 10 1 32 70
================================================================================
SM 1059 806 233 0 2.90 0.0 238.7 M 135
================================================================================
AV 58.8 44.8 13.3 FASTST M M 8 MAX(MPH)
MISC ----> 37 70 54 90
================================================================================
NOTES:
# LAST OF SEVERAL OCCURRENCES
COLUMN 17 PEAK WIND IN M.P.H.
PRELIMINARY LOCAL CLIMATOLOGICAL DATA (WS FORM: F-6) , PAGE 2
STATION: KENNEDY NY
MONTH: APRIL
YEAR: 2024
LATITUDE: 40 39 N
LONGITUDE: 73 47 W
[TEMPERATURE DATA] [PRECIPITATION DATA] SYMBOLS USED IN COLUMN 16
AVERAGE MONTHLY: 51.8 TOTAL FOR MONTH: 2.90 1 = FOG OR MIST
DPTR FM NORMAL: 3.0 DPTR FM NORMAL: 0.79 2 = FOG REDUCING VISIBILITY
HIGHEST: 77 ON 15 GRTST 24HR 1.40 ON 3- 4 TO 1/4 MILE OR LESS
LOWEST: 37 ON 4 3 = THUNDER
SNOW, ICE PELLETS, HAIL 4 = ICE PELLETS
TOTAL MONTH: 0.0 INCH 5 = HAIL
GRTST 24HR 0.0 6 = FREEZING RAIN OR DRIZZLE
GRTST DEPTH: 0 7 = DUSTSTORM OR SANDSTORM:
VSBY 1/2 MILE OR LESS
8 = SMOKE OR HAZE
[NO. OF DAYS WITH] [WEATHER - DAYS WITH] 9 = BLOWING SNOW
X = TORNADO
MAX 32 OR BELOW: 0 0.01 INCH OR MORE: 9
MAX 90 OR ABOVE: 0 0.10 INCH OR MORE: 5
MIN 32 OR BELOW: 0 0.50 INCH OR MORE: 2
MIN 0 OR BELOW: 0 1.00 INCH OR MORE: 2
[HDD (BASE 65) ]
TOTAL THIS MO. 233 CLEAR (SCALE 0-3) 1
DPTR FM NORMAL -59 PTCLDY (SCALE 4-7) 9
TOTAL FM JUL 1 3949 CLOUDY (SCALE 8-10) 8
DPTR FM NORMAL -595
[CDD (BASE 65) ]
TOTAL THIS MO. 0
DPTR FM NORMAL 0 [PRESSURE DATA]
TOTAL FM JAN 1 0 HIGHEST SLP M ON M
DPTR FM NORMAL 0 LOWEST SLP 29.24 ON 4
[REMARKS]