000
CXUS52 TJSJ 011437
CF6JSJ
PRELIMINARY LOCAL CLIMATOLOGICAL DATA (WS FORM: F-6)
STATION: SAN JUAN AREA/PR
MONTH: JANUARY
YEAR: 2022
LATITUDE: 18 25 N
LONGITUDE: 66 0 W
TEMPERATURE IN F: :PCPN: SNOW: WIND :SUNSHINE: SKY :PK WND
================================================================================
1 2 3 4 5 6A 6B 7 8 9 10 11 12 13 14 15 16 17 18
12Z AVG MX 2MIN
DY MAX MIN AVG DEP HDD CDD WTR SNW DPTH SPD SPD DIR MIN PSBL S-S WX SPD DR
================================================================================
1 84 72 78 0 0 13 0.01 M M 10.2 20 70 M M 4 26 70
2 84 72 78 0 0 13 0.01 M M 8.0 20 70 M M 4 24 80
3 84 74 79 1 0 14 0.27 M M 8.7 20 60 M M 5 1 24 60
4 84 73 79 1 0 14 0.15 M M 6.3 20 60 M M 4 24 70
5 84 73 79 1 0 14 0.24 M M 7.7 20 70 M M 4 1 24 70
6 83 71 77 -1 0 12 0.28 M M 7.9 21 70 M M 3 26 90
7 85 73 79 1 0 14 0.22 M M 9.0 21 70 M M 4 23 80
8 82 73 78 0 0 13 0.08 M M 10.0 21 60 M M 4 27 60
9 83 74 79 1 0 14 T M M 14.4 22 70 M M 5 28 70
10 82 71 77 -1 0 12 0.03 M M 7.5 20 70 M M 4 24 60
11 82 71 77 -1 0 12 0.43 M M 6.1 18 40 M M 5 1 24 30
12 82 70 76 -2 0 11 T M M 6.5 18 70 M M 4 25 70
13 86 71 79 1 0 14 T M M 4.5 14 170 M M 2 20 150
14 89 72 81 3 0 16 T M M 4.9 13 20 M M 3 19 10
15 83 73 78 0 0 13 0.15 M M 4.6 14 20 M M 4 21 10
16 83 71 77 0 0 12 0.00 M M 7.9 21 80 M M 4 25 90
17 87 71 79 2 0 14 0.00 M M 5.2 16 90 M M 3 19 160
18 84 70 77 0 0 12 0.01 M M 6.0 17 60 M M 3 M M
19 85 71 78 1 0 13 0.02 M M 8.5 21 60 M M 3 24 60
20 84 73 79 2 0 14 0.15 M M 8.8 23 90 M M 4 29 100
21 83 72 78 1 0 13 0.02 M M 9.8 23 80 M M 4 28 90
22 83 70 77 0 0 12 0.09 M M 8.0 20 70 M M 4 8 25 80
23 83 71 77 0 0 12 T M M 5.9 16 80 M M 4 23 40
24 85 67 76 -1 0 11 0.01 M M 4.4 20 60 M M 2 23 70
25 86 71 79 2 0 14 0.02 M M 6.3 20 80 M M 3 25 70
26 84 71 78 0 0 13 T M M 6.9 18 70 M M 2 8 23 60
27 83 73 78 0 0 13 0.04 M M 6.8 21 70 M M 4 1 25 50
28 83 71 77 -1 0 12 0.03 M M 6.7 17 60 M M 3 21 60
29 85 71 78 0 0 13 T M M 5.3 16 60 M M 3 20 30
30 84 69 77 -1 0 12 0.01 M M 6.4 21 70 M M 2 24 60
31 83 71 77 -1 0 12 0.46 M M 5.2 16 60 M M 3 1 21 120
================================================================================
SM 2602 2216 0 401 2.73 M 224.4 M 110
================================================================================
AV 83.9 71.5 7.2 FASTST M M 4 MAX(MPH)
MISC ----> # 23 90 29 100
================================================================================
NOTES:
# LAST OF SEVERAL OCCURRENCES
COLUMN 17 PEAK WIND IN M.P.H.
PRELIMINARY LOCAL CLIMATOLOGICAL DATA (WS FORM: F-6) , PAGE 2
STATION: SAN JUAN AREA/PR
MONTH: JANUARY
YEAR: 2022
LATITUDE: 18 25 N
LONGITUDE: 66 0 W
[TEMPERATURE DATA] [PRECIPITATION DATA] SYMBOLS USED IN COLUMN 16
AVERAGE MONTHLY: 77.7 TOTAL FOR MONTH: 2.73 1 = FOG OR MIST
DPTR FM NORMAL: 0.1 DPTR FM NORMAL: -1.34 2 = FOG REDUCING VISIBILITY
HIGHEST: 89 ON 14 GRTST 24HR 0.66 ON 5- 6 TO 1/4 MILE OR LESS
LOWEST: 67 ON 24 3 = THUNDER
SNOW, ICE PELLETS, HAIL 4 = ICE PELLETS
TOTAL MONTH: M 5 = HAIL
GRTST 24HR M ON M 6 = FREEZING RAIN OR DRIZZLE
GRTST DEPTH: M ON M 7 = DUSTSTORM OR SANDSTORM:
VSBY 1/2 MILE OR LESS
8 = SMOKE OR HAZE
[NO. OF DAYS WITH] [WEATHER - DAYS WITH] 9 = BLOWING SNOW
X = TORNADO
MAX 32 OR BELOW: 0 0.01 INCH OR MORE: 22
MAX 90 OR ABOVE: 0 0.10 INCH OR MORE: 9
MIN 32 OR BELOW: 0 0.50 INCH OR MORE: 0
MIN 0 OR BELOW: 0 1.00 INCH OR MORE: 0
[HDD (BASE 65) ]
TOTAL THIS MO. 0 CLEAR (SCALE 0-3) 11
DPTR FM NORMAL 0 PTCLDY (SCALE 4-7) 20
TOTAL FM JUL 1 0 CLOUDY (SCALE 8-10) 0
DPTR FM NORMAL 0
[CDD (BASE 65) ]
TOTAL THIS MO. 401
DPTR FM NORMAL 12 [PRESSURE DATA]
TOTAL FM JAN 1 401 HIGHEST SLP 30.18 ON 9
DPTR FM NORMAL 12 LOWEST SLP 29.90 ON 24
[REMARKS]
#FINAL-01-22#