000
CXUS51 KCTP 010629
CLMJST
CLIMATE REPORT
NATIONAL WEATHER SERVICE STATE COLLEGE PA
229 AM EDT WED NOV 01 2023
...................................
...THE JOHNSTOWN CLIMATE SUMMARY FOR THE MONTH OF OCTOBER 2023...
CLIMATE NORMAL PERIOD 1991 TO 2020
CLIMATE RECORD PERIOD 1892 TO 2023
WEATHER OBSERVED NORMAL DEPART LAST YEAR`S
VALUE DATE(S) VALUE FROM VALUE DATE(S)
NORMAL
................................................................
TEMPERATURE (F)
RECORD
HIGH 94 10/01/1953
LOW 19 10/20/1972
HIGHEST 78 10/03 70 10/24
10/25
LOWEST 31 10/31 32 10/19
10/20
AVG. MAXIMUM 60.2 59.4 0.8 58.0
AVG. MINIMUM 45.5 42.7 2.8 40.1
MEAN 52.9 51.1 1.8 49.0
DAYS MAX >= 90 0 0.0 0.0 0
DAYS MAX <= 32 0 0.1 -0.1 0
DAYS MIN <= 32 1 3.8 -2.8 2
DAYS MIN <= 0 0 0.0 0.0 0
PRECIPITATION (INCHES)
RECORD
MAXIMUM 8.53 1913
MINIMUM 0.11 1924
TOTALS 4.04 3.06 0.98 1.57
DAILY AVG. 0.13 0.10 0.03 0.05
DAYS >= .01 12 14.5 -2.5 9
DAYS >= .10 8 7.7 0.3 5
DAYS >= .50 4 2.1 1.9 1
DAYS >= 1.00 1 0.3 0.7 0
GREATEST
24 HR. TOTAL 1.01 10/14 TO 10/15 0.90 10/01 TO 10/02
DEGREE DAYS
HEATING TOTAL 370 439 -69 489
SINCE 7/1 521 622 -101 MM
COOLING TOTAL 2 7 -5 0
SINCE 1/1 450 480 -30 MM
................................................................
WIND (MPH)
AVERAGE WIND SPEED 7.8
HIGHEST WIND SPEED/DIRECTION 29/300 DATE 10/22
HIGHEST GUST SPEED/DIRECTION 38/290 DATE 10/22
SKY COVER
POSSIBLE SUNSHINE (PERCENT) MM
AVERAGE SKY COVER 0.56
NUMBER OF DAYS FAIR 12
NUMBER OF DAYS PC 3
NUMBER OF DAYS CLOUDY 16
AVERAGE RH (PERCENT) 74
WEATHER CONDITIONS. NUMBER OF DAYS WITH
THUNDERSTORM 0 MIXED PRECIP 0
HEAVY RAIN 5 RAIN 6
LIGHT RAIN 15 FREEZING RAIN 0
LT FREEZING RAIN 0 HAIL 0
HEAVY SNOW 0 SLEET 0
FOG 18 FOG W/VIS <= 1/4 MILE 5
HAZE 0
- INDICATES NEGATIVE NUMBERS.
R INDICATES RECORD WAS SET OR TIED.
MM INDICATES DATA IS MISSING.
T INDICATES TRACE AMOUNT.
$$