000
CXUS53 KGRR 010910
CF6JXN
PRELIMINARY LOCAL CLIMATOLOGICAL DATA (WS FORM: F-6)
STATION: JACKSON
MONTH: OCTOBER
YEAR: 2022
LATITUDE: 42 16 N
LONGITUDE: 84 28 W
TEMPERATURE IN F: :PCPN: SNOW: WIND :SUNSHINE: SKY :PK WND
================================================================================
1 2 3 4 5 6A 6B 7 8 9 10 11 12 13 14 15 16 17 18
12Z AVG MX 2MIN
DY MAX MIN AVG DEP HDD CDD WTR SNW DPTH SPD SPD DIR MIN PSBL S-S WX SPD DR
================================================================================
1 70 38 54 -3 11 0 0.00 M M 6.5 16 360 M M 0 1 26 10
2 66 42 54 -2 11 0 0.00 M M 8.9 17 30 M M 3 24 30
3 68 32 50 -6 15 0 0.00 M M 2.4 9 40 M M 0 1 16 40
4 73 33 53 -3 12 0 0.00 M M 1.7 9 270 M M 0 1 12 290
5 74 38 56 1 9 0 0.00 M M 3.1 12 240 M M 0 1 15 240
6 74 47 61 6 4 0 0.03 M M 6.9 21 330 M M 7 1 30 310
7 52 40 46 -8 19 0 0.00 M M 7.2 14 320 M M 9 23 300
8 54 28 41 -13 24 0 0.00 M M 8.3 20 220 M M 4 32 240
9 66 36 51 -3 14 0 T M M 7.9 21 210 M M 3 34 260
10 70 38 54 1 11 0 0.00 M M 2.5 12 200 M M 3 1 17 200
11 75 43 59 6 6 0 0.15 M M 9.6 23 170 M M 4 1 38 180
12 74 43 59 6 6 0 0.31 M M 12.8 32 200 M M 9 18 46 180
13 54 37 46 -6 19 0 T M M 10.7 28 210 M M 6 18 35 210
14 57 35 46 -6 19 0 0.00 M M 10.4 24 160 M M 6 37 150
15 59 38 49 -3 16 0 0.05 M M 10.2 21 200 M M 5 18 33 260
16 57 37 47 -4 18 0 T M M 7.9 17 220 M M 7 26 220
17 44 36 40 -11 25 0 0.17 M M 10.6 20 250 M M 10 18 31 250
18 41 36 39 -11 26 0 0.16 M M 12.4 21 270 M M 10 1 34 270
19 47 35 41 -9 24 0 0.06 M M 10.5 22 250 M M 10 33 230
20 49 31 40 -10 25 0 T M M 7.2 15 210 M M 6 21 210
21 70 33 52 3 13 0 0.00 M M 10.4 20 180 M M 0 29 170
22 75 48 62 13 3 0 0.00 M M 9.5 18 180 M M 0 26 180
23 76 51 64 15 1 0 0.00 M M 8.4 22 160 M M 0 32 160
24 77 53 65 17 0 0 0.00 M M 8.7 20 160 M M 0 28 170
25 73 51 62 14 3 0 0.20 M M 8.9 22 200 M M 4 1 33 200
26 60 38 49 1 16 0 0.13 M M 9.5 20 290 M M 10 18 32 280
27 54 29 42 -5 23 0 0.00 M M 4.0 10 20 M M 1 8 15 320
28 62 33 48 1 17 0 0.00 M M 3.8 9 150 M M 0 1 14 100
29 65 30 48 1 17 0 0.00 M M 2.3 8 80 M M 3 128 12 140
30 62 33 48 2 17 0 T M M 3.5 8 70 M M 3 128 11 110
31 60 50 55 9 10 0 0.35 M M 2.2 10 220 M M 10 128 14 230
================================================================================
SM 1958 1192 434 0 1.61 M 228.9 M 133
================================================================================
AV 63.2 38.5 7.4 FASTST M M 4 MAX(MPH)
MISC ----> 32 200 46 180
================================================================================
NOTES:
# LAST OF SEVERAL OCCURRENCES
COLUMN 17 PEAK WIND IN M.P.H.
PRELIMINARY LOCAL CLIMATOLOGICAL DATA (WS FORM: F-6) , PAGE 2
STATION: JACKSON
MONTH: OCTOBER
YEAR: 2022
LATITUDE: 42 16 N
LONGITUDE: 84 28 W
[TEMPERATURE DATA] [PRECIPITATION DATA] SYMBOLS USED IN COLUMN 16
AVERAGE MONTHLY: 50.8 TOTAL FOR MONTH: 1.61 1 = FOG OR MIST
DPTR FM NORMAL: -0.4 DPTR FM NORMAL: -1.31 2 = FOG REDUCING VISIBILITY
HIGHEST: 77 ON 24 GRTST 24HR 0.42 ON 11-12 TO 1/4 MILE OR LESS
LOWEST: 28 ON 8 3 = THUNDER
SNOW, ICE PELLETS, HAIL 4 = ICE PELLETS
TOTAL MONTH: M 5 = HAIL
GRTST 24HR M ON M 6 = FREEZING RAIN OR DRIZZLE
GRTST DEPTH: M ON M 7 = DUSTSTORM OR SANDSTORM:
VSBY 1/2 MILE OR LESS
8 = SMOKE OR HAZE
[NO. OF DAYS WITH] [WEATHER - DAYS WITH] 9 = BLOWING SNOW
X = TORNADO
MAX 32 OR BELOW: 0 0.01 INCH OR MORE: 10
MAX 90 OR ABOVE: 0 0.10 INCH OR MORE: 7
MIN 32 OR BELOW: 5 0.50 INCH OR MORE: 0
MIN 0 OR BELOW: 0 1.00 INCH OR MORE: 0
[HDD (BASE 65) ]
TOTAL THIS MO. 434 CLEAR (SCALE 0-3) 13
DPTR FM NORMAL 0 PTCLDY (SCALE 4-7) 11
TOTAL FM JUL 1 562 CLOUDY (SCALE 8-10) 7
DPTR FM NORMAL -33
[CDD (BASE 65) ]
TOTAL THIS MO. 0
DPTR FM NORMAL -7 [PRESSURE DATA]
TOTAL FM JAN 1 668 HIGHEST SLP 30.48 ON 28
DPTR FM NORMAL 34 LOWEST SLP 29.56 ON 26
[REMARKS]
#FINAL-10-22#