000
CXUS53 KGID 010844 RRA
CF6JYR
PRELIMINARY LOCAL CLIMATOLOGICAL DATA (WS FORM: F-6)
STATION: YORK NE
MONTH: NOVEMBER
YEAR: 2021
LATITUDE: 40 54 N
LONGITUDE: 97 37 W
TEMPERATURE IN F: :PCPN: SNOW: WIND :SUNSHINE: SKY :PK WND
================================================================================
1 2 3 4 5 6A 6B 7 8 9 10 11 12 13 14 15 16 17 18
12Z AVG MX 2MIN
DY MAX MIN AVG DEP HDD CDD WTR SNW DPTH SPD SPD DIR MIN PSBL S-S WX SPD DR
================================================================================
1 43 34 39 M 26 0 0.04 M M 2.5 7 240 M M 9 1 12 340
2 48 28 38 M 27 0 0.00 M M 3.5 8 230 M M 8 12 M M
3 46 36 41 M 24 0 0.00 M M 7.6 13 220 M M 8 17 220
4 50 34 42 M 23 0 0.00 M M 9.7 15 190 M M 5 12 20 190
5 64 41 53 M 12 0 0.00 M M 15.2 24 200 M M 3 1 32 200
6 70 37 54 M 11 0 0.00 M M 9.8 16 180 M M 0 1 20 180
7 66 43 55 M 10 0 0.00 M M 9.7 14 210 M M 0 18 160
8 61 43 52 M 13 0 0.00 M M 14.0 23 30 M M 2 8 33 20
9 59 36 48 M 17 0 0.00 M M 9.7 15 50 M M 2 18 20
10 55 39 47 M 18 0 0.12 M M 9.7 20 330 M M 8 1 29 330
11 52 34 43 M 22 0 0.00 M M 17.9 27 290 M M 4 36 290
12 37 21 29 M 36 0 T M M 22.8 35 310 M M 7 1 43 310
13 45 19 32 M 33 0 0.09 M M 8.6 14 200 M M 3 1 24 0
14 52 34 43 M 22 0 0.00 M M 9.1 16 310 M M 5 24 310
15 72 37 55 M 10 0 0.00 M M 8.0 14 310 M M 0 M M
16 72 41 57 M 8 0 0.00 M M 10.2 18 190 M M 0 21 20
17 48 25 37 M 28 0 0.00 M M 14.7 25 320 M M 1 33 320
18 43 18 31 M 34 0 0.00 M M 9.8 17 300 M M 0 22 310
19 50 30 40 M 25 0 0.00 M M 13.3 24 180 M M 0 32 180
20 57 27 42 M 23 0 0.00 M M 6.5 13 90 M M 3 M M
21 50 27 39 M 26 0 0.00 M M 10.5 22 360 M M 3 30 340
22 52 27 40 M 25 0 0.00 M M 7.1 14 190 M M 3 8 M M
23 68 32 50 M 15 0 0.00 M M 13.1 24 180 M M 0 29 180
24 50 32 41 M 24 0 0.00 M M 13.9 24 340 M M 3 37 340
25 36 30 33 M 32 0 0.00 M M 10.1 18 320 M M 5 27 320
26 68 25 47 M 18 0 0.00 M M 9.7 14 260 M M 0 18 240
27 63 30 47 M 18 0 0.00 M M 13.2 29 310 M M 1 37 310
28 54 21 38 M 27 0 0.00 M M 8.4 17 190 M M 0 20 210
29 72 32 52 M 13 0 0.00 M M 10.8 17 310 M M 0 21 310
30 59 36 48 M 17 0 0.00 M M 4.6 9 170 M M 2 12 180
================================================================================
SM 1662 949 637 0 0.25 M 313.7 M 85
================================================================================
AV 55.4 31.6 10.5 FASTST M M 3 MAX(MPH)
MISC ----> 35 310 M M
================================================================================
NOTES:
# LAST OF SEVERAL OCCURRENCES
COLUMN 17 PEAK WIND IN M.P.H.
PRELIMINARY LOCAL CLIMATOLOGICAL DATA (WS FORM: F-6) , PAGE 2
STATION: YORK NE
MONTH: NOVEMBER
YEAR: 2021
LATITUDE: 40 54 N
LONGITUDE: 97 37 W
[TEMPERATURE DATA] [PRECIPITATION DATA] SYMBOLS USED IN COLUMN 16
AVERAGE MONTHLY: 43.5 TOTAL FOR MONTH: 0.25 1 = FOG OR MIST
DPTR FM NORMAL: M DPTR FM NORMAL: M 2 = FOG REDUCING VISIBILITY
HIGHEST: 72 ON 29,16 GRTST 24HR 0.12 ON 10-10 TO 1/4 MILE OR LESS
LOWEST: 18 ON 18 3 = THUNDER
SNOW, ICE PELLETS, HAIL 4 = ICE PELLETS
TOTAL MONTH: M 5 = HAIL
GRTST 24HR M ON M 6 = FREEZING RAIN OR DRIZZLE
GRTST DEPTH: M ON M 7 = DUSTSTORM OR SANDSTORM:
VSBY 1/2 MILE OR LESS
8 = SMOKE OR HAZE
[NO. OF DAYS WITH] [WEATHER - DAYS WITH] 9 = BLOWING SNOW
X = TORNADO
MAX 32 OR BELOW: 0 0.01 INCH OR MORE: 3
MAX 90 OR ABOVE: 0 0.10 INCH OR MORE: 1
MIN 32 OR BELOW: 16 0.50 INCH OR MORE: 0
MIN 0 OR BELOW: 0 1.00 INCH OR MORE: 0
[HDD (BASE 65) ]
TOTAL THIS MO. 637 CLEAR (SCALE 0-3) 20
DPTR FM NORMAL M PTCLDY (SCALE 4-7) 8
TOTAL FM JUL 1 999 CLOUDY (SCALE 8-10) 2
DPTR FM NORMAL M
[CDD (BASE 65) ]
TOTAL THIS MO. 0
DPTR FM NORMAL M [PRESSURE DATA]
TOTAL FM JAN 1 1099 HIGHEST SLP M ON M
DPTR FM NORMAL M LOWEST SLP M ON M
[REMARKS]
#FINAL-11-21#