000
CXUS53 KGID 011549
CF6JYR
PRELIMINARY LOCAL CLIMATOLOGICAL DATA (WS FORM: F-6)
STATION: YORK NE
MONTH: SEPTEMBER
YEAR: 2021
LATITUDE: 40 54 N
LONGITUDE: 97 37 W
TEMPERATURE IN F: :PCPN: SNOW: WIND :SUNSHINE: SKY :PK WND
================================================================================
1 2 3 4 5 6A 6B 7 8 9 10 11 12 13 14 15 16 17 18
12Z AVG MX 2MIN
DY MAX MIN AVG DEP HDD CDD WTR SNW DPTH SPD SPD DIR MIN PSBL S-S WX SPD DR
================================================================================
1 77 63 70 M 0 5 0.00 M M 11.9 16 130 M M 5 22 130
2 73 66 70 M 0 5 0.08 M M 10.4 14 150 M M 6 1 18 M
3 73 59 66 M 0 1 0.00 M M 5.8 12 320 M M 6 20 340
4 77 59 68 M 0 3 T M M 3.4 10 10 M M 4 15 360
5 81 57 69 M 0 4 0.01 M M 6.2 13 230 M M 2 18 220
6 88 61 75 M 0 10 0.00 M M 7.6 10 180 M M 0 M M
7 79 55 67 M 0 2 0.00 M M 9.8 25 10 M M 0 33 10
8 82 54 68 M 0 3 0.00 M M 6.2 9 50 M M 1 15 310
9 81 50 66 M 0 1 0.00 M M 5.5 13 110 M M 0 15 150
10 86 57 72 M 0 7 0.00 M M 2.1 6 110 M M 1 M M
11 95 63 79 M 0 14 0.00 M M 6.6 12 200 M M 0 M M
12 77 63 70 M 0 5 T M M 8.4 17 30 M M 1 3 22 360
13 88 61 75 M 0 10 0.00 M M 6.1 13 10 M M 3 12 M M
14 75 57 66 M 0 1 0.00 M M 6.5 12 20 M M 3 1 20 30
15 82 50 66 M 0 1 0.00 M M 9.0 18 160 M M 0 22 160
16 90 66 78 M 0 13 0.00 M M 15.3 23 190 M M 0 30 190
17 72 55 64 M 1 0 0.21 M M 10.3 18 30 M M 3 1 29 40
18 88 54 71 M 0 6 0.00 M M 8.5 18 180 M M 1 22 200
19 90 64 77 M 0 12 0.00 M M 15.4 22 160 M M 0 33 160
20 75 50 63 M 2 0 0.00 M M 12.9 22 310 M M 3 32 310
21 70 46 58 M 7 0 0.03 M M 6.9 12 360 M M 1 17 340
22 73 39 56 M 9 0 0.00 M M 3.9 12 130 M M 0 14 0
23 82 48 65 M 0 0 0.00 M M 9.5 15 180 M M 0 21 190
24 68 45 57 M 8 0 T M M 7.9 18 360 M M 0 30 350
25 79 41 60 M 5 0 0.00 M M 9.4 20 230 M M 0 28 230
26 90 52 71 M 0 6 0.00 M M 8.2 16 190 M M 0 18 200
27 91 50 71 M 0 6 0.00 M M 5.6 12 70 M M 0 14 99
28 90 55 73 M 0 8 0.00 M M 8.6 16 140 M M 0 21 160
29 77 63 70 M 0 5 0.00 M M 8.3 15 130 M M 2 20 150
30 70 59 65 M 0 0 0.03 M M 8.2 15 280 M M 10 1 22 280
================================================================================
SM 2419 1662 32 128 0.36 M 244.4 M 52
================================================================================
AV 80.6 55.4 8.1 FASTST M M 2 MAX(MPH)
MISC ----> 25 10 # M M
================================================================================
NOTES:
# LAST OF SEVERAL OCCURRENCES
COLUMN 17 PEAK WIND IN M.P.H.
PRELIMINARY LOCAL CLIMATOLOGICAL DATA (WS FORM: F-6) , PAGE 2
STATION: YORK NE
MONTH: SEPTEMBER
YEAR: 2021
LATITUDE: 40 54 N
LONGITUDE: 97 37 W
[TEMPERATURE DATA] [PRECIPITATION DATA] SYMBOLS USED IN COLUMN 16
AVERAGE MONTHLY: 68.0 TOTAL FOR MONTH: 0.36 1 = FOG OR MIST
DPTR FM NORMAL: M DPTR FM NORMAL: M 2 = FOG REDUCING VISIBILITY
HIGHEST: 95 ON 11 GRTST 24HR 0.21 ON 17-17 TO 1/4 MILE OR LESS
LOWEST: 39 ON 22 3 = THUNDER
SNOW, ICE PELLETS, HAIL 4 = ICE PELLETS
TOTAL MONTH: M 5 = HAIL
GRTST 24HR M ON M 6 = FREEZING RAIN OR DRIZZLE
GRTST DEPTH: M ON M 7 = DUSTSTORM OR SANDSTORM:
VSBY 1/2 MILE OR LESS
8 = SMOKE OR HAZE
[NO. OF DAYS WITH] [WEATHER - DAYS WITH] 9 = BLOWING SNOW
X = TORNADO
MAX 32 OR BELOW: 0 0.01 INCH OR MORE: 5
MAX 90 OR ABOVE: 6 0.10 INCH OR MORE: 1
MIN 32 OR BELOW: 0 0.50 INCH OR MORE: 0
MIN 0 OR BELOW: 0 1.00 INCH OR MORE: 0
[HDD (BASE 65) ]
TOTAL THIS MO. 32 CLEAR (SCALE 0-3) 23
DPTR FM NORMAL M PTCLDY (SCALE 4-7) 6
TOTAL FM JUL 1 32 CLOUDY (SCALE 8-10) 1
DPTR FM NORMAL M
[CDD (BASE 65) ]
TOTAL THIS MO. 128
DPTR FM NORMAL M [PRESSURE DATA]
TOTAL FM JAN 1 1095 HIGHEST SLP M ON M
DPTR FM NORMAL M LOWEST SLP M ON M
[REMARKS]
#FINAL-09-21#