000
CXUS53 KGID 011452
CF6JYR
PRELIMINARY LOCAL CLIMATOLOGICAL DATA (WS FORM: F-6)
STATION: YORK NE
MONTH: OCTOBER
YEAR: 2023
LATITUDE: 40 54 N
LONGITUDE: 97 37 W
TEMPERATURE IN F: :PCPN: SNOW: WIND :SUNSHINE: SKY :PK WND
================================================================================
1 2 3 4 5 6A 6B 7 8 9 10 11 12 13 14 15 16 17 18
12Z AVG MX 2MIN
DY MAX MIN AVG DEP HDD CDD WTR SNW DPTH SPD SPD DIR MIN PSBL S-S WX SPD DR
================================================================================
1 90 70 80 M 0 15 0.00 M M 13.7 23 180 M M 1 28 170
2 88 64 76 M 0 11 0.00 M M 13.5 22 170 M M 0 30 170
3 77 55 66 M 0 1 0.90 M M 12.1 20 160 M M 4 13 52 220
4 70 48 59 M 6 0 0.00 M M 7.6 13 310 M M 0 21 310
5 70 43 57 M 8 0 0.00 M M 9.6 18 320 M M 2 28 320
6 54 34 44 M 21 0 0.03 M M 11.4 20 350 M M 3 29 320
7 64 30 47 M 18 0 0.00 M M 8.3 14 220 M M 0 18 250
8 75 39 57 M 8 0 0.00 M M 9.0 14 320 M M 0 21 340
9 64 37 51 M 14 0 0.00 M M 5.2 12 30 M M 0 21 30
10 72 36 54 M 11 0 0.00 M M 6.2 12 150 M M 0 1 16 160
11 73 46 60 M 5 0 0.02 M M 10.2 17 70 M M 2 22 70
12 66 55 61 M 4 0 0.13 M M 16.0 28 140 M M 8 3 35 150
13 55 45 50 M 15 0 0.05 M M 18.3 32 310 M M 9 1 44 310
14 52 43 48 M 17 0 0.01 M M 11.4 18 360 M M 10 1 27 330
15 50 37 44 M 21 0 0.00 M M 8.3 13 330 M M 9 22 360
16 61 32 47 M 18 0 0.00 M M 6.1 9 310 M M 0 14 320
17 75 37 56 M 9 0 0.00 M M 11.3 20 190 M M 0 24 200
18 70 48 59 M 6 0 0.00 M M 12.5 29 310 M M 3 37 310
19 77 46 62 M 3 0 0.00 M M 10.6 22 300 M M 1 28 300
20 86 43 65 M 0 0 0.00 M M 7.9 15 290 M M 0 18 270
21 70 43 57 M 8 0 0.00 M M 9.2 17 10 M M 0 22 10
22 70 39 55 M 10 0 0.00 M M 11.9 22 120 M M 0 27 120
23 81 41 61 M 4 0 0.00 M M 9.7 20 180 M M 0 25 190
24 77 50 64 M 1 0 0.00 M M 15.8 25 190 M M 6 1 33 190
25 63 50 57 M 8 0 0.03 M M 8.0 16 130 M M 10 12 20 360
26 66 37 52 M 13 0 0.05 M M 9.9 22 330 M M 10 1 31 330
27 39 23 31 M 34 0 T M M 13.8 21 330 M M 4 31 330
28 30 25 28 M 37 0 T M M 16.1 24 10 M M 10 32 10
29 34 19 27 M 38 0 M M M 12.1 18 10 M M 5 1 24 360
30 45 14 30 M 35 0 0.00 M M 10.4 17 240 M M 0 25 290
31 34 18 26 M 39 0 M M M 10.2 18 320 M M 0 29 320
================================================================================
SM 1998 1247 411 27 M M 336.3 M 97
================================================================================
AV 64.5 40.2 10.8 FASTST M M 3 MAX(MPH)
MISC ----> 32 310 52 220
================================================================================
NOTES:
# LAST OF SEVERAL OCCURRENCES
COLUMN 17 PEAK WIND IN M.P.H.
PRELIMINARY LOCAL CLIMATOLOGICAL DATA (WS FORM: F-6) , PAGE 2
STATION: YORK NE
MONTH: OCTOBER
YEAR: 2023
LATITUDE: 40 54 N
LONGITUDE: 97 37 W
[TEMPERATURE DATA] [PRECIPITATION DATA] SYMBOLS USED IN COLUMN 16
AVERAGE MONTHLY: 52.3 TOTAL FOR MONTH: M 1 = FOG OR MIST
DPTR FM NORMAL: M DPTR FM NORMAL: M 2 = FOG REDUCING VISIBILITY
HIGHEST: 90 ON 1 GRTST 24HR M ON M TO 1/4 MILE OR LESS
LOWEST: 14 ON 30 3 = THUNDER
SNOW, ICE PELLETS, HAIL 4 = ICE PELLETS
TOTAL MONTH: M 5 = HAIL
GRTST 24HR M ON M 6 = FREEZING RAIN OR DRIZZLE
GRTST DEPTH: M ON M 7 = DUSTSTORM OR SANDSTORM:
VSBY 1/2 MILE OR LESS
8 = SMOKE OR HAZE
[NO. OF DAYS WITH] [WEATHER - DAYS WITH] 9 = BLOWING SNOW
X = TORNADO
MAX 32 OR BELOW: 1 0.01 INCH OR MORE: M
MAX 90 OR ABOVE: 1 0.10 INCH OR MORE: M
MIN 32 OR BELOW: 7 0.50 INCH OR MORE: M
MIN 0 OR BELOW: 0 1.00 INCH OR MORE: M
[HDD (BASE 65) ]
TOTAL THIS MO. 411 CLEAR (SCALE 0-3) 20
DPTR FM NORMAL M PTCLDY (SCALE 4-7) 4
TOTAL FM JUL 1 437 CLOUDY (SCALE 8-10) 7
DPTR FM NORMAL M
[CDD (BASE 65) ]
TOTAL THIS MO. 27
DPTR FM NORMAL M [PRESSURE DATA]
TOTAL FM JAN 1 1006 HIGHEST SLP M ON M
DPTR FM NORMAL M LOWEST SLP M ON M
[REMARKS]
#FINAL-10-23#