714
CXHW53 PHFO 011250
CF6KOA
PRELIMINARY LOCAL CLIMATOLOGICAL DATA (WS FORM: F-6)
STATION: KONA HI
MONTH: MARCH
YEAR: 2021
LATITUDE: 19 38 N
LONGITUDE: 156 0 W
TEMPERATURE IN F: :PCPN: SNOW: WIND :SUNSHINE: SKY :PK WND
================================================================================
1 2 3 4 5 6A 6B 7 8 9 10 11 12 13 14 15 16 17 18
12Z AVG MX 2MIN
DY MAX MIN AVG DEP HDD CDD WTR SNW DPTH SPD SPD DIR MIN PSBL S-S WX SPD DR
================================================================================
1 84 71 78 3 0 13 T M M 8.6 28 50 M M 5 35 40
2 84 68 76 1 0 11 0.00 M M 9.1 25 40 M M 3 31 40
3 85 69 77 2 0 12 0.00 M M 8.7 20 30 M M 2 27 40
4 82 66 74 -1 0 9 0.00 M M 6.8 13 120 M M 3 15 110
5 81 68 75 0 0 10 0.00 M M 7.7 17 60 M M 6 19 60
6 82 69 76 0 0 11 0.00 M M 8.1 17 50 M M 3 21 50
7 82 70 76 0 0 11 0.00 M M 7.5 16 200 M M 3 20 200
8 82 73 78 2 0 13 T M M 6.8 15 210 M M 6 18 200
9 79 72 76 0 0 11 0.02 M M 7.7 20 360 M M 6 23 10
10 84 71 78 2 0 13 0.05 M M 8.8 16 20 M M 5 22 20
11 83 72 78 2 0 13 0.00 M M 6.1 14 40 M M 7 18 20
12 85 71 78 2 0 13 0.00 M M 13.4 26 180 M M 6 31 180
13 80 68 74 -2 0 9 2.14 M M 8.7 24 170 M M 9 1 28 180
14 82 69 76 0 0 11 0.43 M M 8.1 17 190 M M 7 1 20 180
15 82 70 76 0 0 11 0.01 M M 6.4 17 360 M M 7 21 20
16 83 70 77 1 0 12 T M M 7.7 15 150 M M 5 18 150
17 87 69 78 2 0 13 0.00 M M 8.7 31 40 M M 3 37 20
18 84 70 77 1 0 12 0.00 M M 9.1 30 30 M M 4 34 20
19 84 67 76 0 0 11 0.00 M M 6.9 15 230 M M 1 19 220
20 85 69 77 1 0 12 0.00 M M 7.6 29 30 M M 2 35 40
21 83 72 78 2 0 13 0.01 M M 7.6 15 180 M M 7 20 170
22 83 69 76 0 0 11 0.03 M M 8.0 17 20 M M 6 20 20
23 83 68 76 -1 0 11 0.00 M M 6.2 12 270 M M 3 14 280
24 84 69 77 0 0 12 0.00 M M 9.2 15 10 M M 2 20 340
25 84 72 78 1 0 13 0.00 M M 8.6 16 340 M M 3 19 340
26 85 71 78 1 0 13 0.00 M M 8.6 17 200 M M 4 22 200
27 85 70 78 1 0 13 0.00 M M 8.3 15 130 M M 2 19 140
28 82 73 78 1 0 13 0.01 M M 7.1 13 220 M M 7 15 230
29 81 72 77 0 0 12 0.01 M M 10.3 25 130 M M 7 29 130
30 82 72 77 0 0 12 0.14 M M 7.6 15 340 M M 8 1 19 170
31 83 72 78 1 0 13 0.19 M M 7.3 16 180 M M 7 21 190
================================================================================
SM 2575 2172 0 367 3.04 M 251.3 M 149
================================================================================
AV 83.1 70.1 8.1 FASTST M M 5 MAX(MPH)
MISC ----> 31 40 37 20
================================================================================
NOTES:
# LAST OF SEVERAL OCCURRENCES
COLUMN 17 PEAK WIND IN M.P.H.
PRELIMINARY LOCAL CLIMATOLOGICAL DATA (WS FORM: F-6) , PAGE 2
STATION: KONA HI
MONTH: MARCH
YEAR: 2021
LATITUDE: 19 38 N
LONGITUDE: 156 0 W
[TEMPERATURE DATA] [PRECIPITATION DATA] SYMBOLS USED IN COLUMN 16
AVERAGE MONTHLY: 76.6 TOTAL FOR MONTH: 3.04 1 = FOG OR MIST
DPTR FM NORMAL: 0.5 DPTR FM NORMAL: 1.26 2 = FOG REDUCING VISIBILITY
HIGHEST: 87 ON 17 GRTST 24HR 2.18 ON 13-14 TO 1/4 MILE OR LESS
LOWEST: 66 ON 4 3 = THUNDER
SNOW, ICE PELLETS, HAIL 4 = ICE PELLETS
TOTAL MONTH: M 5 = HAIL
GRTST 24HR M ON M 6 = FREEZING RAIN OR DRIZZLE
GRTST DEPTH: M ON M 7 = DUSTSTORM OR SANDSTORM:
VSBY 1/2 MILE OR LESS
8 = SMOKE OR HAZE
[NO. OF DAYS WITH] [WEATHER - DAYS WITH] 9 = BLOWING SNOW
X = TORNADO
MAX 32 OR BELOW: 0 0.01 INCH OR MORE: 11
MAX 90 OR ABOVE: 0 0.10 INCH OR MORE: 4
MIN 32 OR BELOW: 0 0.50 INCH OR MORE: 1
MIN 0 OR BELOW: 0 1.00 INCH OR MORE: 1
[HDD (BASE 65) ]
TOTAL THIS MO. 0 CLEAR (SCALE 0-3) 9
DPTR FM NORMAL 0 PTCLDY (SCALE 4-7) 20
TOTAL FM JUL 1 0 CLOUDY (SCALE 8-10) 2
DPTR FM NORMAL 0
[CDD (BASE 65) ]
TOTAL THIS MO. 367
DPTR FM NORMAL 23 [PRESSURE DATA]
TOTAL FM JAN 1 1032 HIGHEST SLP 30.14 ON 21
DPTR FM NORMAL 112 LOWEST SLP 29.87 ON 30
[REMARKS]
#FINAL-03-21#