918
CXHW53 PHFO 011250
CF6KOA
PRELIMINARY LOCAL CLIMATOLOGICAL DATA (WS FORM: F-6)
STATION: KONA HI
MONTH: OCTOBER
YEAR: 2020
LATITUDE: 19 38 N
LONGITUDE: 156 0 W
TEMPERATURE IN F: :PCPN: SNOW: WIND :SUNSHINE: SKY :PK WND
================================================================================
1 2 3 4 5 6A 6B 7 8 9 10 11 12 13 14 15 16 17 18
12Z AVG MX 2MIN
DY MAX MIN AVG DEP HDD CDD WTR SNW DPTH SPD SPD DIR MIN PSBL S-S WX SPD DR
================================================================================
1 90 77 84 4 0 19 T 0.0 M 7.7 18 170 M M M 22 180
2 90 80 85 5 0 20 T 0.0 M 10.4 17 40 M M M 22 30
3 89 78 84 4 0 19 0.00 0.0 M 7.1 14 150 M M M 16 250
4 89 77 83 3 0 18 0.00 0.0 M 7.1 14 210 M M M 17 210
5 88 76 82 2 0 17 0.00 0.0 M 7.2 13 170 M M M 16 200
6 89 78 84 4 0 19 0.00 0.0 M 7.1 13 160 M M M 16 150
7 90 78 84 4 0 19 0.00 0.0 M 7.2 16 180 M M M 20 180
8 89 78 84 4 0 19 0.00 0.0 M 6.2 14 140 M M M 16 150
9 89 78 84 4 0 19 0.00 0.0 M 6.6 13 240 M M M 17 220
10 M M M M M M M M M M M M M M M M M
11 M M M M M M M M M M M M M M M M M
12 M M M M M M M M M M M M M M M M M
13 M M M M M M M M M M M M M M M M M
14 M M M M M M M M M M M M M M M M M
15 87 75 81 1 0 16 0.00 0.0 M 5.5 10 280 M M M 14 270
16 88 76 82 2 0 17 0.00 0.0 M 7.3 16 20 M M M 18 10
17 88 78 83 3 0 18 0.00 0.0 M 8.1 18 170 M M M 21 170
18 88 76 82 2 0 17 0.00 0.0 M 6.5 10 260 M M M 14 260
19 88 76 82 2 0 17 0.00 0.0 M 7.5 12 250 M M M 15 310
20 89 77 83 3 0 18 0.00 0.0 M 7.0 16 320 M M M 20 320
21 87 76 82 2 0 17 0.00 0.0 M 6.9 12 240 M M M 13 220
22 87 75 81 1 0 16 0.00 0.0 M 6.3 12 320 M M M 15 300
23 89 75 82 2 0 17 0.00 0.0 M 7.1 13 340 M M M 16 320
24 M M M M M M M M M M M M M M M M M
25 88 77 83 3 0 18 0.00 0.0 M 8.3 16 240 M M M 18 240
26 87 80 84 4 0 19 0.00 0.0 M 7.4 16 360 M M M 19 360
27 86 75 81 1 0 16 0.13 0.0 M 6.9 18 70 M M M 21 60
28 87 75 81 1 0 16 0.00 0.0 M 6.3 12 150 M M M 14 250
29 88 78 83 4 0 18 0.00 0.0 M 7.5 14 240 M M M 16 240
30 88 77 83 4 0 18 0.00 0.0 M 8.0 15 250 M M M 16 240
31 87 75 81 2 0 16 0.00 0.0 M 5.8 13 300 M M M 16 280
================================================================================
SM 2205 1921 0 443 0.13 0.0 179.0 M M
================================================================================
AV 88.2 76.8 7.2 FASTST M M 0 MAX(MPH)
MISC ----> # 18 170 # 22 180
================================================================================
NOTES:
# LAST OF SEVERAL OCCURRENCES
COLUMN 17 PEAK WIND IN M.P.H.
PRELIMINARY LOCAL CLIMATOLOGICAL DATA (WS FORM: F-6) , PAGE 2
STATION: KONA HI
MONTH: OCTOBER
YEAR: 2020
LATITUDE: 19 38 N
LONGITUDE: 156 0 W
[TEMPERATURE DATA] [PRECIPITATION DATA] SYMBOLS USED IN COLUMN 16
AVERAGE MONTHLY: 82.5 TOTAL FOR MONTH: 0.13 1 = FOG OR MIST
DPTR FM NORMAL: 2.5 DPTR FM NORMAL: -1.21 2 = FOG REDUCING VISIBILITY
HIGHEST: 90 ON 7, 2 GRTST 24HR 0.13 ON 27-27 TO 1/4 MILE OR LESS
LOWEST: 75 ON 31,28 3 = THUNDER
SNOW, ICE PELLETS, HAIL 4 = ICE PELLETS
TOTAL MONTH: 0.0 INCH 5 = HAIL
GRTST 24HR 0.0 6 = FREEZING RAIN OR DRIZZLE
GRTST DEPTH: M ON M 7 = DUSTSTORM OR SANDSTORM:
VSBY 1/2 MILE OR LESS
8 = SMOKE OR HAZE
[NO. OF DAYS WITH] [WEATHER - DAYS WITH] 9 = BLOWING SNOW
X = TORNADO
MAX 32 OR BELOW: 0 0.01 INCH OR MORE: 1
MAX 90 OR ABOVE: 3 0.10 INCH OR MORE: 1
MIN 32 OR BELOW: 0 0.50 INCH OR MORE: 0
MIN 0 OR BELOW: 0 1.00 INCH OR MORE: 0
[HDD (BASE 65) ]
TOTAL THIS MO. 0 CLEAR (SCALE 0-3) 0
DPTR FM NORMAL 0 PTCLDY (SCALE 4-7) 0
TOTAL FM JUL 1 0 CLOUDY (SCALE 8-10) 0
DPTR FM NORMAL 0
[CDD (BASE 65) ]
TOTAL THIS MO. 443
DPTR FM NORMAL -24 [PRESSURE DATA]
TOTAL FM JAN 1 4185 HIGHEST SLP 30.03 ON 11
DPTR FM NORMAL 192 LOWEST SLP 29.80 ON 14
[REMARKS]
#FINAL-10-20#