000
CXUS55 KPUB 011210
CF6LAA
PRELIMINARY LOCAL CLIMATOLOGICAL DATA (WS FORM: F-6)
STATION: LAMAR CO
MONTH: OCTOBER
YEAR: 2021
LATITUDE: 38 4 N
LONGITUDE: 102 41 W
TEMPERATURE IN F: :PCPN: SNOW: WIND :SUNSHINE: SKY :PK WND
================================================================================
1 2 3 4 5 6A 6B 7 8 9 10 11 12 13 14 15 16 17 18
12Z AVG MX 2MIN
DY MAX MIN AVG DEP HDD CDD WTR SNW DPTH SPD SPD DIR MIN PSBL S-S WX SPD DR
================================================================================
1 70 44 57 -4 8 0 0.15 M M 4.0 16 160 M M 7 1 22 170
2 76 44 60 0 5 0 0.01 M M 4.5 14 40 M M 4 19 270
3 83 39 61 1 4 0 0.00 M M 5.5 13 150 M M 0 1 16 140
4 87 43 65 6 0 0 0.00 M M 6.3 15 70 M M 0 20 70
5 83 37 60 1 5 0 0.00 M M 5.5 15 110 M M 0 21 110
6 90 40 65 7 0 0 0.00 M M 10.5 29 180 M M 0 40 180
7 86 45 66 8 0 1 0.00 M M 6.3 18 350 M M 0 23 20
8 88 40 64 7 1 0 0.00 M M 5.8 15 140 M M 0 21 140
9 87 49 68 11 0 3 0.00 M M 10.2 33 280 M M 0 8 44 270
10 68 38 53 -3 12 0 0.00 M M 9.7 18 10 M M 2 26 350
11 77 32 55 -1 10 0 0.00 M M 12.7 28 180 M M 0 8 37 160
12 82 43 63 8 2 0 0.14 M M 20.1 37 180 M M 2 3 54 190
13 72 28 50 -5 15 0 0.00 M M 8.0 22 120 M M 0 30 120
14 57 39 48 -6 17 0 T M M 7.1 14 70 M M 5 20 80
15 61 23 42 -12 23 0 0.00 M M 8.6 22 350 M M 3 8 29 350
16 70 20 45 -8 20 0 0.00 M M 4.4 12 140 M M 0 15 270
17 83 25 54 1 11 0 0.00 M M 8.6 22 170 M M 0 29 180
18 85 31 58 6 7 0 0.00 M M 6.4 20 180 M M 0 28 190
19 81 35 58 6 7 0 0.00 M M 11.7 25 10 M M 0 35 10
20 67 28 48 -4 17 0 0.00 M M 4.9 12 150 M M 0 16 350
21 71 27 49 -2 16 0 T M M 4.6 12 170 M M 0 8 14 160
22 78 26 52 1 13 0 0.00 M M 6.0 15 280 M M 0 8 19 290
23 82 32 57 7 8 0 0.00 M M 8.0 15 360 M M 1 22 300
24 73 39 56 6 9 0 0.00 M M 6.7 14 50 M M 1 19 360
25 81 33 57 8 8 0 0.00 M M 9.5 21 130 M M 0 31 110
26 88 40 64 15 1 0 T M M 17.0 37 10 M M 0 54 10
27 64 42 53 4 12 0 T M M 19.7 36 10 M M 4 52 10
28 63 32 48 0 17 0 0.00 M M 14.0 31 360 M M 0 41 360
29 72 29 51 3 14 0 0.00 M M 5.3 14 270 M M 0 17 280
30 78 30 54 6 11 0 0.00 M M 9.9 22 40 M M 0 33 40
31 50 25 38 -9 27 0 0.00 M M 6.6 14 130 M M 2 19 70
================================================================================
SM 2353 1078 300 4 0.30 M 268.1 M 31
================================================================================
AV 75.9 34.8 8.6 FASTST M M 1 MAX(MPH)
MISC ----> # 37 180 # 54 190
================================================================================
NOTES:
# LAST OF SEVERAL OCCURRENCES
COLUMN 17 PEAK WIND IN M.P.H.
PRELIMINARY LOCAL CLIMATOLOGICAL DATA (WS FORM: F-6) , PAGE 2
STATION: LAMAR CO
MONTH: OCTOBER
YEAR: 2021
LATITUDE: 38 4 N
LONGITUDE: 102 41 W
[TEMPERATURE DATA] [PRECIPITATION DATA] SYMBOLS USED IN COLUMN 16
AVERAGE MONTHLY: 55.3 TOTAL FOR MONTH: 0.30 1 = FOG OR MIST
DPTR FM NORMAL: 1.7 DPTR FM NORMAL: -0.52 2 = FOG REDUCING VISIBILITY
HIGHEST: 90 ON 6 GRTST 24HR 0.16 ON 1- 2 TO 1/4 MILE OR LESS
LOWEST: 20 ON 16 3 = THUNDER
SNOW, ICE PELLETS, HAIL 4 = ICE PELLETS
TOTAL MONTH: M 5 = HAIL
GRTST 24HR M ON M 6 = FREEZING RAIN OR DRIZZLE
GRTST DEPTH: M ON M 7 = DUSTSTORM OR SANDSTORM:
VSBY 1/2 MILE OR LESS
8 = SMOKE OR HAZE
[NO. OF DAYS WITH] [WEATHER - DAYS WITH] 9 = BLOWING SNOW
X = TORNADO
MAX 32 OR BELOW: 0 0.01 INCH OR MORE: 3
MAX 90 OR ABOVE: 1 0.10 INCH OR MORE: 2
MIN 32 OR BELOW: 14 0.50 INCH OR MORE: 0
MIN 0 OR BELOW: 0 1.00 INCH OR MORE: 0
[HDD (BASE 65) ]
TOTAL THIS MO. 300 CLEAR (SCALE 0-3) 27
DPTR FM NORMAL -66 PTCLDY (SCALE 4-7) 4
TOTAL FM JUL 1 322 CLOUDY (SCALE 8-10) 0
DPTR FM NORMAL -106
[CDD (BASE 65) ]
TOTAL THIS MO. 4
DPTR FM NORMAL -8 [PRESSURE DATA]
TOTAL FM JAN 1 1411 HIGHEST SLP 30.42 ON 16
DPTR FM NORMAL 96 LOWEST SLP 29.22 ON 26
[REMARKS]
#FINAL-10-21#