000
CXUS55 KPUB 011210
CF6LAA
PRELIMINARY LOCAL CLIMATOLOGICAL DATA (WS FORM: F-6)
STATION: LAMAR CO
MONTH: JUNE
YEAR: 2021
LATITUDE: 38 4 N
LONGITUDE: 102 41 W
TEMPERATURE IN F: :PCPN: SNOW: WIND :SUNSHINE: SKY :PK WND
================================================================================
1 2 3 4 5 6A 6B 7 8 9 10 11 12 13 14 15 16 17 18
12Z AVG MX 2MIN
DY MAX MIN AVG DEP HDD CDD WTR SNW DPTH SPD SPD DIR MIN PSBL S-S WX SPD DR
================================================================================
1 73 50 62 -7 3 0 0.05 M M 2.8 22 250 M M 5 13 35 360
2 75 45 60 -10 5 0 0.00 M M 3.1 13 160 M M 0 14 170
3 82 49 66 -4 0 1 0.00 M M 5.2 14 180 M M 0 1 18 180
4 86 51 69 -1 0 4 0.00 M M 3.1 18 190 M M 0 26 190
5 88 53 71 0 0 6 0.00 M M 8.7 17 150 M M 0 24 150
6 90 60 75 4 0 10 0.18 M M 6.8 31 60 M M 1 3 40 60
7 91 58 75 3 0 10 0.01 M M 7.0 20 60 M M 0 25 60
8 92 65 79 7 0 14 0.00 M M 11.6 23 150 M M 1 1 32 150
9 87 53 70 -2 0 5 0.00 M M 6.1 12 30 M M 3 1 18 60
10 97 59 78 6 0 13 0.00 M M 9.7 24 160 M M 3 128 34 160
11 84 53 69 -4 0 4 0.00 M M 9.6 24 30 M M 0 1 33 30
12 89 48 69 -4 0 4 0.00 M M 9.8 23 130 M M 2 37 130
13 95 58 77 4 0 12 0.00 M M 10.7 22 160 M M 0 1 33 160
14 97 62 80 6 0 15 0.00 M M 11.1 21 160 M M 0 28 180
15 100 66 83 9 0 18 0.00 M M 12.1 25 170 M M 0 34 170
16 104 59 82 8 0 17 T M M 7.7 20 160 M M 0 27 160
17 104 57 81 7 0 16 0.00 M M 10.5 25 180 M M 0 34 180
18 100 57 79 4 0 14 0.02 M M 8.5 22 130 M M 0 38 30 210
19 97 61 79 4 0 14 0.01 M M 6.9 33 220 M M 1 13 46 240
20 91 57 74 -1 0 9 0.25 M M 12.6 23 70 M M 1 13 33 80
21 75 59 67 -9 0 2 0.07 M M 6.0 18 50 M M 6 13 25 70
22 97 59 78 2 0 13 0.00 M M 8.8 17 220 M M 0 25 210
23 105 56 81 5 0 16 0.00 M M 5.3 16 190 M M 0 22 180
24 95 62 79 3 0 14 0.00 M M 13.8 25 30 M M 1 3 37 20
25 89 58 74 -2 0 9 0.00 M M 6.5 25 190 M M 2 3 36 190
26 77 57 67 -10 0 2 0.02 M M 8.8 20 30 M M 5 27 30
27 82 52 67 -10 0 2 0.00 M M 5.8 14 350 M M 2 19 320
28 84 59 72 -5 0 7 0.00 M M 6.0 14 80 M M 5 20 80
29 76 56 66 -11 0 1 0.07 M M 4.7 18 180 M M 6 24 170
30 82 63 73 -4 0 8 0.01 M M 5.3 13 170 M M 8 1 18 130
================================================================================
SM 2684 1702 8 260 0.69 M 234.6 M 52
================================================================================
AV 89.5 56.7 7.8 FASTST M M 2 MAX(MPH)
MISC ----> 33 220 46 240
================================================================================
NOTES:
# LAST OF SEVERAL OCCURRENCES
COLUMN 17 PEAK WIND IN M.P.H.
PRELIMINARY LOCAL CLIMATOLOGICAL DATA (WS FORM: F-6) , PAGE 2
STATION: LAMAR CO
MONTH: JUNE
YEAR: 2021
LATITUDE: 38 4 N
LONGITUDE: 102 41 W
[TEMPERATURE DATA] [PRECIPITATION DATA] SYMBOLS USED IN COLUMN 16
AVERAGE MONTHLY: 73.1 TOTAL FOR MONTH: 0.69 1 = FOG OR MIST
DPTR FM NORMAL: -0.8 DPTR FM NORMAL: -1.40 2 = FOG REDUCING VISIBILITY
HIGHEST: 105 ON 23 GRTST 24HR 0.32 ON 20-21 TO 1/4 MILE OR LESS
LOWEST: 45 ON 2 3 = THUNDER
SNOW, ICE PELLETS, HAIL 4 = ICE PELLETS
TOTAL MONTH: M 5 = HAIL
GRTST 24HR M ON M 6 = FREEZING RAIN OR DRIZZLE
GRTST DEPTH: M ON M 7 = DUSTSTORM OR SANDSTORM:
VSBY 1/2 MILE OR LESS
8 = SMOKE OR HAZE
[NO. OF DAYS WITH] [WEATHER - DAYS WITH] 9 = BLOWING SNOW
X = TORNADO
MAX 32 OR BELOW: 0 0.01 INCH OR MORE: 10
MAX 90 OR ABOVE: 15 0.10 INCH OR MORE: 2
MIN 32 OR BELOW: 0 0.50 INCH OR MORE: 0
MIN 0 OR BELOW: 0 1.00 INCH OR MORE: 0
[HDD (BASE 65) ]
TOTAL THIS MO. 8 CLEAR (SCALE 0-3) 24
DPTR FM NORMAL -4 PTCLDY (SCALE 4-7) 6
TOTAL FM JUL 1 5474 CLOUDY (SCALE 8-10) 0
DPTR FM NORMAL 192
[CDD (BASE 65) ]
TOTAL THIS MO. 260
DPTR FM NORMAL -18 [PRESSURE DATA]
TOTAL FM JAN 1 321 HIGHEST SLP 30.15 ON 1
DPTR FM NORMAL -37 LOWEST SLP 29.53 ON 19
[REMARKS]
#FINAL-06-21#