000
CXUS53 KIND 010700
CF6LAF
PRELIMINARY LOCAL CLIMATOLOGICAL DATA (WS FORM: F-6)
STATION: LAFAYETTE IN
MONTH: NOVEMBER
YEAR: 2022
LATITUDE: 40 25 N
LONGITUDE: 86 56 W
TEMPERATURE IN F: :PCPN: SNOW: WIND :SUNSHINE: SKY :PK WND
================================================================================
1 2 3 4 5 6A 6B 7 8 9 10 11 12 13 14 15 16 17 18
12Z AVG MX 2MIN
DY MAX MIN AVG DEP HDD CDD WTR SNW DPTH SPD SPD DIR MIN PSBL S-S WX SPD DR
================================================================================
1 66 46 56 9 9 0 0.00 M M 3.8 9 220 M M 5 128 15 260
2 72 41 57 10 8 0 0.00 M M 2.9 10 190 M M 2 128 17 180
3 73 47 60 14 5 0 0.00 M M 4.0 15 190 M M 0 1 26 250
4 76 56 66 20 0 1 0.00 M M 10.3 21 200 M M 3 33 200
5 70 44 57 11 8 0 0.24 M M 14.8 33 220 M M 5 13 64 230
6 65 40 53 8 12 0 0.00 M M 6.2 18 200 M M 0 33 190
7 59 37 48 3 17 0 0.00 M M 6.9 15 10 M M 0 20 20
8 59 40 50 6 15 0 0.00 M M 11.9 23 100 M M 0 29 100
9 75 41 58 14 7 0 0.00 M M 4.8 14 120 M M 2 18 130
10 72 50 61 17 4 0 0.00 M M 5.5 17 210 M M 0 31 220
11 55 29 42 -1 23 0 0.00 M M 8.8 20 310 M M 5 1 31 330
12 36 27 32 -11 33 0 T M M 9.7 17 290 M M 9 1 24 280
13 40 22 31 -11 34 0 T M M 6.4 16 290 M M 4 1 23 290
14 41 19 30 -12 35 0 0.00 M M 5.9 16 70 M M 0 22 60
15 36 33 35 -6 30 0 T M M 7.8 15 270 M M 9 18 21 280
16 34 29 32 -9 33 0 T M M 10.5 21 280 M M 10 18 33 270
17 34 28 31 -10 34 0 T M M 10.4 22 280 M M 10 1 28 280
18 31 19 25 -15 40 0 T M M 13.1 22 260 M M 9 1 32 290
19 32 17 25 -15 40 0 T M M 12.1 29 270 M M 3 41 270
20 32 12 22 -17 43 0 0.00 M M 8.4 15 290 M M 0 24 290
21 49 26 38 -1 27 0 0.00 M M 6.9 20 230 M M 0 31 260
22 56 24 40 1 25 0 0.00 M M 3.4 16 250 M M 0 24 250
23 60 27 44 6 21 0 0.00 M M 2.8 12 220 M M 0 8 19 200
24 56 29 43 5 22 0 T M M 3.3 12 230 M M 5 1 17 220
25 50 29 40 2 25 0 0.00 M M 4.7 12 280 M M 4 1 16 270
26 54 23 39 2 26 0 0.00 M M 2.7 10 230 M M 1 12 17 230
27 47 41 44 7 21 0 0.89 M M 9.5 21 340 M M 10 1 30 340
28 44 36 40 4 25 0 0.00 M M 4.0 9 320 M M 10 13 170
29 61 38 50 14 15 0 0.35 M M 10.3 30 280 M M 6 13 41 290
30 46 24 35 -1 30 0 0.00 M M 17.9 30 290 M M 5 43 270
================================================================================
SM 1581 974 667 1 1.48 M 229.7 M 117
================================================================================
AV 52.7 32.5 7.7 FASTST M M 4 MAX(MPH)
MISC ----> 33 220 64 230
================================================================================
NOTES:
# LAST OF SEVERAL OCCURRENCES
COLUMN 17 PEAK WIND IN M.P.H.
PRELIMINARY LOCAL CLIMATOLOGICAL DATA (WS FORM: F-6) , PAGE 2
STATION: LAFAYETTE IN
MONTH: NOVEMBER
YEAR: 2022
LATITUDE: 40 25 N
LONGITUDE: 86 56 W
[TEMPERATURE DATA] [PRECIPITATION DATA] SYMBOLS USED IN COLUMN 16
AVERAGE MONTHLY: 42.6 TOTAL FOR MONTH: 1.48 1 = FOG OR MIST
DPTR FM NORMAL: 1.3 DPTR FM NORMAL: -1.39 2 = FOG REDUCING VISIBILITY
HIGHEST: 76 ON 4 GRTST 24HR 0.89 ON 27-27 TO 1/4 MILE OR LESS
LOWEST: 12 ON 20 3 = THUNDER
SNOW, ICE PELLETS, HAIL 4 = ICE PELLETS
TOTAL MONTH: M 5 = HAIL
GRTST 24HR M ON M 6 = FREEZING RAIN OR DRIZZLE
GRTST DEPTH: M ON M 7 = DUSTSTORM OR SANDSTORM:
VSBY 1/2 MILE OR LESS
8 = SMOKE OR HAZE
[NO. OF DAYS WITH] [WEATHER - DAYS WITH] 9 = BLOWING SNOW
X = TORNADO
MAX 32 OR BELOW: 3 0.01 INCH OR MORE: 3
MAX 90 OR ABOVE: 0 0.10 INCH OR MORE: 3
MIN 32 OR BELOW: 16 0.50 INCH OR MORE: 1
MIN 0 OR BELOW: 0 1.00 INCH OR MORE: 0
[HDD (BASE 65) ]
TOTAL THIS MO. 667 CLEAR (SCALE 0-3) 14
DPTR FM NORMAL -44 PTCLDY (SCALE 4-7) 9
TOTAL FM JUL 1 1123 CLOUDY (SCALE 8-10) 7
DPTR FM NORMAL -48
[CDD (BASE 65) ]
TOTAL THIS MO. 1
DPTR FM NORMAL 1 [PRESSURE DATA]
TOTAL FM JAN 1 1112 HIGHEST SLP M ON M
DPTR FM NORMAL 229 LOWEST SLP 29.33 ON 27
[REMARKS]
#FINAL-11-22#