000
CXUS53 KIND 260600
CF6LAF
PRELIMINARY LOCAL CLIMATOLOGICAL DATA (WS FORM: F-6)
STATION: LAFAYETTE IN
MONTH: APRIL
YEAR: 2024
LATITUDE: 40 25 N
LONGITUDE: 86 56 W
TEMPERATURE IN F: :PCPN: SNOW: WIND :SUNSHINE: SKY :PK WND
================================================================================
1 2 3 4 5 6A 6B 7 8 9 10 11 12 13 14 15 16 17 18
12Z AVG MX 2MIN
DY MAX MIN AVG DEP HDD CDD WTR SNW DPTH SPD SPD DIR MIN PSBL S-S WX SPD DR
================================================================================
1 53 45 49 3 16 0 0.71 M M 11.0 23 80 M M 9 13 31 60
2 66 38 52 6 13 0 1.06 M M 12.0 32 270 M M 10 13 50 240
3 41 34 38 -9 27 0 0.16 M M 14.7 26 270 M M 10 18 36 270
4 43 35 39 -8 26 0 0.13 M M 11.3 20 300 M M 10 1 33 310
5 48 30 39 -8 26 0 0.01 M M 9.8 22 350 M M 7 31 350
6 56 26 41 -7 24 0 0.00 M M 3.6 10 90 M M 0 13 100
7 59 39 49 1 16 0 0.16 M M 11.8 25 120 M M 5 3 37 150
8 74 43 59 11 6 0 0.00 M M 4.2 15 250 M M 0 23 230
9 73 49 61 12 4 0 0.00 M M 6.7 20 270 M M 2 25 270
10 63 46 55 6 10 0 0.57 M M 6.9 21 50 M M 7 1 29 70
11 55 49 52 2 13 0 0.51 M M 11.6 22 350 M M 10 1 32 340
12 64 43 54 4 11 0 0.27 M M 13.2 30 300 M M 7 1 46 310
13 69 38 54 4 11 0 0.00 M M 7.1 16 270 M M 0 27 260
14 81 57 69 18 0 4 0.00 M M 9.8 20 250 M M 0 30 220
15 76 51 64 13 1 0 0.00 M M 7.2 17 70 M M 0 24 70
16 82 55 69 18 0 4 0.03 M M 11.5 22 150 M M 2 3 35 140
17 72 51 62 10 3 0 T M M 13.9 29 270 M M 7 41 260
18 74 41 58 6 7 0 0.67 M M 6.0 30 320 M M 2 13 43 320
19 57 46 52 0 13 0 0.01 M M 10.7 18 320 M M 5 1 32 300
20 50 35 43 -10 22 0 0.00 M M 11.9 22 320 M M 5 38 290
21 56 30 43 -10 22 0 0.00 M M 6.3 17 330 M M 2 29 340
22 65 32 49 -5 16 0 0.00 M M 5.9 16 230 M M 0 26 250
23 55 48 52 -2 13 0 1.10 M M 6.9 16 230 M M 6 1 28 230
24 50 36 43 -11 22 0 0.00 M M 10.4 21 10 M M 6 1 30 20
25 58 31 45 -9 20 0 0.00 M M 7.7 15 110 M M 0 21 100
================================================================================
SM 1540 1028 342 8 5.39 M 232.1 M 112
================================================================================
AV 61.6 41.1 9.3 FASTST M M 4 MAX(MPH)
MISC ----> 32 270 50 240
================================================================================
NOTES:
# LAST OF SEVERAL OCCURRENCES
COLUMN 17 PEAK WIND IN M.P.H.
PRELIMINARY LOCAL CLIMATOLOGICAL DATA (WS FORM: F-6) , PAGE 2
STATION: LAFAYETTE IN
MONTH: APRIL
YEAR: 2024
LATITUDE: 40 25 N
LONGITUDE: 86 56 W
[TEMPERATURE DATA] [PRECIPITATION DATA] SYMBOLS USED IN COLUMN 16
AVERAGE MONTHLY: 51.4 TOTAL FOR MONTH: 5.39 1 = FOG OR MIST
DPTR FM NORMAL: 1.1 DPTR FM NORMAL: 2.26 2 = FOG REDUCING VISIBILITY
HIGHEST: 82 ON 16 GRTST 24HR 1.62 ON 1- 2 TO 1/4 MILE OR LESS
LOWEST: 26 ON 6 3 = THUNDER
SNOW, ICE PELLETS, HAIL 4 = ICE PELLETS
TOTAL MONTH: M 5 = HAIL
GRTST 24HR M ON M 6 = FREEZING RAIN OR DRIZZLE
GRTST DEPTH: M ON M 7 = DUSTSTORM OR SANDSTORM:
VSBY 1/2 MILE OR LESS
8 = SMOKE OR HAZE
[NO. OF DAYS WITH] [WEATHER - DAYS WITH] 9 = BLOWING SNOW
X = TORNADO
MAX 32 OR BELOW: 0 0.01 INCH OR MORE: 13
MAX 90 OR ABOVE: 0 0.10 INCH OR MORE: 10
MIN 32 OR BELOW: 5 0.50 INCH OR MORE: 6
MIN 0 OR BELOW: 0 1.00 INCH OR MORE: 2
[HDD (BASE 65) ]
TOTAL THIS MO. 342 CLEAR (SCALE 0-3) 11
DPTR FM NORMAL -35 PTCLDY (SCALE 4-7) 9
TOTAL FM JUL 1 4596 CLOUDY (SCALE 8-10) 5
DPTR FM NORMAL -986
[CDD (BASE 65) ]
TOTAL THIS MO. 8
DPTR FM NORMAL 8 [PRESSURE DATA]
TOTAL FM JAN 1 9 HIGHEST SLP M ON M
DPTR FM NORMAL 7 LOWEST SLP 29.27 ON 2
[REMARKS]