000
CXUS55 KCYS 051212
CF6LAR
PRELIMINARY LOCAL CLIMATOLOGICAL DATA (WS FORM: F-6)
STATION: LARAMIE WYOMING AIRPORT
MONTH: FEBRUARY
YEAR: 2024
LATITUDE: 41 18 N
LONGITUDE: 105 40 W
TEMPERATURE IN F: :PCPN: SNOW: WIND :SUNSHINE: SKY :PK WND
================================================================================
1 2 3 4 5 6A 6B 7 8 9 10 11 12 13 14 15 16 17 18
12Z AVG MX 2MIN
DY MAX MIN AVG DEP HDD CDD WTR SNW DPTH SPD SPD DIR MIN PSBL S-S WX SPD DR
================================================================================
1 53 28 41 19 24 0 0.00 M M 12.7 23 230 M M 1 31 220
2 51 25 38 16 27 0 T M M 12.1 23 150 M M 3 32 160
3 37 20 29 7 36 0 0.25 M M 8.8 23 340 M M 10 18 32 340
4 35 5 20 -2 45 0 0.00 M M 8.3 18 240 M M 0 24 240
5 48 8 28 6 37 0 0.00 M M 5.9 20 240 M M 0 26 230
6 53 20 37 15 28 0 0.00 M M 8.4 18 210 M M 2 25 220
7 43 25 34 12 31 0 T M M 10.9 26 250 M M 4 35 250
8 37 22 30 7 35 0 T M M 17.4 33 250 M M 4 43 260
9 36 13 25 2 40 0 0.03 M M 5.9 17 360 M M 4 8 23 360
10 28 4 16 -7 49 0 0.00 M M 4.9 10 340 M M 4 8 14 10
11 31 3 17 -6 48 0 0.00 M M 5.7 10 30 M M 0 13 10
12 39 13 26 3 39 0 0.00 M M 13.1 30 250 M M 2 41 250
13 43 23 33 10 32 0 0.00 M M 11.6 38 260 M M 1 51 260
14 40 23 32 9 33 0 T M M 10.7 28 270 M M 5 38 270
15 42 27 35 11 30 0 0.01 M M 12.7 29 240 M M 3 39 240
16 34 8 21 -3 44 0 0.15 M M 8.2 20 240 M M 9 8 25 240
17 20 -12 4 -20 61 0 T M M 3.2 12 30 M M 3 128 14 40
18 39 -2 19 -5 46 0 0.00 M M 12.3 26 260 M M 2 8 35 240
19 47 26 37 13 28 0 0.00 M M 13.7 28 220 M M 1 34 230
20 49 34 42 17 23 0 0.00 M M 12.1 26 250 M M 5 36 240
21 46 34 40 15 25 0 0.02 M M 13.0 24 230 M M 6 35 230
22 38 26 32 7 33 0 0.13 M M 8.2 18 230 M M 7 8 24 270
23 38 26 32 7 33 0 0.00 M M 16.6 31 230 M M 0 44 240
24 45 28 37 11 28 0 0.00 M M 20.9 39 270 M M 0 52 270
25 50 34 42 16 23 0 0.00 M M 22.4 38 250 M M 0 53 250
26 50 31 41 15 24 0 0.00 M M 18.3 37 260 M M 1 55 260
27 42 12 27 0 38 0 0.05 M M 18.5 35 260 M M 6 8 47 240
28 41 12 27 0 38 0 0.00 M M 19.2 36 240 M M 0 46 230
29 50 27 39 12 26 0 0.00 M M 16.3 26 240 M M 0 35 230
================================================================================
SM 1205 543 1004 0 0.64 M 352.0 M 83
================================================================================
AV 41.6 18.7 12.1 FASTST M M 3 MAX(MPH)
MISC ----> 39 270 55 260
================================================================================
NOTES:
# LAST OF SEVERAL OCCURRENCES
COLUMN 17 PEAK WIND IN M.P.H.
PRELIMINARY LOCAL CLIMATOLOGICAL DATA (WS FORM: F-6) , PAGE 2
STATION: LARAMIE WYOMING AIRPORT
MONTH: FEBRUARY
YEAR: 2024
LATITUDE: 41 18 N
LONGITUDE: 105 40 W
[TEMPERATURE DATA] [PRECIPITATION DATA] SYMBOLS USED IN COLUMN 16
AVERAGE MONTHLY: 30.1 TOTAL FOR MONTH: 0.64 1 = FOG OR MIST
DPTR FM NORMAL: 6.3 DPTR FM NORMAL: 0.32 2 = FOG REDUCING VISIBILITY
HIGHEST: 53 ON 6, 1 GRTST 24HR 0.25 ON 3- 3 TO 1/4 MILE OR LESS
LOWEST: -12 ON 17 3 = THUNDER
SNOW, ICE PELLETS, HAIL 4 = ICE PELLETS
TOTAL MONTH: M 5 = HAIL
GRTST 24HR M ON M 6 = FREEZING RAIN OR DRIZZLE
GRTST DEPTH: M ON M 7 = DUSTSTORM OR SANDSTORM:
VSBY 1/2 MILE OR LESS
8 = SMOKE OR HAZE
[NO. OF DAYS WITH] [WEATHER - DAYS WITH] 9 = BLOWING SNOW
X = TORNADO
MAX 32 OR BELOW: 3 0.01 INCH OR MORE: 7
MAX 90 OR ABOVE: 0 0.10 INCH OR MORE: 3
MIN 32 OR BELOW: 26 0.50 INCH OR MORE: 0
MIN 0 OR BELOW: 2 1.00 INCH OR MORE: 0
[HDD (BASE 65) ]
TOTAL THIS MO. 1004 CLEAR (SCALE 0-3) 18
DPTR FM NORMAL -148 PTCLDY (SCALE 4-7) 9
TOTAL FM JUL 1 5278 CLOUDY (SCALE 8-10) 2
DPTR FM NORMAL -867
[CDD (BASE 65) ]
TOTAL THIS MO. 0
DPTR FM NORMAL 0 [PRESSURE DATA]
TOTAL FM JAN 1 0 HIGHEST SLP 30.56 ON 17
DPTR FM NORMAL 0 LOWEST SLP 29.23 ON 27
[REMARKS]
#FINAL-02-24#
PRECIPITATION VALUES ARE FROM COOP BACKUP STATION (LARAMIE 2NW)
FEBRUARY 20... RECORD HIGH MINIMUM TEMPERATURE: 34F (PREVIOUS: 28F IN 2005 AND 2022)
FEBRUARY 25... RECORD HIGH MINIMUM TEMPERATURE TIED: 34F (PREVIOUS IN 1986)
FEBRUARY 26... RECORD HIGH MINIMUM TEMPERATURE TIED: 31F (PREVIOUS IN 1986)