000
CXUS55 KVEF 020307
CLMLAS
CLIMATE REPORT
NATIONAL WEATHER SERVICE LAS VEGAS, NV
807 PM PDT THU JUN 01 2023
...................................
...THE LAS VEGAS NV CLIMATE SUMMARY FOR THE MONTH OF MAY 2023...
CLIMATE NORMAL PERIOD: 1991 TO 2020
CLIMATE RECORD PERIOD: 1937 TO 2023
WEATHER OBSERVED NORMAL DEPART LAST YEAR`S
VALUE DATE(S) VALUE FROM VALUE DATE(S)
NORMAL
................................................................
TEMPERATURE (F)
RECORD
HIGH 109 05/28/2003
05/26/1951
LOW 38 05/03/1942
HIGHEST 97 05/18 MM MM 102 05/19
05/26
LOWEST 54 05/02 MM MM 53 05/11
AVG. MAXIMUM 88.5 88.5 0.0 89.0
AVG. MINIMUM 67.2 66.1 1.1 66.2
MEAN 77.9 77.3 0.6 77.6
DAYS MAX >= 90 18 15.9 2.1 15
DAYS MAX <= 32 MM 0.0 MM 0
DAYS MIN <= 32 0 0.0 0.0 0
DAYS MIN <= 0 0 0.0 0.0 0
PRECIPITATION (INCHES)
RECORD
MAXIMUM 0.96 1969
MINIMUM 0.00 2022
TOTALS T 0.07 -0.07 0.00
DAILY AVG. T 0.00 -0.00 0.00
DAYS >= .01 0 1.1 -1.1 0
DAYS >= .10 0 0.2 -0.2 0
DAYS >= .50 0 0.0 0.0 0
DAYS >= 1.00 0 0.0 0.0 0
GREATEST
24 HR. TOTAL T 05/04 TO 05/04
SNOWFALL (INCHES)
RECORDS
TOTAL 0.0 2002
24 HR TOTAL MM
TOTALS 0.0 0.0 0.0 0.0
SINCE 7/1 T
SNOWDEPTH AVG. 0
DAYS >= TRACE 0
DAYS >= 1.0 0
GREATEST
SNOW DEPTH 0
24 HR TOTAL 0.0
STORM TOTAL 0.0
DEGREE DAYS
HEATING TOTAL 2 8 -6 6
SINCE 7/1 2302 1829 473 MM
COOLING TOTAL 407 390 17 405
SINCE 1/1 585 563 22 MM
FREEZE DATES
RECORD
EARLIEST 10/21/1949
LATEST 04/12/1967
EARLIEST 12/16
LATEST 02/03
................................................................
WIND (MPH)
AVERAGE WIND SPEED 8.2
HIGHEST WIND SPEED/DIRECTION 39/270 DATE 05/16
HIGHEST GUST SPEED/DIRECTION 48/270 DATE 05/16
SKY COVER
POSSIBLE SUNSHINE (PERCENT) MM
AVERAGE SKY COVER 0.35
NUMBER OF DAYS FAIR 14
NUMBER OF DAYS PC 17
NUMBER OF DAYS CLOUDY 0
AVERAGE RH (PERCENT) 22
WEATHER CONDITIONS. NUMBER OF DAYS WITH
THUNDERSTORM 3 MIXED PRECIP 0
HEAVY RAIN 0 RAIN 0
LIGHT RAIN 1 FREEZING RAIN 0
LT FREEZING RAIN 0 HAIL 0
HEAVY SNOW 0 SNOW 0
LIGHT SNOW 0 SLEET 0
FOG 0 FOG W/VIS <= 1/4 MILE 0
HAZE 1
- INDICATES NEGATIVE NUMBERS.
R INDICATES RECORD WAS SET OR TIED.
MM INDICATES DATA IS MISSING.
T INDICATES TRACE AMOUNT.
$$