000
CXUS54 KOUN 011221
CF6LAW
PRELIMINARY LOCAL CLIMATOLOGICAL DATA (WS FORM: F-6)
STATION: LAWTON
MONTH: MARCH
YEAR: 2022
LATITUDE: 34 34 N
LONGITUDE: 98 25 W
TEMPERATURE IN F: :PCPN: SNOW: WIND :SUNSHINE: SKY :PK WND
================================================================================
1 2 3 4 5 6A 6B 7 8 9 10 11 12 13 14 15 16 17 18
12Z AVG MX 2MIN
DY MAX MIN AVG DEP HDD CDD WTR SNW DPTH SPD SPD DIR MIN PSBL S-S WX SPD DR
================================================================================
1 75 26 51 2 14 0 0.00 0.0 0 3.0 12 200 M M 0 15 220
2 77 27 52 3 13 0 0.00 0.0 0 3.3 16 180 M M 0 19 170
3 80 30 55 6 10 0 0.00 0.0 0 5.2 15 160 M M 0 20 170
4 77 41 59 9 6 0 0.00 0.0 0 11.4 26 170 M M 2 34 160
5 82 44 63 13 2 0 0.00 0.0 0 12.0 25 240 M M 0 40 180
6 52 31 42 -8 23 0 0.01 0.0 0 19.5 30 20 M M 8 1 36 30
7 46 27 37 -14 28 0 0.00 0.0 0 14.0 26 360 M M 0 31 360
8 48 24 36 -15 29 0 0.00 0.0 0 4.8 14 20 M M 2 17 20
9 58 19 39 -12 26 0 0.00 0.0 0 5.3 14 130 M M 0 20 130
10 58 28 43 -9 22 0 0.00 0.0 0 13.4 31 360 M M 0 38 10
11 40 19 30 -22 35 0 0.00 0.0 0 16.5 32 10 M M 6 8 39 10
12 59 17 38 -14 27 0 0.00 0.0 0 8.7 20 210 M M 0 28 180
13 70 21 46 -7 19 0 0.00 0.0 0 12.4 29 170 M M 0 38 180
14 69 45 57 4 8 0 0.00 0.0 0 12.4 25 170 M M 1 33 170
15 70 37 54 0 11 0 0.00 0.0 0 10.5 26 10 M M 0 33 350
16 83 30 57 3 8 0 0.00 0.0 0 10.3 24 170 M M 0 1 31 160
17 80 46 63 9 2 0 0.00 0.0 0 14.7 30 330 M M 1 3 41 320
18 65 33 49 -5 16 0 0.00 0.0 0 14.2 29 350 M M 5 37 330
19 76 27 52 -3 13 0 0.00 0.0 0 6.0 17 240 M M 0 25 240
20 82 34 58 3 7 0 0.00 0.0 0 13.6 32 160 M M 0 42 160
21 62 46 54 -1 11 0 1.72 0.0 0 9.5 22 140 M M 9 123 30 140
22 50 42 46 -10 19 0 0.00 0.0 0 14.5 29 330 M M 8 43 340
23 59 36 48 -8 17 0 0.00 0.0 0 11.1 25 340 M M 2 32 340
24 68 32 50 -6 15 0 0.00 0.0 0 6.3 17 340 M M 1 26 340
25 81 33 57 0 8 0 0.00 0.0 0 7.1 22 20 M M 0 30 30
26 76 39 58 1 7 0 0.00 0.0 0 7.3 16 120 M M 0 21 100
27 84 44 64 7 1 0 0.00 0.0 0 8.9 16 50 M M 0 21 60
28 87 48 68 11 0 3 0.00 0.0 0 12.0 22 160 M M 0 28 160
29 83 61 72 14 0 7 0.83 0.0 0 18.4 35 160 M M 1 13 47 160
30 65 46 56 -2 9 0 T 0.0 0 12.6 36 350 M M 4 46 360
31 68 36 52 -6 13 0 0.00 0.0 0 8.0 17 350 M M 2 28 290
================================================================================
SM 2130 1069 419 10 2.56 0.0 326.9 M 52
================================================================================
AV 68.7 34.5 10.5 FASTST M M 2 MAX(MPH)
MISC ----> 36 350 47 160
================================================================================
NOTES:
# LAST OF SEVERAL OCCURRENCES
COLUMN 17 PEAK WIND IN M.P.H.
PRELIMINARY LOCAL CLIMATOLOGICAL DATA (WS FORM: F-6) , PAGE 2
STATION: LAWTON
MONTH: MARCH
YEAR: 2022
LATITUDE: 34 34 N
LONGITUDE: 98 25 W
[TEMPERATURE DATA] [PRECIPITATION DATA] SYMBOLS USED IN COLUMN 16
AVERAGE MONTHLY: 51.6 TOTAL FOR MONTH: 2.56 1 = FOG OR MIST
DPTR FM NORMAL: -2.1 DPTR FM NORMAL: 0.67 2 = FOG REDUCING VISIBILITY
HIGHEST: 87 ON 28 GRTST 24HR 1.72 ON 21-21 TO 1/4 MILE OR LESS
LOWEST: 17 ON 12 3 = THUNDER
SNOW, ICE PELLETS, HAIL 4 = ICE PELLETS
TOTAL MONTH: 0.0 INCH 5 = HAIL
GRTST 24HR 0.0 6 = FREEZING RAIN OR DRIZZLE
GRTST DEPTH: 0 7 = DUSTSTORM OR SANDSTORM:
VSBY 1/2 MILE OR LESS
8 = SMOKE OR HAZE
[NO. OF DAYS WITH] [WEATHER - DAYS WITH] 9 = BLOWING SNOW
X = TORNADO
MAX 32 OR BELOW: 0 0.01 INCH OR MORE: 3
MAX 90 OR ABOVE: 0 0.10 INCH OR MORE: 2
MIN 32 OR BELOW: 14 0.50 INCH OR MORE: 2
MIN 0 OR BELOW: 0 1.00 INCH OR MORE: 1
[HDD (BASE 65) ]
TOTAL THIS MO. 419 CLEAR (SCALE 0-3) 25
DPTR FM NORMAL 51 PTCLDY (SCALE 4-7) 5
TOTAL FM JUL 1 2784 CLOUDY (SCALE 8-10) 1
DPTR FM NORMAL -195
[CDD (BASE 65) ]
TOTAL THIS MO. 10
DPTR FM NORMAL -6 [PRESSURE DATA]
TOTAL FM JAN 1 12 HIGHEST SLP 30.48 ON 12
DPTR FM NORMAL -6 LOWEST SLP 29.35 ON 29
[REMARKS]
#FINAL-03-22#