000
CXUS54 KLUB 051538
CF6LBB
PRELIMINARY LOCAL CLIMATOLOGICAL DATA (WS FORM: F-6)
STATION: LUBBOCK
MONTH: JUNE
YEAR: 2023
LATITUDE: 33 39 N
LONGITUDE: 101 49 W
TEMPERATURE IN F: :PCPN: SNOW: WIND :SUNSHINE: SKY :PK WND
================================================================================
1 2 3 4 5 6A 6B 7 8 9 10 11 12 13 14 15 16 17 18
12Z AVG MX 2MIN
DY MAX MIN AVG DEP HDD CDD WTR SNW DPTH SPD SPD DIR MIN PSBL S-S WX SPD DR
================================================================================
1 73 61 67 -9 0 2 0.10 0.0 0 15.6 32 130 M M 7 13 42 130
2 77 57 67 -9 0 2 0.69 0.0 0 13.3 37 340 M M 8 123 49 340
3 78 56 67 -9 0 2 0.31 0.0 0 8.3 30 280 M M 7 13 36 280
4 78 58 68 -9 0 3 0.02 0.0 0 8.8 25 30 M M 8 38 33 40
5 77 60 69 -8 0 4 0.02 0.0 0 6.8 16 320 M M 7 1 23 320
6 81 58 70 -7 0 5 0.00 0.0 0 5.5 13 110 M M 3 16 120
7 85 63 74 -3 0 9 0.04 0.0 0 10.4 29 270 M M 8 3 38 270
8 86 61 74 -4 0 9 0.00 0.0 0 7.2 18 350 M M 5 25 350
9 93 65 79 1 0 14 0.00 0.0 0 9.8 23 120 M M 5 28 120
10 95 62 79 1 0 14 0.00 0.0 0 8.6 23 180 M M 3 29 180
11 92 63 78 0 0 13 0.00 0.0 0 12.4 24 90 M M 2 34 80
12 76 61 69 -9 0 4 T 0.0 0 16.9 25 70 M M 7 1 35 70
13 88 63 76 -2 0 11 T 0.0 0 9.6 23 50 M M 6 1 30 60
14 93 65 79 0 0 14 0.00 0.0 0 9.0 23 60 M M 4 29 70
15 98 65 82 3 0 17 0.00 0.0 0 12.3 32 230 M M 2 1 41 230
16 93 58 76 -3 0 11 0.00 0.0 0 10.6 26 140 M M 2 37 120
17 98 69 84 5 0 19 0.00 0.0 0 10.2 31 160 M M 6 41 160
18 96 60 78 -1 0 13 0.00 0.0 0 8.0 21 130 M M 2 27 30
19 105 69 87 8 0 22 0.00 0.0 0 11.2 22 240 M M 2 30 240
20 107 68 88 8 0 23 0.00 0.0 0 10.1 23 340 M M 5 30 340
21 108 70 89 9 0 24 0.00 0.0 0 12.0 39 50 M M 3 8 55 50
22 96 67 82 2 0 17 0.00 0.0 0 11.8 25 70 M M 4 34 120
23 95 72 84 4 0 19 0.01 0.0 0 14.5 31 150 M M 5 13 41 140
24 108 70 89 9 0 24 0.00 0.0 0 13.5 22 270 M M 2 32 190
25 101 70 86 6 0 21 0.00 0.0 0 12.4 23 180 M M 0 30 190
26 100 71 86 6 0 21 0.00 0.0 0 9.4 17 110 M M 2 22 140
27 109 73 91 11 0 26 0.00 0.0 0 17.0 30 190 M M 2 40 200
28 106 79 93 13 0 28 0.00 0.0 0 20.9 33 200 M M 2 43 210
29 101 76 89 9 0 24 0.00 0.0 0 16.7 30 180 M M 4 39 180
30 94 67 81 1 0 16 0.50 0.0 0 14.4 28 20 M M 5 13 35 340
================================================================================
SM 2787 1957 0 431 1.69 0.0 347.2 M 128
================================================================================
AV 92.9 65.2 11.6 FASTST M M 4 MAX(MPH)
MISC ----> 39 50 55 50
================================================================================
NOTES:
# LAST OF SEVERAL OCCURRENCES
COLUMN 17 PEAK WIND IN M.P.H.
PRELIMINARY LOCAL CLIMATOLOGICAL DATA (WS FORM: F-6) , PAGE 2
STATION: LUBBOCK
MONTH: JUNE
YEAR: 2023
LATITUDE: 33 39 N
LONGITUDE: 101 49 W
[TEMPERATURE DATA] [PRECIPITATION DATA] SYMBOLS USED IN COLUMN 16
AVERAGE MONTHLY: 79.1 TOTAL FOR MONTH: 1.69 1 = FOG OR MIST
DPTR FM NORMAL: 0.5 DPTR FM NORMAL: -0.89 2 = FOG REDUCING VISIBILITY
HIGHEST: 109 ON 27 GRTST 24HR 0.69 ON 2- 2 TO 1/4 MILE OR LESS
LOWEST: 56 ON 3 3 = THUNDER
SNOW, ICE PELLETS, HAIL 4 = ICE PELLETS
TOTAL MONTH: 0.0 INCH 5 = HAIL
GRTST 24HR 0.0 6 = FREEZING RAIN OR DRIZZLE
GRTST DEPTH: 0 7 = DUSTSTORM OR SANDSTORM:
VSBY 1/2 MILE OR LESS
8 = SMOKE OR HAZE
[NO. OF DAYS WITH] [WEATHER - DAYS WITH] 9 = BLOWING SNOW
X = TORNADO
MAX 32 OR BELOW: 0 0.01 INCH OR MORE: 8
MAX 90 OR ABOVE: 20 0.10 INCH OR MORE: 4
MIN 32 OR BELOW: 0 0.50 INCH OR MORE: 2
MIN 0 OR BELOW: 0 1.00 INCH OR MORE: 0
[HDD (BASE 65) ]
TOTAL THIS MO. 0 CLEAR (SCALE 0-3) 12
DPTR FM NORMAL -1 PTCLDY (SCALE 4-7) 17
TOTAL FM JUL 1 3048 CLOUDY (SCALE 8-10) 1
DPTR FM NORMAL -195
[CDD (BASE 65) ]
TOTAL THIS MO. 431
DPTR FM NORMAL 22 [PRESSURE DATA]
TOTAL FM JAN 1 654 HIGHEST SLP 30.03 ON 5
DPTR FM NORMAL -28 LOWEST SLP 29.55 ON 15
[REMARKS]
#FINAL-06-23#