000
CXUS54 KLUB 010730
CF6LBB
PRELIMINARY LOCAL CLIMATOLOGICAL DATA (WS FORM: F-6)
STATION: LUBBOCK
MONTH: OCTOBER
YEAR: 2022
LATITUDE: 33 39 N
LONGITUDE: 101 49 W
TEMPERATURE IN F: :PCPN: SNOW: WIND :SUNSHINE: SKY :PK WND
================================================================================
1 2 3 4 5 6A 6B 7 8 9 10 11 12 13 14 15 16 17 18
12Z AVG MX 2MIN
DY MAX MIN AVG DEP HDD CDD WTR SNW DPTH SPD SPD DIR MIN PSBL S-S WX SPD DR
================================================================================
1 86 57 72 5 0 7 0.00 0.0 0 8.4 21 140 M M 3 28 150
2 82 53 68 1 0 3 0.00 0.0 0 7.5 13 140 M M 1 17 130
3 81 52 67 0 0 2 0.00 0.0 0 7.1 15 140 M M 2 21 180
4 82 53 68 2 0 3 0.00 0.0 0 8.0 17 130 M M 4 28 160
5 72 59 66 0 0 1 0.13 0.0 0 6.9 18 200 M M 9 13 23 200
6 76 59 68 2 0 3 T 0.0 0 9.9 16 320 M M 8 23 360
7 68 55 62 -3 3 0 0.03 0.0 0 11.7 22 60 M M 8 31 60
8 59 47 53 -12 12 0 0.17 0.0 0 8.2 15 70 M M 9 1 19 70
9 63 53 58 -6 7 0 0.23 0.0 0 3.0 13 170 M M 8 13 16 170
10 65 54 60 -4 5 0 0.52 0.0 0 6.6 16 160 M M 8 123 19 160
11 79 54 67 3 0 2 0.00 0.0 0 12.1 25 220 M M 3 32 210
12 78 53 66 3 0 1 0.00 0.0 0 9.4 22 10 M M 0 32 360
13 71 46 59 -4 6 0 0.00 0.0 0 8.2 16 50 M M 1 22 50
14 82 50 66 3 0 1 0.00 0.0 0 10.4 21 230 M M 3 29 200
15 84 56 70 8 0 5 0.00 0.0 0 8.6 28 200 M M 6 34 220
16 69 53 61 -1 4 0 0.51 0.0 0 14.0 28 50 M M 10 1 37 50
17 59 53 56 -6 9 0 0.05 0.0 0 6.5 15 50 M M 9 1 21 70
18 62 51 57 -4 8 0 T 0.0 0 6.6 12 120 M M 8 16 240
19 74 45 60 -1 5 0 0.00 0.0 0 9.8 18 260 M M 2 128 27 260
20 80 44 62 2 3 0 0.00 0.0 0 7.2 14 270 M M 1 17 270
21 83 47 65 5 0 0 0.00 0.0 0 11.1 24 240 M M 1 31 230
22 85 57 71 11 0 6 0.00 0.0 0 15.7 26 250 M M 6 36 250
23 85 62 74 15 0 9 0.00 0.0 0 19.5 31 220 M M 6 39 230
24 68 38 53 -6 12 0 0.31 T 0 15.2 35 290 M M 8 13 44 280
25 65 37 51 -7 14 0 0.00 0.0 0 7.2 14 300 M M 0 19 280
26 71 41 56 -2 9 0 0.00 0.0 0 10.2 22 180 M M 0 29 170
27 75 44 60 2 5 0 T 0.0 0 10.9 25 230 M M 5 33 220
28 53 43 48 -9 17 0 0.44 0.0 0 12.7 25 10 M M 10 13 37 10
29 65 40 53 -4 12 0 0.00 0.0 0 6.9 14 320 M M 1 1 18 10
30 71 39 55 -1 10 0 0.00 0.0 0 4.5 10 60 M M 3 14 310
31 70 43 57 1 8 0 0.00 0.0 0 6.5 17 190 M M 4 23 200
================================================================================
SM 2263 1538 149 43 2.39 T 290.5 M 147
================================================================================
AV 73.0 49.6 9.4 FASTST M M 5 MAX(MPH)
MISC ----> 35 290 44 280
================================================================================
NOTES:
# LAST OF SEVERAL OCCURRENCES
COLUMN 17 PEAK WIND IN M.P.H.
PRELIMINARY LOCAL CLIMATOLOGICAL DATA (WS FORM: F-6) , PAGE 2
STATION: LUBBOCK
MONTH: OCTOBER
YEAR: 2022
LATITUDE: 33 39 N
LONGITUDE: 101 49 W
[TEMPERATURE DATA] [PRECIPITATION DATA] SYMBOLS USED IN COLUMN 16
AVERAGE MONTHLY: 61.3 TOTAL FOR MONTH: 2.39 1 = FOG OR MIST
DPTR FM NORMAL: -0.5 DPTR FM NORMAL: 0.86 2 = FOG REDUCING VISIBILITY
HIGHEST: 86 ON 1 GRTST 24HR 0.56 ON 16-17 TO 1/4 MILE OR LESS
LOWEST: 37 ON 25 3 = THUNDER
SNOW, ICE PELLETS, HAIL 4 = ICE PELLETS
TOTAL MONTH: T 5 = HAIL
GRTST 24HR T ON 24-24 6 = FREEZING RAIN OR DRIZZLE
GRTST DEPTH: 0 7 = DUSTSTORM OR SANDSTORM:
VSBY 1/2 MILE OR LESS
8 = SMOKE OR HAZE
[NO. OF DAYS WITH] [WEATHER - DAYS WITH] 9 = BLOWING SNOW
X = TORNADO
MAX 32 OR BELOW: 0 0.01 INCH OR MORE: 9
MAX 90 OR ABOVE: 0 0.10 INCH OR MORE: 7
MIN 32 OR BELOW: 0 0.50 INCH OR MORE: 2
MIN 0 OR BELOW: 0 1.00 INCH OR MORE: 0
[HDD (BASE 65) ]
TOTAL THIS MO. 149 CLEAR (SCALE 0-3) 14
DPTR FM NORMAL -11 PTCLDY (SCALE 4-7) 12
TOTAL FM JUL 1 149 CLOUDY (SCALE 8-10) 5
DPTR FM NORMAL -30
[CDD (BASE 65) ]
TOTAL THIS MO. 43
DPTR FM NORMAL -17 [PRESSURE DATA]
TOTAL FM JAN 1 2494 HIGHEST SLP M ON M
DPTR FM NORMAL 550 LOWEST SLP 29.49 ON 23
[REMARKS]
#FINAL-10-22#