000
CXUS55 KLBF 011510
CF6LBF
PRELIMINARY LOCAL CLIMATOLOGICAL DATA (WS FORM: F-6)
STATION: NORTH PLATTE
MONTH: JANUARY
YEAR: 2021
LATITUDE: 41 7 N
LONGITUDE: 100 41 W
TEMPERATURE IN F: :PCPN: SNOW: WIND :SUNSHINE: SKY :PK WND
================================================================================
1 2 3 4 5 6A 6B 7 8 9 10 11 12 13 14 15 16 17 18
12Z AVG MX 2MIN
DY MAX MIN AVG DEP HDD CDD WTR SNW DPTH SPD SPD DIR MIN PSBL S-S WX SPD DR
================================================================================
1 42 6 24 0 41 0 0.00 0.0 2 5.8 13 300 M M 0 16 300
2 43 10 27 3 38 0 0.00 0.0 1 3.5 13 200 M M 0 15 210
3 46 19 33 9 32 0 0.00 0.0 T 5.9 14 290 M M 2 18 290
4 49 25 37 13 28 0 0.00 0.0 T 7.0 21 340 M M 2 29 340
5 44 23 34 10 31 0 0.00 0.0 T 5.5 16 310 M M 3 8 22 320
6 46 29 38 14 27 0 0.00 0.0 T 11.8 23 340 M M 5 34 340
7 35 30 33 8 32 0 0.00 0.0 0 3.1 10 120 M M 10 15 30
8 37 32 35 10 30 0 0.01 T 0 4.4 12 220 M M 10 1 15 200
9 39 29 34 9 31 0 T T 0 3.6 12 10 M M 10 17 20
10 39 23 31 6 34 0 0.00 0.0 0 3.5 10 270 M M 8 13 270
11 51 14 33 8 32 0 0.00 0.0 0 6.5 18 290 M M 0 22 290
12 57 14 36 11 29 0 0.00 0.0 0 6.3 15 290 M M 0 20 290
13 63 24 44 19 21 0 0.00 0.0 0 11.3 43 350 M M 0 64 340
14 46 32 39 14 26 0 T T 0 27.9 48 320 M M 5 67 320
15 38 16 27 2 38 0 T T 0 23.9 45 320 M M 6 66 320
16 48 16 32 7 33 0 0.00 0.0 0 11.1 32 320 M M 6 41 300
17 48 23 36 11 29 0 0.00 0.0 0 9.4 24 310 M M 2 31 300
18 50 21 36 11 29 0 T T 0 13.6 32 320 M M 5 47 310
19 42 12 27 2 38 0 0.00 0.0 0 7.4 24 300 M M 3 33 300
20 58 17 38 13 27 0 0.00 0.0 0 8.6 28 300 M M 0 34 310
21 49 14 32 7 33 0 0.00 0.0 0 6.0 16 10 M M 3 23 360
22 38 22 30 5 35 0 T T T 7.6 15 160 M M 7 21 160
23 30 22 26 1 39 0 0.03 0.4 0 7.5 15 130 M M 9 1 22 160
24 32 24 28 3 37 0 0.00 0.0 T 7.0 13 160 M M 10 17 120
25 26 18 22 -3 43 0 0.34 4.1 T 10.8 25 20 M M 10 1 35 20
26 19 13 16 -10 49 0 0.03 0.6 4 6.1 14 30 M M 9 19 40
27 21 0 11 -15 54 0 T 0.1 4 4.5 13 190 M M 5 128 17 190
28 21 3 12 -14 53 0 0.00 0.0 3 4.7 13 210 M M 1 1 16 180
29 33 11 22 -4 43 0 0.00 0.0 3 3.1 13 120 M M 4 18 14 120
30 31 23 27 1 38 0 0.00 0.0 3 11.1 25 330 M M 10 128 35 340
31 47 19 33 7 32 0 0.00 0.0 2 7.9 20 320 M M 3 27 330
================================================================================
SM 1268 584 1082 0 0.41 5.2 256.4 M 148
================================================================================
AV 40.9 18.8 8.3 FASTST M M 5 MAX(MPH)
MISC ----> 48 320 67 320
================================================================================
NOTES:
# LAST OF SEVERAL OCCURRENCES
COLUMN 17 PEAK WIND IN M.P.H.
PRELIMINARY LOCAL CLIMATOLOGICAL DATA (WS FORM: F-6) , PAGE 2
STATION: NORTH PLATTE
MONTH: JANUARY
YEAR: 2021
LATITUDE: 41 7 N
LONGITUDE: 100 41 W
[TEMPERATURE DATA] [PRECIPITATION DATA] SYMBOLS USED IN COLUMN 16
AVERAGE MONTHLY: 29.9 TOTAL FOR MONTH: 0.41 1 = FOG OR MIST
DPTR FM NORMAL: 4.9 DPTR FM NORMAL: 0.07 2 = FOG REDUCING VISIBILITY
HIGHEST: 63 ON 13 GRTST 24HR 0.34 ON 25-25 TO 1/4 MILE OR LESS
LOWEST: 0 ON 27 3 = THUNDER
SNOW, ICE PELLETS, HAIL 4 = ICE PELLETS
TOTAL MONTH: 5.2 INCHES 5 = HAIL
GRTST 24HR 4.1 ON 25-25 6 = FREEZING RAIN OR DRIZZLE
GRTST DEPTH: 4 ON 27,26 7 = DUSTSTORM OR SANDSTORM:
VSBY 1/2 MILE OR LESS
8 = SMOKE OR HAZE
[NO. OF DAYS WITH] [WEATHER - DAYS WITH] 9 = BLOWING SNOW
X = TORNADO
MAX 32 OR BELOW: 7 0.01 INCH OR MORE: 4
MAX 90 OR ABOVE: 0 0.10 INCH OR MORE: 1
MIN 32 OR BELOW: 31 0.50 INCH OR MORE: 0
MIN 0 OR BELOW: 1 1.00 INCH OR MORE: 0
[HDD (BASE 65) ]
TOTAL THIS MO. 1082 CLEAR (SCALE 0-3) 13
DPTR FM NORMAL -158 PTCLDY (SCALE 4-7) 10
TOTAL FM JUL 1 3463 CLOUDY (SCALE 8-10) 8
DPTR FM NORMAL -556
[CDD (BASE 65) ]
TOTAL THIS MO. 0
DPTR FM NORMAL 0 [PRESSURE DATA]
TOTAL FM JAN 1 0 HIGHEST SLP 30.48 ON 19
DPTR FM NORMAL 0 LOWEST SLP 29.60 ON 30
[REMARKS]
#FINAL-01-21#