000
CXUS53 KLBF 011124
CLMLBF
CLIMATE REPORT
NATIONAL WEATHER SERVICE NORTH PLATTE NE
624 AM CDT WED NOV 01 2023
...................................
...THE NORTH PLATTE CLIMATE SUMMARY FOR THE MONTH OF OCTOBER 2023...
CLIMATE NORMAL PERIOD 1991 TO 2020
CLIMATE RECORD PERIOD 1874 TO 2023
WEATHER OBSERVED NORMAL DEPART LAST YEAR`S
VALUE DATE(S) VALUE FROM VALUE DATE(S)
NORMAL
................................................................
TEMPERATURE (F)
RECORD
HIGH 96 10/05/1947
LOW 4 10/31/2019
10/28/1925
10/29/1913
HIGHEST 90 10/02 86 4 89 10/02
LOWEST 9 10/30 17 -8 21 10/25
10/31
AVG. MAXIMUM 64.8 66.0 -1.2 71.1
AVG. MINIMUM 34.4 34.3 0.1 33.1
MEAN 49.6 50.2 -0.6 52.1
DAYS MAX >= 90 1 0.3 0.7 0
DAYS MAX <= 32 1 0.5 0.5 0
DAYS MIN <= 32 13 13.8 -0.8 17
DAYS MIN <= 0 0 0.0 0.0 0
PRECIPITATION (INCHES)
RECORD
MAXIMUM 5.80 1946
MINIMUM T 1933
TOTALS 0.71 1.65 -0.94 0.57
DAILY AVG. 0.02 0.05 -0.03 0.02
DAYS >= .01 8 6.8 1.2 4
DAYS >= .10 2 3.4 -1.4 2
DAYS >= .50 0 1.0 -1.0 0
DAYS >= 1.00 0 0.4 -0.4 0
GREATEST
24 HR. TOTAL 0.37 10/11 TO 10/12 0.40 10/07 TO 10/07
10/12 TO 10/13
SNOWFALL (INCHES)
RECORDS
TOTAL 30.3 2009
TOTALS 1.2 2.2 -1.0 0.0
SINCE 7/1 1.2 2.3 -1.1 MM
SNOWDEPTH AVG. 0 0
DAYS >= 1.0 0 0.5 -0.5 0
GREATEST
SNOW DEPTH 1R 10/29 0 MM
24 HR TOTAL 1.2 10/28 TO 10/29
DEGREE DAYS
HEATING TOTAL 493 467 26 401
SINCE 7/1 550 601 -51 MM
COOLING TOTAL 23 6 17 6
SINCE 1/1 913 903 10 MM
................................................................
WIND (MPH)
AVERAGE WIND SPEED 8.3
HIGHEST WIND SPEED/DIRECTION 36/330 DATE 10/13
HIGHEST GUST SPEED/DIRECTION 54/330 DATE 10/13
SKY COVER
POSSIBLE SUNSHINE (PERCENT) MM
AVERAGE SKY COVER 0.29
NUMBER OF DAYS FAIR 20
NUMBER OF DAYS PC 7
NUMBER OF DAYS CLOUDY 4
AVERAGE RH (PERCENT) 66
WEATHER CONDITIONS. NUMBER OF DAYS WITH
THUNDERSTORM 3 MIXED PRECIP 0
HEAVY RAIN 1 RAIN 2
LIGHT RAIN 7 FREEZING RAIN 0
LT FREEZING RAIN 0 HAIL 0
HEAVY SNOW 0 SNOW 0
LIGHT SNOW 2 SLEET 0
FOG 8 FOG W/VIS <= 1/4 MILE 1
HAZE 0
- INDICATES NEGATIVE NUMBERS.
R INDICATES RECORD WAS SET OR TIED.
MM INDICATES DATA IS MISSING.
T INDICATES TRACE AMOUNT.
$$