000
CXUS52 KILM 011911
CLMLBT
CLIMATE REPORT
NATIONAL WEATHER SERVICE WILMINGTON NC
311 PM EDT TUE AUG 01 2023
...................................
...THE LUMBERTON NORTH CAROLINA CLIMATE SUMMARY FOR THE MONTH OF JULY 2023...
CLIMATE NORMAL PERIOD 1991 TO 2020
CLIMATE RECORD PERIOD 1903 TO 2023
WEATHER OBSERVED NORMAL DEPART LAST YEAR`S
VALUE DATE(S) VALUE FROM VALUE DATE(S)
NORMAL
................................................................
TEMPERATURE (F)
RECORD
HIGH 108 07/21/1926
LOW 50 07/05/1988
07/11/1963
07/05/1933
HIGHEST 96 07/07 MM MM 97
07/13
07/26
LOWEST 67 07/31 MM MM 67
AVG. MAXIMUM 92.9 91.0 1.9 90.8
AVG. MINIMUM 72.4 72.3 0.1 73.7
MEAN 82.6 81.6 1.0 82.3
DAYS MAX >= 90 28 19.9 8.1 21
DAYS MAX <= 32 0 0.0 0.0 0
DAYS MIN <= 32 0 0.0 0.0 0
DAYS MIN <= 0 0 0.0 0.0 0
PRECIPITATION (INCHES)
RECORD
MAXIMUM 14.16 1916
MINIMUM 0.34 2007
TOTALS 8.82 4.61 4.21
DAILY AVG. 0.28 0.15 0.13
DAYS >= .01 16 12.2 3.8
DAYS >= .10 10 7.9 2.1
DAYS >= .50 4 3.0 1.0
DAYS >= 1.00 3 1.1 1.9
GREATEST
24 HR. TOTAL 4.48 07/30 TO 07/31 3.38 07/08 TO 07/09
STORM TOTAL 2.46
(MM/DD(HH))
DEGREE DAYS
HEATING TOTAL 0 0 0 0
SINCE 7/1 0 0 0
COOLING TOTAL 554 516 38 545
SINCE 1/1 1146 1228 -82
FREEZE DATES
RECORD
EARLIEST 10/03/1981
LATEST 05/10/1980
EARLIEST 10/20
LATEST 03/28
................................................................
WIND (MPH)
AVERAGE WIND SPEED 4.4
RESULTANT WIND SPEED/DIRECTION 2/210
HIGHEST WIND SPEED/DIRECTION 30/340 DATE 07/01
30/250 07/09
30/340 07/23
HIGHEST GUST SPEED/DIRECTION 41/330 DATE 07/01
SKY COVER
AVERAGE SKY COVER 0.23
AVERAGE RH (PERCENT) 76
WEATHER CONDITIONS. NUMBER OF DAYS WITH
THUNDERSTORM 16 MIXED PRECIP MM
HEAVY RAIN 9 RAIN 11
LIGHT RAIN 18 FREEZING RAIN 0
LT FREEZING RAIN 0 HAIL MM
HEAVY SNOW 0 SNOW 0
LIGHT SNOW 0 SLEET MM
FOG 22 FOG W/VIS <= 1/4 MILE 4
HAZE 4
- INDICATES NEGATIVE NUMBERS.
R INDICATES RECORD WAS SET OR TIED.
MM INDICATES DATA IS MISSING.
T INDICATES TRACE AMOUNT.
$$