000
CXUS54 KHGX 020714
CF6LBX
PRELIMINARY LOCAL CLIMATOLOGICAL DATA (WS FORM: F-6)
STATION: ANGLETON/LAKE_JACKS
MONTH: MAY
YEAR: 2022
LATITUDE: 29 6 N
LONGITUDE: 95 28 W
TEMPERATURE IN F: :PCPN: SNOW: WIND :SUNSHINE: SKY :PK WND
================================================================================
1 2 3 4 5 6A 6B 7 8 9 10 11 12 13 14 15 16 17 18
12Z AVG MX 2MIN
DY MAX MIN AVG DEP HDD CDD WTR SNW DPTH SPD SPD DIR MIN PSBL S-S WX SPD DR
================================================================================
1 89 67 78 5 0 13 0.01 0.0 0 9.3 20 160 M M 5 12 25 180
2 87 76 82 8 0 17 0.00 0.0 0 16.5 28 180 M M 6 39 180
3 87 75 81 7 0 16 0.00 0.0 0 11.9 22 160 M M 8 30 160
4 88 78 83 9 0 18 0.00 0.0 0 14.1 24 180 M M 8 36 170
5 87 72 80 6 0 15 0.04 0.0 0 15.9 32 160 M M 7 13 42 170
6 91 70 81 6 0 16 T 0.0 0 7.4 18 180 M M 4 13 24 180
7 89 75 82 7 0 17 0.00 0.0 0 9.8 17 180 M M 9 18 22 180
8 91 74 83 8 0 18 0.00 0.0 0 12.3 20 160 M M 5 18 26 170
9 90 79 85 10 0 20 0.00 0.0 0 14.0 21 150 M M 5 30 170
10 90 78 84 8 0 19 0.00 0.0 0 12.7 20 150 M M 6 26 170
11 89 69 79 3 0 14 0.00 0.0 0 5.9 16 130 M M 3 18 24 120
12 88 65 77 1 0 12 0.00 0.0 M 5.4 16 170 M M 1 1 22 160
13 89 63 76 0 0 11 0.00 0.0 0 6.8 18 170 M M 3 1 23 160
14 89 68 79 2 0 14 0.00 0.0 0 6.5 17 170 M M 2 1 24 170
15 91 65 78 1 0 13 0.00 0.0 0 6.5 21 180 M M 2 1 28 170
16 93 67 80 3 0 15 0.00 0.0 0 7.1 21 180 M M 1 1 26 180
17 90 65 78 1 0 13 0.00 0.0 0 8.4 21 170 M M 1 12 30 160
18 92 76 84 6 0 19 0.00 0.0 0 14.0 24 170 M M 1 31 140
19 91 76 84 6 0 19 0.00 0.0 0 15.4 24 170 M M 2 30 170
20 93 79 86 8 0 21 T 0.0 0 18.9 36 150 M M 6 8 53 140
21 91 81 86 8 0 21 T 0.0 0 12.9 23 170 M M 9 34 160
22 86 69 78 -1 0 13 0.96 0.0 0 7.2 28 330 M M 4 13 43 330
23 87 68 78 -1 0 13 0.00 0.0 0 7.8 17 100 M M 4 26 80
24 85 70 78 -1 0 13 0.19 0.0 0 8.8 29 160 M M 4 13 42 160
25 86 65 76 -3 0 11 0.81 0.0 0 6.9 22 320 M M 3 13 43 340
26 94 58 76 -4 0 11 0.00 0.0 0 5.0 15 180 M M 0 18 190
27 94 69 82 2 0 17 0.00 0.0 0 4.8 8 270 M M 1 1 M M
28 94 70 82 2 0 17 0.00 0.0 0 6.4 17 180 M M M 22 180
29 90 74 82 2 0 17 T 0.0 0 14.3 25 170 M M M 32 180
30 91 80 86 6 0 21 T 0.0 0 15.7 25 170 M M M 35 160
31 91 80 86 6 0 21 0.05 0.0 0 12.3 20 130 M M 5 27 150
================================================================================
SM 2783 2221 0 495 2.06 0.0 320.9 M 115
================================================================================
AV 89.8 71.6 10.4 FASTST M M 4 MAX(MPH)
MISC ----> 36 150 53 140
================================================================================
NOTES:
# LAST OF SEVERAL OCCURRENCES
COLUMN 17 PEAK WIND IN M.P.H.
PRELIMINARY LOCAL CLIMATOLOGICAL DATA (WS FORM: F-6) , PAGE 2
STATION: ANGLETON/LAKE_JACKS
MONTH: MAY
YEAR: 2022
LATITUDE: 29 6 N
LONGITUDE: 95 28 W
[TEMPERATURE DATA] [PRECIPITATION DATA] SYMBOLS USED IN COLUMN 16
AVERAGE MONTHLY: 80.7 TOTAL FOR MONTH: 2.06 1 = FOG OR MIST
DPTR FM NORMAL: 3.6 DPTR FM NORMAL: -2.24 2 = FOG REDUCING VISIBILITY
HIGHEST: 94 ON 28,27 GRTST 24HR 1.00 ON 24-25 TO 1/4 MILE OR LESS
LOWEST: 58 ON 26 3 = THUNDER
SNOW, ICE PELLETS, HAIL 4 = ICE PELLETS
TOTAL MONTH: 0.0 INCH 5 = HAIL
GRTST 24HR 0.0 6 = FREEZING RAIN OR DRIZZLE
GRTST DEPTH: 0 7 = DUSTSTORM OR SANDSTORM:
VSBY 1/2 MILE OR LESS
8 = SMOKE OR HAZE
[NO. OF DAYS WITH] [WEATHER - DAYS WITH] 9 = BLOWING SNOW
X = TORNADO
MAX 32 OR BELOW: 0 0.01 INCH OR MORE: 6
MAX 90 OR ABOVE: 17 0.10 INCH OR MORE: 3
MIN 32 OR BELOW: 0 0.50 INCH OR MORE: 2
MIN 0 OR BELOW: 0 1.00 INCH OR MORE: 0
[HDD (BASE 65) ]
TOTAL THIS MO. 0 CLEAR (SCALE 0-3) 12
DPTR FM NORMAL -2 PTCLDY (SCALE 4-7) 13
TOTAL FM JUL 1 1034 CLOUDY (SCALE 8-10) 6
DPTR FM NORMAL -94
[CDD (BASE 65) ]
TOTAL THIS MO. 495
DPTR FM NORMAL 120 [PRESSURE DATA]
TOTAL FM JAN 1 891 HIGHEST SLP 30.13 ON 22
DPTR FM NORMAL 191 LOWEST SLP 29.63 ON 20
[REMARKS]
#FINAL-05-22#