000
CXUS52 KMLB 010624
CF6LEE
PRELIMINARY LOCAL CLIMATOLOGICAL DATA (WS FORM: F-6)
STATION: LEESBURG
MONTH: JUNE
YEAR: 2022
LATITUDE: 28 49 N
LONGITUDE: 81 49 W
TEMPERATURE IN F: :PCPN: SNOW: WIND :SUNSHINE: SKY :PK WND
================================================================================
1 2 3 4 5 6A 6B 7 8 9 10 11 12 13 14 15 16 17 18
12Z AVG MX 2MIN
DY MAX MIN AVG DEP HDD CDD WTR SNW DPTH SPD SPD DIR MIN PSBL S-S WX SPD DR
================================================================================
1 89 71 80 0 0 15 0.24 0.0 0 9.0 20 60 M M 1 18 26 40
2 91 70 81 0 0 16 0.00 0.0 0 6.6 14 190 M M 2 18 190
3 87 71 79 -2 0 14 0.00 0.0 0 6.7 16 150 M M 1 22 140
4 85 73 79 -2 0 14 0.03 0.0 0 10.0 23 40 M M 7 18 30 60
5 94 71 83 2 0 18 0.01 0.0 0 5.6 25 40 M M 4 30 40
6 90 73 82 1 0 17 0.03 0.0 0 5.6 21 60 M M 1 13 27 60
7 95 69 82 1 0 17 0.00 0.0 0 3.9 15 60 M M 1 20 80
8 93 75 84 3 0 19 0.01 0.0 0 4.8 17 330 M M 1 3 24 340
9 92 75 84 2 0 19 0.00 0.0 0 6.6 15 260 M M 1 23 260
10 90 71 81 -1 0 16 1.20 0.0 0 6.0 28 330 M M 3 13 43 300
11 88 73 81 -1 0 16 0.03 0.0 0 9.6 17 200 M M 4 13 23 240
12 90 74 82 0 0 17 0.00 0.0 0 7.8 16 200 M M 2 20 240
13 90 76 83 1 0 18 0.02 0.0 0 6.0 15 320 M M 2 13 19 330
14 94 75 85 3 0 20 0.00 0.0 0 3.2 15 350 M M 0 13 20 350
15 96 74 85 3 0 20 0.00 0.0 0 3.5 13 130 M M 1 1 18 130
16 98 77 88 6 0 23 0.00 0.0 0 5.6 18 50 M M 1 22 40
17 95 76 86 4 0 21 0.00 0.0 0 5.9 15 40 M M 2 19 30
18 96 74 85 3 0 20 0.35 0.0 0 6.7 22 220 M M 1 138 33 260
19 91 75 83 1 0 18 0.00 0.0 0 5.1 17 40 M M 1 3 22 50
20 92 74 83 1 0 18 0.00 0.0 0 8.8 17 80 M M 2 3 23 90
21 91 71 81 -1 0 16 0.00 0.0 0 7.9 16 60 M M 0 22 60
22 91 72 82 0 0 17 0.00 0.0 0 5.4 13 190 M M 3 16 190
23 95 73 84 2 0 19 0.22 0.0 0 6.9 32 10 M M 1 13 43 340
24 96 73 85 3 0 20 1.07 0.0 0 6.0 40 360 M M 4 138 57 360
25 91 73 82 0 0 17 0.01 0.0 0 5.5 18 30 M M 3 13 23 40
26 91 73 82 -1 0 17 0.00 0.0 0 8.5 18 40 M M 5 25 40
27 92 73 83 0 0 18 0.00 0.0 0 6.0 21 40 M M 1 26 50
28 94 77 86 3 0 21 0.00 0.0 0 7.6 21 110 M M 1 29 110
29 95 76 86 3 0 21 0.00 0.0 0 6.1 13 100 M M 1 17 100
30 94 74 84 1 0 19 0.00 0.0 0 4.6 22 50 M M 0 3 31 50
================================================================================
SM 2766 2202 0 541 3.22 0.0 191.5 M 57
================================================================================
AV 92.2 73.4 6.4 FASTST M M 2 MAX(MPH)
MISC ----> 40 360 57 360
================================================================================
NOTES:
# LAST OF SEVERAL OCCURRENCES
COLUMN 17 PEAK WIND IN M.P.H.
PRELIMINARY LOCAL CLIMATOLOGICAL DATA (WS FORM: F-6) , PAGE 2
STATION: LEESBURG
MONTH: JUNE
YEAR: 2022
LATITUDE: 28 49 N
LONGITUDE: 81 49 W
[TEMPERATURE DATA] [PRECIPITATION DATA] SYMBOLS USED IN COLUMN 16
AVERAGE MONTHLY: 82.8 TOTAL FOR MONTH: 3.22 1 = FOG OR MIST
DPTR FM NORMAL: 0.9 DPTR FM NORMAL: -3.76 2 = FOG REDUCING VISIBILITY
HIGHEST: 98 ON 16 GRTST 24HR 1.20 ON 10-10 TO 1/4 MILE OR LESS
LOWEST: 69 ON 7 3 = THUNDER
SNOW, ICE PELLETS, HAIL 4 = ICE PELLETS
TOTAL MONTH: 0.0 INCH 5 = HAIL
GRTST 24HR 0.0 6 = FREEZING RAIN OR DRIZZLE
GRTST DEPTH: 0 7 = DUSTSTORM OR SANDSTORM:
VSBY 1/2 MILE OR LESS
8 = SMOKE OR HAZE
[NO. OF DAYS WITH] [WEATHER - DAYS WITH] 9 = BLOWING SNOW
X = TORNADO
MAX 32 OR BELOW: 0 0.01 INCH OR MORE: 12
MAX 90 OR ABOVE: 26 0.10 INCH OR MORE: 5
MIN 32 OR BELOW: 0 0.50 INCH OR MORE: 2
MIN 0 OR BELOW: 0 1.00 INCH OR MORE: 2
[HDD (BASE 65) ]
TOTAL THIS MO. 0 CLEAR (SCALE 0-3) 24
DPTR FM NORMAL 0 PTCLDY (SCALE 4-7) 6
TOTAL FM JUL 1 443 CLOUDY (SCALE 8-10) 0
DPTR FM NORMAL -187
[CDD (BASE 65) ]
TOTAL THIS MO. 541
DPTR FM NORMAL 34 [PRESSURE DATA]
TOTAL FM JAN 1 1517 HIGHEST SLP M ON M
DPTR FM NORMAL 168 LOWEST SLP 29.68 ON 4
[REMARKS]
#FINAL-06-22#