000
CXUS52 KMLB 010628
CF6LEE
PRELIMINARY LOCAL CLIMATOLOGICAL DATA (WS FORM: F-6)
STATION: LEESBURG
MONTH: APRIL
YEAR: 2022
LATITUDE: 28 49 N
LONGITUDE: 81 49 W
TEMPERATURE IN F: :PCPN: SNOW: WIND :SUNSHINE: SKY :PK WND
================================================================================
1 2 3 4 5 6A 6B 7 8 9 10 11 12 13 14 15 16 17 18
12Z AVG MX 2MIN
DY MAX MIN AVG DEP HDD CDD WTR SNW DPTH SPD SPD DIR MIN PSBL S-S WX SPD DR
================================================================================
1 80 68 74 5 0 9 0.32 0.0 0 4.0 15 210 M M 7 13 21 190
2 77 61 69 -1 0 4 1.64 0.0 0 4.4 28 340 M M 5 13 39 340
3 80 61 71 1 0 6 0.00 0.0 0 4.6 13 20 M M 3 12 16 360
4 82 58 70 0 0 5 0.00 0.0 0 6.1 13 130 M M 0 17 130
5 88 68 78 8 0 13 0.00 0.0 0 9.0 18 180 M M 3 25 240
6 88 73 81 11 0 16 0.00 0.0 0 8.9 20 220 M M 2 3 27 200
7 79 64 72 2 0 7 0.07 0.0 0 11.2 24 180 M M 5 13 32 220
8 72 58 65 -6 0 0 0.00 0.0 0 9.7 21 280 M M 0 8 32 240
9 69 54 62 -9 3 0 0.00 0.0 0 10.0 25 270 M M 3 39 260
10 74 45 60 -11 5 0 0.00 0.0 0 2.9 12 120 M M 0 14 120
11 80 51 66 -5 0 1 0.00 0.0 0 6.9 14 180 M M 0 17 160
12 83 64 74 2 0 9 0.00 0.0 0 7.9 15 120 M M 0 20 110
13 84 66 75 3 0 10 0.00 0.0 0 8.4 15 130 M M 1 21 130
14 84 69 77 5 0 12 T 0.0 0 4.9 14 150 M M 4 17 150
15 87 69 78 6 0 13 0.00 0.0 0 7.3 21 60 M M 4 3 27 50
16 88 66 77 5 0 12 0.00 0.0 0 4.8 15 100 M M 2 1 20 100
17 88 70 79 7 0 14 0.00 0.0 0 5.8 21 110 M M 2 27 120
18 85 70 78 5 0 13 0.00 0.0 0 7.1 15 290 M M 2 23 310
19 79 60 70 -3 0 5 0.00 0.0 0 9.9 16 350 M M 0 21 340
20 80 55 68 -5 0 3 0.00 0.0 0 9.8 20 100 M M 4 25 110
21 82 63 73 0 0 8 0.00 0.0 0 9.7 21 60 M M 5 26 60
22 82 62 72 -2 0 7 0.00 0.0 0 10.3 22 60 M M 5 28 70
23 84 61 73 -1 0 8 0.00 0.0 0 9.3 18 90 M M 3 23 110
24 86 63 75 1 0 10 0.00 0.0 0 8.6 16 100 M M 4 22 90
25 87 66 77 3 0 12 0.00 0.0 0 7.2 16 100 M M 1 20 100
26 88 65 77 3 0 12 0.00 0.0 0 5.4 12 100 M M 2 15 100
27 90 67 79 5 0 14 0.00 0.0 0 5.1 13 60 M M 1 17 50
28 85 67 76 1 0 11 0.00 0.0 0 11.8 21 60 M M 3 28 70
29 84 65 75 0 0 10 0.00 0.0 0 10.1 18 100 M M 1 23 100
30 86 68 77 2 0 12 0.00 0.0 0 7.0 18 90 M M 6 24 100
================================================================================
SM 2481 1897 8 256 2.03 0.0 228.1 M 78
================================================================================
AV 82.7 63.2 7.6 FASTST M M 3 MAX(MPH)
MISC ----> 28 340 # 39 340
================================================================================
NOTES:
# LAST OF SEVERAL OCCURRENCES
COLUMN 17 PEAK WIND IN M.P.H.
PRELIMINARY LOCAL CLIMATOLOGICAL DATA (WS FORM: F-6) , PAGE 2
STATION: LEESBURG
MONTH: APRIL
YEAR: 2022
LATITUDE: 28 49 N
LONGITUDE: 81 49 W
[TEMPERATURE DATA] [PRECIPITATION DATA] SYMBOLS USED IN COLUMN 16
AVERAGE MONTHLY: 73.0 TOTAL FOR MONTH: 2.03 1 = FOG OR MIST
DPTR FM NORMAL: 0.8 DPTR FM NORMAL: -0.01 2 = FOG REDUCING VISIBILITY
HIGHEST: 90 ON 27 GRTST 24HR 2.30 ON 31- 1 TO 1/4 MILE OR LESS
LOWEST: 45 ON 10 3 = THUNDER
SNOW, ICE PELLETS, HAIL 4 = ICE PELLETS
TOTAL MONTH: 0.0 INCH 5 = HAIL
GRTST 24HR 0.0 6 = FREEZING RAIN OR DRIZZLE
GRTST DEPTH: 0 7 = DUSTSTORM OR SANDSTORM:
VSBY 1/2 MILE OR LESS
8 = SMOKE OR HAZE
[NO. OF DAYS WITH] [WEATHER - DAYS WITH] 9 = BLOWING SNOW
X = TORNADO
MAX 32 OR BELOW: 0 0.01 INCH OR MORE: 3
MAX 90 OR ABOVE: 1 0.10 INCH OR MORE: 2
MIN 32 OR BELOW: 0 0.50 INCH OR MORE: 1
MIN 0 OR BELOW: 0 1.00 INCH OR MORE: 1
[HDD (BASE 65) ]
TOTAL THIS MO. 8 CLEAR (SCALE 0-3) 20
DPTR FM NORMAL -4 PTCLDY (SCALE 4-7) 10
TOTAL FM JUL 1 443 CLOUDY (SCALE 8-10) 0
DPTR FM NORMAL -184
[CDD (BASE 65) ]
TOTAL THIS MO. 256
DPTR FM NORMAL 28 [PRESSURE DATA]
TOTAL FM JAN 1 545 HIGHEST SLP M ON M
DPTR FM NORMAL 103 LOWEST SLP 29.79 ON 7
[REMARKS]
#FINAL-04-22#