000
CXUS53 KLMK 020931
CLMLEX
CLIMATE REPORT
NATIONAL WEATHER SERVICE LOUISVILLE KY
431 AM EST SAT DEC 02 2023
...................................
...THE LEXINGTON KY CLIMATE SUMMARY FOR THE MONTH OF NOVEMBER 2023...
CLIMATE NORMAL PERIOD 1991 TO 2020
CLIMATE RECORD PERIOD 1872 TO 2023
WEATHER OBSERVED NORMAL DEPART LAST YEAR`S
VALUE DATE(S) VALUE FROM VALUE DATE(S)
NORMAL
................................................................
TEMPERATURE (F)
RECORD
HIGH 83 11/01/2016
LOW -3 11/25/1950
11/30/1929
HIGHEST 81 11/08 MM MM 79 11/09
LOWEST 16 11/29 MM MM 18 11/19
11/20
AVG. MAXIMUM 59.5 55.8 3.7 58.4
AVG. MINIMUM 37.5 36.4 1.1 37.0
MEAN 48.5 46.1 2.4 47.7
DAYS MAX >= 90 0 0.0 0.0 0
DAYS MAX <= 32 0 0.3 -0.3 0
DAYS MIN <= 32 8 11.0 -3.0 13
DAYS MIN <= 0 0 0.0 0.0 0
PRECIPITATION (INCHES)
RECORD
MAXIMUM 8.50 1919
MINIMUM 0.45 1976
TOTALS 1.70 3.37 -1.67 2.10
DAILY AVG. 0.06 0.11 -0.05 0.07
DAYS >= .01 5 10.3 -5.3 9
DAYS >= .10 2 6.1 -4.1 6
DAYS >= .50 1 2.5 -1.5 0
DAYS >= 1.00 1 0.7 0.3 0
GREATEST
24 HR. TOTAL 1.46 11/20 TO 11/21
SNOWFALL (INCHES)
RECORDS
TOTAL 9.7 5
TOTALS T 0.4 -0.4 0.3
SINCE 7/1 T 0.4 -0.4 MM
SNOWDEPTH AVG. 0 -1
DAYS >= 1.0 0 0.2 -0.2 0
GREATEST
SNOW DEPTH 0 MM 11/17
11/29
11/17
DEGREE DAYS
HEATING TOTAL 490 569 -79 515
SINCE 7/1 679 868 -189 MM
COOLING TOTAL 4 2 2 5
SINCE 1/1 1345 1289 56 MM
................................................................
WIND (MPH)
AVERAGE WIND SPEED 7.9
HIGHEST WIND SPEED/DIRECTION 24/220 DATE 11/30
HIGHEST GUST SPEED/DIRECTION 33/220 DATE 11/17
33/240 11/29
SKY COVER
POSSIBLE SUNSHINE (PERCENT) MM
AVERAGE SKY COVER 0.27
NUMBER OF DAYS FAIR 20
NUMBER OF DAYS PC 7
NUMBER OF DAYS CLOUDY 3
AVERAGE RH (PERCENT) 59
WEATHER CONDITIONS. NUMBER OF DAYS WITH
THUNDERSTORM 0 MIXED PRECIP 0
HEAVY RAIN 1 RAIN 2
LIGHT RAIN 8 FREEZING RAIN 0
LT FREEZING RAIN 0 HAIL 0
HEAVY SNOW 0 SNOW 0
LIGHT SNOW 1 SLEET 0
FOG 8 FOG W/VIS <= 1/4 MILE 0
HAZE 4
- INDICATES NEGATIVE NUMBERS.
R INDICATES RECORD WAS SET OR TIED.
MM INDICATES DATA IS MISSING.
T INDICATES TRACE AMOUNT.
$$