000
CXUS54 KSHV 011400
CF6LFK
PRELIMINARY LOCAL CLIMATOLOGICAL DATA (WS FORM: F-6)
STATION: LUFKIN
MONTH: NOVEMBER
YEAR: 2022
LATITUDE: 31 14 N
LONGITUDE: 94 45 W
TEMPERATURE IN F: :PCPN: SNOW: WIND :SUNSHINE: SKY :PK WND
================================================================================
1 2 3 4 5 6A 6B 7 8 9 10 11 12 13 14 15 16 17 18
12Z AVG MX 2MIN
DY MAX MIN AVG DEP HDD CDD WTR SNW DPTH SPD SPD DIR MIN PSBL S-S WX SPD DR
================================================================================
1 65 55 60 -2 5 0 0.03 0.0 0 2.6 15 110 M M 4 12 19 100
2 79 53 66 5 0 1 0.00 0.0 0 3.8 12 110 M M 4 12 16 100
3 84 64 74 13 0 9 T 0.0 0 8.4 16 130 M M 7 22 160
4 85 58 72 12 0 7 0.18 0.0 0 12.1 24 180 M M 9 13 36 160
5 72 53 63 3 2 0 T 0.0 0 2.1 8 150 M M 6 M M
6 84 50 67 7 0 2 0.10 0.0 0 4.6 13 210 M M M 18 19 210
7 87 69 78 18 0 13 0.00 0.0 0 4.2 10 90 M M 5 1 19 110
8 87 68 78 19 0 13 0.00 0.0 0 6.1 14 80 M M 3 1 20 130
9 83 65 74 15 0 9 0.00 0.0 0 3.5 10 160 M M 2 12 14 140
10 81 60 71 13 0 6 0.00 0.0 0 3.5 10 160 M M 3 128 15 160
11 76 45 61 3 4 0 0.96 0.0 0 6.8 18 330 M M 8 13 30 320
12 56 34 45 -13 20 0 0.00 0.0 0 7.0 16 320 M M 4 26 300
13 56 30 43 -15 22 0 0.00 0.0 0 4.5 13 70 M M 0 17 10
14 49 40 45 -12 20 0 0.81 0.0 0 8.1 16 90 M M 9 13 23 250
15 51 39 45 -12 20 0 0.00 0.0 0 7.1 14 360 M M 8 23 340
16 55 38 47 -10 18 0 0.00 0.0 0 3.1 13 360 M M 2 18 10
17 60 37 49 -7 16 0 0.00 0.0 0 3.0 10 10 M M 2 16 360
18 61 32 47 -9 18 0 0.00 0.0 0 2.2 9 120 M M 4 15 140
19 50 42 46 -10 19 0 T 0.0 0 5.5 13 10 M M 8 18 360
20 57 32 45 -11 20 0 T 0.0 0 4.2 15 60 M M 4 22 70
21 49 44 47 -8 18 0 0.10 0.0 0 1.6 6 80 M M 10 1 9 60
22 64 45 55 0 10 0 0.01 0.0 0 2.5 8 80 M M 7 12 100
23 71 46 59 4 6 0 0.00 0.0 0 4.1 12 160 M M 6 15 160
24 69 59 64 10 1 0 1.07 0.0 0 6.7 20 330 M M 9 1 33 350
25 61 58 60 6 5 0 0.01 0.0 0 6.9 21 70 M M 9 27 70
26 65 46 56 2 9 0 0.71 0.0 0 7.3 24 250 M M 7 1 39 220
27 69 40 55 1 10 0 0.00 0.0 0 2.8 13 290 M M 0 19 240
28 73 40 57 3 8 0 0.00 0.0 0 3.1 12 150 M M 1 12 15 150
29 83 56 70 17 0 5 0.05 0.0 0 7.3 20 210 M M 7 13 30 190
30 71 43 57 4 8 0 0.00 0.0 0 9.2 21 330 M M 1 1 32 310
================================================================================
SM 2053 1441 259 65 4.03 0.0 153.9 M 149
================================================================================
AV 68.4 48.0 5.1 FASTST M M 5 MAX(MPH)
MISC ----> # 24 180 39 220
================================================================================
NOTES:
# LAST OF SEVERAL OCCURRENCES
COLUMN 17 PEAK WIND IN M.P.H.
PRELIMINARY LOCAL CLIMATOLOGICAL DATA (WS FORM: F-6) , PAGE 2
STATION: LUFKIN
MONTH: NOVEMBER
YEAR: 2022
LATITUDE: 31 14 N
LONGITUDE: 94 45 W
[TEMPERATURE DATA] [PRECIPITATION DATA] SYMBOLS USED IN COLUMN 16
AVERAGE MONTHLY: 58.2 TOTAL FOR MONTH: 4.03 1 = FOG OR MIST
DPTR FM NORMAL: 1.2 DPTR FM NORMAL: -0.50 2 = FOG REDUCING VISIBILITY
HIGHEST: 87 ON 8, 7 GRTST 24HR 1.07 ON 24-24 TO 1/4 MILE OR LESS
LOWEST: 30 ON 13 3 = THUNDER
SNOW, ICE PELLETS, HAIL 4 = ICE PELLETS
TOTAL MONTH: 0.0 INCH 5 = HAIL
GRTST 24HR 0.0 6 = FREEZING RAIN OR DRIZZLE
GRTST DEPTH: 0 7 = DUSTSTORM OR SANDSTORM:
VSBY 1/2 MILE OR LESS
8 = SMOKE OR HAZE
[NO. OF DAYS WITH] [WEATHER - DAYS WITH] 9 = BLOWING SNOW
X = TORNADO
MAX 32 OR BELOW: 0 0.01 INCH OR MORE: 11
MAX 90 OR ABOVE: 0 0.10 INCH OR MORE: 7
MIN 32 OR BELOW: 3 0.50 INCH OR MORE: 4
MIN 0 OR BELOW: 0 1.00 INCH OR MORE: 1
[HDD (BASE 65) ]
TOTAL THIS MO. 259 CLEAR (SCALE 0-3) 8
DPTR FM NORMAL -10 PTCLDY (SCALE 4-7) 16
TOTAL FM JUL 1 314 CLOUDY (SCALE 8-10) 6
DPTR FM NORMAL -26
[CDD (BASE 65) ]
TOTAL THIS MO. 65
DPTR FM NORMAL 35 [PRESSURE DATA]
TOTAL FM JAN 1 3252 HIGHEST SLP 30.50 ON 16
DPTR FM NORMAL 740 LOWEST SLP 29.69 ON 29
[REMARKS]
#FINAL-11-22#