000
CXUS54 KSHV 011400
CF6LFK
PRELIMINARY LOCAL CLIMATOLOGICAL DATA (WS FORM: F-6)
STATION: LUFKIN
MONTH: NOVEMBER
YEAR: 2023
LATITUDE: 31 14 N
LONGITUDE: 94 45 W
TEMPERATURE IN F: :PCPN: SNOW: WIND :SUNSHINE: SKY :PK WND
================================================================================
1 2 3 4 5 6A 6B 7 8 9 10 11 12 13 14 15 16 17 18
12Z AVG MX 2MIN
DY MAX MIN AVG DEP HDD CDD WTR SNW DPTH SPD SPD DIR MIN PSBL S-S WX SPD DR
================================================================================
1 58 37 48 -14 17 0 0.00 0.0 0 4.5 12 50 M M 0 17 40
2 65 33 49 -12 16 0 0.00 0.0 0 1.9 12 120 M M 1 15 130
3 75 38 57 -4 8 0 0.00 0.0 0 2.4 10 130 M M 0 16 120
4 79 49 64 4 1 0 0.00 0.0 0 3.1 12 150 M M 1 15 170
5 80 56 68 8 0 3 0.00 0.0 0 2.8 9 210 M M 3 14 180
6 80 59 70 10 0 5 0.00 0.0 0 6.0 14 200 M M 1 20 180
7 85 62 74 14 0 9 0.00 0.0 0 8.2 17 210 M M 0 27 220
8 84 65 75 16 0 10 0.00 0.0 0 7.5 17 200 M M 3 26 200
9 83 63 73 14 0 8 0.85 0.0 0 4.0 10 140 M M 4 15 140
10 67 54 61 3 4 0 0.26 0.0 0 8.6 15 350 M M 10 23 350
11 59 54 57 -1 8 0 0.02 0.0 0 4.2 9 30 M M 10 13 40
12 67 56 62 4 3 0 0.04 0.0 0 4.0 10 10 M M 9 16 20
13 65 56 61 3 4 0 0.12 0.0 0 4.9 12 20 M M 8 16 40
14 70 51 61 4 4 0 0.01 0.0 0 3.8 10 70 M M 7 18 70
15 63 47 55 -2 10 0 0.00 0.0 0 3.8 12 360 M M 6 16 10
16 66 58 62 5 3 0 T 0.0 0 2.4 8 40 M M 10 11 20
17 77 59 68 12 0 3 0.00 0.0 0 4.5 10 20 M M 6 15 240
18 75 53 64 8 1 0 0.00 0.0 0 2.2 10 20 M M 3 15 30
19 73 52 63 7 2 0 0.00 0.0 0 6.7 15 140 M M 3 21 140
20 76 59 68 12 0 3 0.44 0.0 0 6.1 14 240 M M 7 3 21 240
21 59 44 52 -3 13 0 0.00 0.0 0 6.5 16 320 M M 7 29 310
22 59 37 48 -7 17 0 0.00 0.0 0 3.5 12 340 M M 0 18 350
23 54 36 45 -10 20 0 0.03 0.0 0 1.7 8 150 M M 5 1 10 180
24 66 41 54 0 11 0 0.00 0.0 0 3.4 10 70 M M 2 1 15 70
25 66 40 53 -1 12 0 0.00 0.0 0 4.5 16 90 M M 2 23 90
26 57 36 47 -7 18 0 0.05 0.0 0 6.7 17 310 M M 4 1 30 290
27 56 32 44 -10 21 0 0.00 0.0 0 2.8 13 20 M M 0 17 360
28 64 39 52 -2 13 0 0.00 0.0 0 2.0 9 80 M M 3 16 70
29 65 36 51 -2 14 0 0.00 0.0 0 4.0 13 160 M M 4 17 140
30 67 52 60 7 5 0 0.29 0.0 0 9.2 22 150 M M 10 13 29 150
================================================================================
SM 2060 1454 225 41 2.11 0.0 135.9 M 129
================================================================================
AV 68.7 48.5 4.5 FASTST M M 4 MAX(MPH)
MISC ----> 22 150 30 290
================================================================================
NOTES:
# LAST OF SEVERAL OCCURRENCES
COLUMN 17 PEAK WIND IN M.P.H.
PRELIMINARY LOCAL CLIMATOLOGICAL DATA (WS FORM: F-6) , PAGE 2
STATION: LUFKIN
MONTH: NOVEMBER
YEAR: 2023
LATITUDE: 31 14 N
LONGITUDE: 94 45 W
[TEMPERATURE DATA] [PRECIPITATION DATA] SYMBOLS USED IN COLUMN 16
AVERAGE MONTHLY: 58.6 TOTAL FOR MONTH: 2.11 1 = FOG OR MIST
DPTR FM NORMAL: 1.6 DPTR FM NORMAL: -2.42 2 = FOG REDUCING VISIBILITY
HIGHEST: 85 ON 7 GRTST 24HR 1.10 ON 9-10 TO 1/4 MILE OR LESS
LOWEST: 32 ON 27 3 = THUNDER
SNOW, ICE PELLETS, HAIL 4 = ICE PELLETS
TOTAL MONTH: 0.0 INCH 5 = HAIL
GRTST 24HR 0.0 6 = FREEZING RAIN OR DRIZZLE
GRTST DEPTH: 0 7 = DUSTSTORM OR SANDSTORM:
VSBY 1/2 MILE OR LESS
8 = SMOKE OR HAZE
[NO. OF DAYS WITH] [WEATHER - DAYS WITH] 9 = BLOWING SNOW
X = TORNADO
MAX 32 OR BELOW: 0 0.01 INCH OR MORE: 10
MAX 90 OR ABOVE: 0 0.10 INCH OR MORE: 5
MIN 32 OR BELOW: 1 0.50 INCH OR MORE: 1
MIN 0 OR BELOW: 0 1.00 INCH OR MORE: 0
[HDD (BASE 65) ]
TOTAL THIS MO. 225 CLEAR (SCALE 0-3) 15
DPTR FM NORMAL -44 PTCLDY (SCALE 4-7) 10
TOTAL FM JUL 1 289 CLOUDY (SCALE 8-10) 5
DPTR FM NORMAL -51
[CDD (BASE 65) ]
TOTAL THIS MO. 41
DPTR FM NORMAL 11 [PRESSURE DATA]
TOTAL FM JAN 1 3443 HIGHEST SLP 30.50 ON 1
DPTR FM NORMAL 931 LOWEST SLP 29.67 ON 20
[REMARKS]
#FINAL-11-23#