862
CXUS54 KFWD 010830
CF6LHB
PRELIMINARY LOCAL CLIMATOLOGICAL DATA (WS FORM: F-6)
STATION: HEARNE
MONTH: FEBRUARY
YEAR: 2021
LATITUDE: 30 52 N
LONGITUDE: 96 36 W
TEMPERATURE IN F: :PCPN: SNOW: WIND :SUNSHINE: SKY :PK WND
================================================================================
1 2 3 4 5 6A 6B 7 8 9 10 11 12 13 14 15 16 17 18
12Z AVG MX 2MIN
DY MAX MIN AVG DEP HDD CDD WTR SNW DPTH SPD SPD DIR MIN PSBL S-S WX SPD DR
================================================================================
1 63 35 49 M 16 0 0.00 M M 5.2 13 320 M M 0 17 320
2 67 37 52 M 13 0 0.00 M M 2.4 9 160 M M 0 M M
3 74 44 59 M 6 0 0.00 M M 9.1 16 170 M M 1 22 180
4 81 51 66 M 0 1 0.00 M M 12.1 20 330 M M 5 28 300
5 56 44 50 M 15 0 0.04 M M 4.4 12 360 M M 5 17 100
6 73 44 59 M 6 0 0.00 M M 6.4 26 330 M M 5 18 35 330
7 67 32 50 M 15 0 0.00 M M 6.2 15 180 M M 0 20 180
8 74 45 60 M 5 0 0.00 M M 7.2 15 150 M M 7 23 150
9 62 44 53 M 12 0 M M M 7.2 14 320 M M 10 1 18 310
10 47 37 42 M 23 0 T M M 9.8 14 340 M M 8 1 17 350
11 33 31 32 M 33 0 0.03 0.0 0 12.2 20 350 M M 5 1 24 340
12 32 29 31 M 34 0 0.00 0.0 0 9.7 13 350 M M 7 17 350
13 32 27 30 M 35 0 0.00 M M 11.7 15 350 M M 7 1 23 340
14 31 17 24 M 41 0 M M M 12.0 16 340 M M 2 1 21 10
15 19 6 13 M 52 0 0.02 M M 11.9 18 330 M M 5 8 24 330
16 26 3 15 M 50 0 0.03 M M 2.5 7 270 M M 4 46 M M
17 33 25 29 M 36 0 0.56 M M 5.4 10 340 M M 10 1 M M
18 28 28 28 M 37 0 0.00 M M 5.8 7 350 M M 10 M M
19 38 17 28 M 37 0 0.00 M M 2.2 7 280 M M 0 1 M M
20 60 26 43 M 22 0 0.00 M M 5.6 13 160 M M 0 1 20 160
21 74 43 59 M 6 0 0.00 M M 9.4 17 200 M M 6 22 290
22 72 36 54 M 11 0 0.00 M M 2.0 10 10 M M 1 M M
23 78 39 59 M 6 0 0.00 0.0 M 8.7 20 190 M M 0 25 180
24 81 57 69 M 0 4 0.00 M M 6.8 13 210 M M 8 18 170
25 59 52 56 M 9 0 0.02 M M 4.3 8 310 M M 10 1 M M
26 59 49 54 M 11 0 M M M 3.1 13 330 M M 9 1 16 310
27 81 58 70 M 0 5 0.00 M M 7.0 16 160 M M 9 1 24 150
28 82 59 71 M 0 6 0.01 M M 10.0 18 170 M M 10 27 170
================================================================================
SM 1582 1015 531 16 0.71 0.0 200.2 M 144
================================================================================
AV 56.5 36.3 7.2 FASTST M M 5 MAX(MPH)
MISC ----> 26 330 35 330
================================================================================
NOTES:
# LAST OF SEVERAL OCCURRENCES
COLUMN 17 PEAK WIND IN M.P.H.
PRELIMINARY LOCAL CLIMATOLOGICAL DATA (WS FORM: F-6) , PAGE 2
STATION: HEARNE
MONTH: FEBRUARY
YEAR: 2021
LATITUDE: 30 52 N
LONGITUDE: 96 36 W
[TEMPERATURE DATA] [PRECIPITATION DATA] SYMBOLS USED IN COLUMN 16
AVERAGE MONTHLY: 46.4 TOTAL FOR MONTH: 0.71 1 = FOG OR MIST
DPTR FM NORMAL: 0.0 DPTR FM NORMAL: 0.71 2 = FOG REDUCING VISIBILITY
HIGHEST: 82 ON 28 GRTST 24HR 0.56 ON 17-17 TO 1/4 MILE OR LESS
LOWEST: 3 ON 16 3 = THUNDER
SNOW, ICE PELLETS, HAIL 4 = ICE PELLETS
TOTAL MONTH: 0.0 INCH 5 = HAIL
GRTST 24HR 0.0 6 = FREEZING RAIN OR DRIZZLE
GRTST DEPTH: 0 7 = DUSTSTORM OR SANDSTORM:
VSBY 1/2 MILE OR LESS
8 = SMOKE OR HAZE
[NO. OF DAYS WITH] [WEATHER - DAYS WITH] 9 = BLOWING SNOW
X = TORNADO
MAX 32 OR BELOW: 6 0.01 INCH OR MORE: 7
MAX 90 OR ABOVE: 0 0.10 INCH OR MORE: 1
MIN 32 OR BELOW: 11 0.50 INCH OR MORE: 1
MIN 0 OR BELOW: 0 1.00 INCH OR MORE: 0
[HDD (BASE 65) ]
TOTAL THIS MO. 531 CLEAR (SCALE 0-3) 9
DPTR FM NORMAL M PTCLDY (SCALE 4-7) 10
TOTAL FM JUL 1 1583 CLOUDY (SCALE 8-10) 9
DPTR FM NORMAL M
[CDD (BASE 65) ]
TOTAL THIS MO. 16
DPTR FM NORMAL M [PRESSURE DATA]
TOTAL FM JAN 1 17 HIGHEST SLP M ON M
DPTR FM NORMAL M LOWEST SLP M ON M
[REMARKS]
#FINAL-02-21#