000
CXUS54 KLZK 011130
CF6LIT
PRELIMINARY LOCAL CLIMATOLOGICAL DATA (WS FORM: F-6)
STATION: LITTLE ROCK ADAMS FIELD
MONTH: AUGUST
YEAR: 2021
LATITUDE: 34 43 N
LONGITUDE: 92 14 W
TEMPERATURE IN F: :PCPN: SNOW: WIND :SUNSHINE: SKY :PK WND
================================================================================
1 2 3 4 5 6A 6B 7 8 9 10 11 12 13 14 15 16 17 18
12Z AVG MX 2MIN
DY MAX MIN AVG DEP HDD CDD WTR SNW DPTH SPD SPD DIR MIN PSBL S-S WX SPD DR
================================================================================
1 91 76 84 2 0 19 0.00 0.0 0 6.8 14 40 M M 6 18 40
2 88 72 80 -2 0 15 0.03 0.0 0 6.0 16 50 M M 7 1 21 30
3 87 71 79 -3 0 14 0.00 0.0 0 7.0 14 70 M M 5 18 18 110
4 87 67 77 -5 0 12 0.00 0.0 0 4.6 13 70 M M 3 16 90
5 88 65 77 -5 0 12 0.00 0.0 0 3.5 12 140 M M 6 16 160
6 86 69 78 -4 0 13 0.05 0.0 0 3.0 10 170 M M 7 13 13 160
7 93 68 81 -1 0 16 0.00 0.0 0 6.1 15 160 M M 2 18 21 160
8 94 72 83 1 0 18 0.00 0.0 0 8.1 20 190 M M 6 1 26 200
9 96 76 86 4 0 21 0.00 0.0 0 10.4 21 210 M M 3 29 220
10 98 75 87 5 0 22 0.00 0.0 0 8.8 20 220 M M 3 24 230
11 98 76 87 5 0 22 0.00 0.0 0 9.7 17 190 M M 2 23 220
12 98 76 87 5 0 22 0.00 0.0 0 8.0 15 170 M M 3 19 180
13 96 74 85 4 0 20 0.00 0.0 0 5.1 18 100 M M 4 8 23 90
14 87 74 81 0 0 16 T 0.0 0 4.7 12 230 M M 8 3 16 220
15 87 72 80 -1 0 15 0.98 0.0 0 5.6 22 40 M M 8 13 28 50
16 89 68 79 -2 0 14 0.00 0.0 0 6.8 13 70 M M 3 17 60
17 90 70 80 -1 0 15 0.02 0.0 0 3.6 16 120 M M 6 13 21 120
18 86 73 80 -1 0 15 0.10 0.0 0 3.1 10 150 M M 8 1 13 150
19 87 73 80 -1 0 15 0.13 0.0 0 4.3 15 210 M M 8 1 18 200
20 90 74 82 1 0 17 0.00 0.0 0 6.9 14 210 M M 7 1 18 240
21 93 76 85 5 0 20 T 0.0 0 5.7 15 250 M M 5 18 250
22 95 76 86 6 0 21 T 0.0 0 3.9 12 220 M M 6 3 16 230
23 97 76 87 7 0 22 0.00 0.0 0 3.3 13 210 M M 3 17 190
24 96 75 86 6 0 21 0.00 0.0 0 3.5 13 160 M M 1 17 150
25 97 75 86 6 0 21 0.00 0.0 0 3.5 10 110 M M 2 M M
26 96 75 86 6 0 21 0.00 0.0 0 5.3 14 120 M M 2 20 80
27 93 74 84 4 0 19 0.00 0.0 0 5.1 14 110 M M 2 1 17 170
28 93 73 83 4 0 18 0.00 0.0 0 6.0 15 100 M M 3 23 100
29 95 76 86 7 0 21 0.00 0.0 M 8.4 20 130 M M 5 26 120
30 88 73 81 2 0 16 T 0.0 0 12.3 25 80 M M 7 8 33 70
31 96 71 84 5 0 19 0.00 0.0 0 6.7 16 320 M M 3 8 22 290
================================================================================
SM 2855 2261 0 552 1.31 0.0 185.8 M 144
================================================================================
AV 92.1 72.9 6.0 FASTST M M 5 MAX(MPH)
MISC ----> 25 80 33 70
================================================================================
NOTES:
# LAST OF SEVERAL OCCURRENCES
COLUMN 17 PEAK WIND IN M.P.H.
PRELIMINARY LOCAL CLIMATOLOGICAL DATA (WS FORM: F-6) , PAGE 2
STATION: LITTLE ROCK ADAMS FIELD
MONTH: AUGUST
YEAR: 2021
LATITUDE: 34 43 N
LONGITUDE: 92 14 W
[TEMPERATURE DATA] [PRECIPITATION DATA] SYMBOLS USED IN COLUMN 16
AVERAGE MONTHLY: 82.5 TOTAL FOR MONTH: 1.31 1 = FOG OR MIST
DPTR FM NORMAL: 1.7 DPTR FM NORMAL: -1.85 2 = FOG REDUCING VISIBILITY
HIGHEST: 98 ON 12,11 GRTST 24HR 0.98 ON 14-15 TO 1/4 MILE OR LESS
LOWEST: 65 ON 5 3 = THUNDER
SNOW, ICE PELLETS, HAIL 4 = ICE PELLETS
TOTAL MONTH: 0.0 INCH 5 = HAIL
GRTST 24HR 0.0 6 = FREEZING RAIN OR DRIZZLE
GRTST DEPTH: 0 7 = DUSTSTORM OR SANDSTORM:
VSBY 1/2 MILE OR LESS
8 = SMOKE OR HAZE
[NO. OF DAYS WITH] [WEATHER - DAYS WITH] 9 = BLOWING SNOW
X = TORNADO
MAX 32 OR BELOW: 0 0.01 INCH OR MORE: 6
MAX 90 OR ABOVE: 20 0.10 INCH OR MORE: 3
MIN 32 OR BELOW: 0 0.50 INCH OR MORE: 1
MIN 0 OR BELOW: 0 1.00 INCH OR MORE: 0
[HDD (BASE 65) ]
TOTAL THIS MO. 0 CLEAR (SCALE 0-3) 11
DPTR FM NORMAL 0 PTCLDY (SCALE 4-7) 19
TOTAL FM JUL 1 0 CLOUDY (SCALE 8-10) 1
DPTR FM NORMAL 0
[CDD (BASE 65) ]
TOTAL THIS MO. 552
DPTR FM NORMAL 62 [PRESSURE DATA]
TOTAL FM JAN 1 1672 HIGHEST SLP 30.18 ON 14
DPTR FM NORMAL 40 LOWEST SLP 29.67 ON 31
[REMARKS]
#FINAL-08-21#