000
CXUS54 KLZK 011612
CF6LIT
PRELIMINARY LOCAL CLIMATOLOGICAL DATA (WS FORM: F-6)
STATION: LITTLE ROCK ADAMS FIELD
MONTH: NOVEMBER
YEAR: 2023
LATITUDE: 34 43 N
LONGITUDE: 92 14 W
TEMPERATURE IN F: :PCPN: SNOW: WIND :SUNSHINE: SKY :PK WND
================================================================================
1 2 3 4 5 6A 6B 7 8 9 10 11 12 13 14 15 16 17 18
12Z AVG MX 2MIN
DY MAX MIN AVG DEP HDD CDD WTR SNW DPTH SPD SPD DIR MIN PSBL S-S WX SPD DR
================================================================================
1 53 31 42 -14 23 0 0.00 0.0 0 4.6 12 80 M M 0 16 100
2 62 33 48 -8 17 0 0.00 0.0 0 4.7 12 160 M M 1 16 120
3 71 35 53 -2 12 0 0.00 0.0 0 3.6 14 230 M M 0 21 230
4 77 43 60 5 5 0 0.00 0.0 0 2.2 10 240 M M 2 18 15 230
5 78 49 64 9 1 0 0.00 0.0 0 3.6 10 200 M M 1 18 17 190
6 83 54 69 15 0 4 0.00 0.0 0 7.5 22 250 M M 3 32 220
7 83 61 72 18 0 7 0.00 0.0 0 7.9 17 230 M M 4 23 230
8 80 66 73 19 0 8 0.00 0.0 0 13.5 23 220 M M 7 36 230
9 71 48 60 7 5 0 0.67 0.0 0 9.2 17 70 M M 9 18 26 50
10 67 47 57 4 8 0 0.23 0.0 0 8.1 17 80 M M 7 24 60
11 67 47 57 5 8 0 0.00 0.0 0 8.7 16 70 M M 5 21 70
12 70 43 57 5 8 0 0.00 0.0 0 3.3 9 50 M M 6 12 50
13 70 45 58 6 7 0 0.00 0.0 0 3.5 15 80 M M 7 18 80
14 71 49 60 9 5 0 0.00 0.0 0 3.6 12 90 M M 7 14 100
15 68 47 58 7 7 0 0.00 0.0 0 4.3 10 90 M M 7 13 80
16 69 59 64 13 1 0 0.00 0.0 0 5.2 12 210 M M 10 16 200
17 69 58 64 14 1 0 0.00 0.0 0 4.5 9 10 M M 9 18 13 30
18 69 45 57 7 8 0 0.00 0.0 0 4.7 13 40 M M 1 17 50
19 67 39 53 3 12 0 T 0.0 0 4.4 14 120 M M 5 18 18 130
20 58 51 55 6 10 0 0.80 0.0 0 6.8 15 140 M M 10 1238 21 150
21 57 50 54 5 11 0 T 0.0 0 10.6 20 340 M M 10 1 27 350
22 57 39 48 -1 17 0 0.00 0.0 0 6.8 17 350 M M 5 22 360
23 61 34 48 0 17 0 0.00 0.0 0 2.9 13 220 M M 4 1 19 230
24 60 38 49 1 16 0 0.00 0.0 0 5.3 14 80 M M 5 1 18 80
25 56 37 47 -1 18 0 0.00 0.0 0 4.7 9 70 M M 4 14 30
26 50 33 42 -6 23 0 0.10 0.0 0 8.7 26 320 M M 7 18 36 300
27 53 29 41 -6 24 0 0.00 0.0 0 6.2 16 350 M M 2 22 340
28 58 31 45 -2 20 0 0.00 0.0 0 3.4 12 150 M M 1 14 150
29 66 33 50 3 15 0 0.00 0.0 0 7.2 16 220 M M 3 8 22 250
30 50 44 47 1 18 0 2.23 0.0 0 6.4 18 130 M M 8 13 24 160
================================================================================
SM 1971 1318 317 19 4.03 0.0 176.1 M 150
================================================================================
AV 65.7 43.9 5.9 FASTST M M 5 MAX(MPH)
MISC ----> 26 320 # 36 230
================================================================================
NOTES:
# LAST OF SEVERAL OCCURRENCES
COLUMN 17 PEAK WIND IN M.P.H.
PRELIMINARY LOCAL CLIMATOLOGICAL DATA (WS FORM: F-6) , PAGE 2
STATION: LITTLE ROCK ADAMS FIELD
MONTH: NOVEMBER
YEAR: 2023
LATITUDE: 34 43 N
LONGITUDE: 92 14 W
[TEMPERATURE DATA] [PRECIPITATION DATA] SYMBOLS USED IN COLUMN 16
AVERAGE MONTHLY: 54.8 TOTAL FOR MONTH: 4.03 1 = FOG OR MIST
DPTR FM NORMAL: 3.7 DPTR FM NORMAL: -0.69 2 = FOG REDUCING VISIBILITY
HIGHEST: 83 ON 7, 6 GRTST 24HR 2.23 ON 30-30 TO 1/4 MILE OR LESS
LOWEST: 29 ON 27 3 = THUNDER
SNOW, ICE PELLETS, HAIL 4 = ICE PELLETS
TOTAL MONTH: 0.0 INCH 5 = HAIL
GRTST 24HR 0.0 6 = FREEZING RAIN OR DRIZZLE
GRTST DEPTH: 0 7 = DUSTSTORM OR SANDSTORM:
VSBY 1/2 MILE OR LESS
8 = SMOKE OR HAZE
[NO. OF DAYS WITH] [WEATHER - DAYS WITH] 9 = BLOWING SNOW
X = TORNADO
MAX 32 OR BELOW: 0 0.01 INCH OR MORE: 5
MAX 90 OR ABOVE: 0 0.10 INCH OR MORE: 5
MIN 32 OR BELOW: 3 0.50 INCH OR MORE: 3
MIN 0 OR BELOW: 0 1.00 INCH OR MORE: 1
[HDD (BASE 65) ]
TOTAL THIS MO. 317 CLEAR (SCALE 0-3) 9
DPTR FM NORMAL -108 PTCLDY (SCALE 4-7) 15
TOTAL FM JUL 1 390 CLOUDY (SCALE 8-10) 6
DPTR FM NORMAL -192
[CDD (BASE 65) ]
TOTAL THIS MO. 19
DPTR FM NORMAL 12 [PRESSURE DATA]
TOTAL FM JAN 1 2695 HIGHEST SLP 30.56 ON 1
DPTR FM NORMAL 706 LOWEST SLP 29.73 ON 20
[REMARKS]
#FINAL-11-23#