000
CXUS54 KLZK 011230
CF6LIT
PRELIMINARY LOCAL CLIMATOLOGICAL DATA (WS FORM: F-6)
STATION: LITTLE ROCK ADAMS FIELD
MONTH: JULY
YEAR: 2023
LATITUDE: 34 43 N
LONGITUDE: 92 14 W
TEMPERATURE IN F: :PCPN: SNOW: WIND :SUNSHINE: SKY :PK WND
================================================================================
1 2 3 4 5 6A 6B 7 8 9 10 11 12 13 14 15 16 17 18
12Z AVG MX 2MIN
DY MAX MIN AVG DEP HDD CDD WTR SNW DPTH SPD SPD DIR MIN PSBL S-S WX SPD DR
================================================================================
1 99 79 89 9 0 24 0.00 0.0 0 9.5 22 220 M M 4 1 27 220
2 98 78 88 7 0 23 0.00 0.0 0 9.5 24 240 M M 5 33 240
3 94 74 84 3 0 19 T 0.0 0 4.9 21 40 M M 6 3 26 50
4 90 73 82 1 0 17 0.00 0.0 0 5.7 14 200 M M 7 3 17 220
5 92 73 83 2 0 18 0.56 0.0 0 6.1 31 350 M M 6 138 39 330
6 94 75 85 4 0 20 0.08 0.0 0 5.3 18 260 M M 8 3 23 270
7 89 74 82 1 0 17 0.03 0.0 0 5.5 13 100 M M 8 1 18 220
8 91 75 83 2 0 18 0.40 0.0 0 7.1 22 310 M M 7 123 27 300
9 79 70 75 -6 0 10 0.52 0.0 0 5.9 16 60 M M 9 13 21 70
10 86 67 77 -4 0 12 0.00 0.0 0 3.4 9 90 M M 4 13 150
11 86 68 77 -4 0 12 0.11 0.0 0 3.9 17 90 M M 6 13 21 90
12 86 77 82 1 0 17 0.00 0.0 0 6.9 17 260 M M 7 1 24 260
13 92 75 84 3 0 19 0.34 0.0 0 6.4 16 50 M M 8 13 25 40
14 90 72 81 -1 0 16 0.46 0.0 0 7.5 44 350 M M 8 138 58 360
15 92 72 82 0 0 17 0.02 0.0 0 5.0 15 250 M M 7 3 19 260
16 90 74 82 0 0 17 0.00 0.0 0 3.7 9 250 M M 6 1 11 260
17 94 73 84 2 0 19 T 0.0 0 6.7 14 100 M M 5 13 18 50
18 97 79 88 6 0 23 0.00 0.0 0 8.4 18 240 M M 6 22 230
19 97 82 90 8 0 25 0.00 0.0 0 11.4 21 230 M M 3 27 270
20 97 80 89 7 0 24 0.00 0.0 0 7.6 15 220 M M 6 21 230
21 85 74 80 -2 0 15 0.94 0.0 0 5.9 22 300 M M 8 138 30 290
22 88 72 80 -2 0 15 0.00 0.0 0 5.3 12 10 M M 4 16 30
23 92 69 81 -1 0 16 0.00 0.0 0 5.2 12 210 M M 2 14 210
24 93 71 82 0 0 17 0.00 0.0 0 6.4 14 230 M M 2 17 220
25 96 71 84 2 0 19 0.00 0.0 0 7.2 15 210 M M 2 19 220
26 95 78 87 5 0 22 T 0.0 0 6.9 17 220 M M 6 22 260
27 98 77 88 6 0 23 0.00 0.0 0 5.7 15 220 M M 3 8 19 240
28 99 77 88 6 0 23 0.00 0.0 0 7.1 15 190 M M 0 18 20 240
29 102 76 89 7 0 24 0.00 0.0 0 5.6 13 300 M M 2 18 16 260
30 101 77 89 7 0 24 0.01 0.0 0 4.9 12 250 M M 5 3 17 270
31 95 72 84 2 0 19 0.24 0.0 0 6.9 30 10 M M 7 13 38 360
================================================================================
SM 2877 2304 0 584 3.71 0.0 197.5 M 167
================================================================================
AV 92.8 74.3 6.4 FASTST M M 5 MAX(MPH)
MISC ----> 44 350 58 360
================================================================================
NOTES:
# LAST OF SEVERAL OCCURRENCES
COLUMN 17 PEAK WIND IN M.P.H.
PRELIMINARY LOCAL CLIMATOLOGICAL DATA (WS FORM: F-6) , PAGE 2
STATION: LITTLE ROCK ADAMS FIELD
MONTH: JULY
YEAR: 2023
LATITUDE: 34 43 N
LONGITUDE: 92 14 W
[TEMPERATURE DATA] [PRECIPITATION DATA] SYMBOLS USED IN COLUMN 16
AVERAGE MONTHLY: 83.6 TOTAL FOR MONTH: 3.71 1 = FOG OR MIST
DPTR FM NORMAL: 2.2 DPTR FM NORMAL: 0.38 2 = FOG REDUCING VISIBILITY
HIGHEST: 102 ON 29 GRTST 24HR 0.94 ON 21-21 TO 1/4 MILE OR LESS
LOWEST: 67 ON 10 3 = THUNDER
SNOW, ICE PELLETS, HAIL 4 = ICE PELLETS
TOTAL MONTH: 0.0 INCH 5 = HAIL
GRTST 24HR 0.0 6 = FREEZING RAIN OR DRIZZLE
GRTST DEPTH: 0 7 = DUSTSTORM OR SANDSTORM:
VSBY 1/2 MILE OR LESS
8 = SMOKE OR HAZE
[NO. OF DAYS WITH] [WEATHER - DAYS WITH] 9 = BLOWING SNOW
X = TORNADO
MAX 32 OR BELOW: 0 0.01 INCH OR MORE: 12
MAX 90 OR ABOVE: 24 0.10 INCH OR MORE: 8
MIN 32 OR BELOW: 0 0.50 INCH OR MORE: 3
MIN 0 OR BELOW: 0 1.00 INCH OR MORE: 0
[HDD (BASE 65) ]
TOTAL THIS MO. 0 CLEAR (SCALE 0-3) 6
DPTR FM NORMAL 0 PTCLDY (SCALE 4-7) 24
TOTAL FM JUL 1 0 CLOUDY (SCALE 8-10) 1
DPTR FM NORMAL 0
[CDD (BASE 65) ]
TOTAL THIS MO. 584
DPTR FM NORMAL 74 [PRESSURE DATA]
TOTAL FM JAN 1 1445 HIGHEST SLP 30.14 ON 25
DPTR FM NORMAL 303 LOWEST SLP 29.81 ON 14
[REMARKS]
#FINAL-07-23#