992
CXUS54 KLZK 021352 RRA
CLSLIT
CLIMATE REPORT
NATIONAL WEATHER SERVICE LITTLE ROCK AR
747 AM CST MON DEC 2 2019
...................................
...THE LITTLE ROCK ADAMS FIELD CLIMATE SUMMARY FOR THE SEASON, FROM
9/1/2019 TO 11/30/2019...
CLIMATE NORMAL PERIOD 1981 TO 2010
CLIMATE RECORD PERIOD 1874 TO 2019
WEATHER OBSERVED NORMAL DEPART LAST YEAR`S
VALUE DATE(S) VALUE FROM VALUE DATE(S)
NORMAL
................................................................
TEMPERATURE (F)
RECORD
HIGH 106 09/01/1947
LOW 10 11/18/1880
HIGHEST 99 09/06 MM MM 95 09/18
LOWEST 17 11/13 MM MM 24 11/15
AVG. MAXIMUM 74.6 74.5 0.1 71.4
AVG. MINIMUM 52.5 53.1 -0.6 53.1
MEAN 63.5 63.8 -0.3 62.2
DAYS MAX >= 90 25 9.6 15.4 13
DAYS MAX <= 32 0 0.0 0.0 0
DAYS MIN <= 32 14 4.2 9.8 12
DAYS MIN <= 0 0 0.0 0.0 0
PRECIPITATION (INCHES)
TOTALS 12.58 13.37 -0.79 19.81
DAILY AVG. 0.14 0.15 -0.01 0.21
DAYS >= .01 22 24.4 -2.4 35
DAYS >= .10 15 16.8 -1.8 23
DAYS >= .50 9 7.9 1.1 13
DAYS >= 1.00 5 4.2 0.8 6
GREATEST
24 HR. TOTAL 2.40 10/30 TO 10/30
SNOWFALL (INCHES)
RECORDS
TOTAL 9.4 1880
24 HR TOTAL 9.4 11/17/1880 TO 11/17/1880
SNOW DEPTH 3 11/23/1971
11/09/1892
TOTALS T T 0.0 0.2
LIQUID EQUIV T T 0.00 0.02
SINCE 7/1 T T 0.0 0.2
LIQUID 7/1 MM MM MM 0.02
SNOWDEPTH AVG. 0 0 0 0
DAYS >= TRACE 1 0.0 1.0 2
DAYS >= 1.0 0 0.0 0.0 0
GREATEST
SNOW DEPTH 0 MM
24 HR TOTAL T 11/11 TO 11/11
DEGREE_DAYS
HEATING TOTAL 702 514 188 689
SINCE 7/1 702 514 188 MM
COOLING TOTAL 591 403 188 466
SINCE 1/1 2248 2204 44 2369
FREEZE DATES
RECORD
EARLIEST 10/20/1989
LATEST 04/19/1983
EARLIEST 11/13
LATEST 03/19
.................................................................
WIND (MPH)
AVERAGE WIND SPEED 6.0
HIGHEST WIND SPEED/DIRECTION 31/150 DATE 09/09
HIGHEST GUST SPEED/DIRECTION 42/180 DATE 10/21
SKY COVER
POSSIBLE SUNSHINE (PERCENT) MM
AVERAGE SKY COVER 0.40
NUMBER OF DAYS FAIR 38
NUMBER OF DAYS PC 36
NUMBER OF DAYS CLOUDY 17
- INDICATES NEGATIVE NUMBERS.
R INDICATES RECORD WAS SET OR TIED.
MM INDICATES DATA IS MISSING.
T INDICATES TRACE AMOUNT.
&&
...DATA FOR LITTLE ROCK FOR FALL 2019...
.SEASONAL TEMPERATURES...
THE AVERAGE HIGH TEMPERATURE WAS THE WARMEST SINCE 2017. THE AVERAGE
LOW TEMPERATURE WAS THE COLDEST SINCE 2014. THE AVERAGE SEASONAL
TEMPERATURE WAS THE WARMEST SINCE 2017.
.SEASONAL RAINFALL...
RAINFALL WAS SLIGHTLY BELOW AVERAGE. IT WAS THE DRIEST FALL SINCE 2017.
.SEASONAL SNOWFALL...
SNOW FELL FOR THE THIRD FALL IN A ROW, BUT UNLIKE LAST YEAR, IT WAS NOT
MEASURABLE.
.MISCELLANEOUS DATA...
THERE WERE 14 DAYS WITH LOW TEMPERATURES AT OR BELOW FREEZING, WHICH
WAS THE MOST SINCE 1991, AND THE MOST ON RECORD FOR THE SEASON. THE
PREVIOUS RECORD WAS 13 DAYS DURING THE FALL OF 1991, 1959, AND 1951.
THERE WERE 25 DAYS WITH HIGH TEMPERATURES AT OR ABOVE 90 DEGREES,
WHICH WAS THE MOST FOR THE SEASON SINCE 1963.
$$
57