000
CXUS55 KPIH 011705
CF6LLJ
PRELIMINARY LOCAL CLIMATOLOGICAL DATA (WS FORM: F-6)
STATION: CHALLIS
MONTH: NOVEMBER
YEAR: 2023
LATITUDE: 44 31 N
LONGITUDE: 114 13 W
TEMPERATURE IN F: :PCPN: SNOW: WIND :SUNSHINE: SKY :PK WND
================================================================================
1 2 3 4 5 6A 6B 7 8 9 10 11 12 13 14 15 16 17 18
12Z AVG MX 2MIN
DY MAX MIN AVG DEP HDD CDD WTR SNW DPTH SPD SPD DIR MIN PSBL S-S WX SPD DR
================================================================================
1 51 23 37 0 28 0 0.00 M M 1.6 7 160 M M 3 8 9 180
2 48 37 43 6 22 0 0.04 M M 2.0 8 10 M M 10 8 10 10
3 56 30 43 7 22 0 T M M 2.2 10 210 M M 6 14 340
4 46 27 37 1 28 0 0.11 M M 1.8 9 190 M M 7 1 11 190
5 54 37 46 10 19 0 0.09 M M 5.6 22 290 M M 7 29 290
6 51 33 42 7 23 0 0.05 M M 5.1 22 260 M M 5 31 310
7 49 28 39 4 26 0 0.00 M M 4.4 21 270 M M 6 31 280
8 45 22 34 0 31 0 0.00 M M 3.3 9 170 M M 2 13 170
9 44 18 31 -3 34 0 0.00 M M 1.4 7 310 M M 0 8 100
10 48 25 37 4 28 0 0.00 M M 2.6 20 280 M M 6 26 280
11 54 29 42 9 23 0 0.00 M M 6.9 20 180 M M 5 28 180
12 50 23 37 5 28 0 0.00 M M 2.6 13 210 M M 0 16 220
13 58 24 41 9 24 0 0.00 M M 1.7 14 200 M M 0 19 200
14 58 25 42 11 23 0 0.00 M M 2.1 17 230 M M 1 23 220
15 61 28 45 14 20 0 0.00 M M 3.5 17 180 M M 3 24 190
16 59 28 44 14 21 0 0.00 M M 5.4 16 250 M M 4 23 240
17 50 21 36 6 29 0 0.00 M M 1.0 6 150 M M 0 8 140
18 41 18 30 1 35 0 0.00 M M 1.2 6 170 M M 3 7 180
19 42 21 32 3 33 0 0.02 M M 4.8 18 360 M M 8 1 28 10
20 42 21 32 4 33 0 0.00 M M 2.4 10 150 M M 3 15 160
21 39 15 27 -1 38 0 0.00 M M 0.7 7 190 M M 0 8 190
22 36 15 26 -1 39 0 0.00 M M 1.6 7 350 M M 7 9 330
23 39 28 34 7 31 0 0.00 M M 6.6 16 360 M M 9 24 10
24 35 17 26 0 39 0 0.00 M M 7.7 16 20 M M 1 24 10
25 34 8 21 -5 44 0 0.00 M M 0.3 6 180 M M 0 8 160
26 35 7 21 -5 44 0 0.00 M M 1.3 7 270 M M 0 8 150
27 38 6 22 -3 43 0 0.00 M M 0.5 6 170 M M 0 6 60
28 37 5 21 -4 44 0 0.00 M M 0.6 5 270 M M 0 7 130
29 39 11 25 1 40 0 0.00 M M 0.6 5 320 M M 0 7 40
30 31 11 21 -3 44 0 0.00 M M 1.0 6 170 M M 8 7 170
================================================================================
SM 1370 641 936 0 0.31 M 82.5 M 104
================================================================================
AV 45.7 21.4 2.8 FASTST M M 3 MAX(MPH)
MISC ----> # 22 290 # 31 310
================================================================================
NOTES:
# LAST OF SEVERAL OCCURRENCES
COLUMN 17 PEAK WIND IN M.P.H.
PRELIMINARY LOCAL CLIMATOLOGICAL DATA (WS FORM: F-6) , PAGE 2
STATION: CHALLIS
MONTH: NOVEMBER
YEAR: 2023
LATITUDE: 44 31 N
LONGITUDE: 114 13 W
[TEMPERATURE DATA] [PRECIPITATION DATA] SYMBOLS USED IN COLUMN 16
AVERAGE MONTHLY: 33.5 TOTAL FOR MONTH: 0.31 1 = FOG OR MIST
DPTR FM NORMAL: 3.0 DPTR FM NORMAL: -0.21 2 = FOG REDUCING VISIBILITY
HIGHEST: 61 ON 15 GRTST 24HR 0.20 ON 4- 5 TO 1/4 MILE OR LESS
LOWEST: 5 ON 28 3 = THUNDER
SNOW, ICE PELLETS, HAIL 4 = ICE PELLETS
TOTAL MONTH: M 5 = HAIL
GRTST 24HR M ON M 6 = FREEZING RAIN OR DRIZZLE
GRTST DEPTH: M ON M 7 = DUSTSTORM OR SANDSTORM:
VSBY 1/2 MILE OR LESS
8 = SMOKE OR HAZE
[NO. OF DAYS WITH] [WEATHER - DAYS WITH] 9 = BLOWING SNOW
X = TORNADO
MAX 32 OR BELOW: 1 0.01 INCH OR MORE: 5
MAX 90 OR ABOVE: 0 0.10 INCH OR MORE: 1
MIN 32 OR BELOW: 27 0.50 INCH OR MORE: 0
MIN 0 OR BELOW: 0 1.00 INCH OR MORE: 0
[HDD (BASE 65) ]
TOTAL THIS MO. 936 CLEAR (SCALE 0-3) 16
DPTR FM NORMAL -98 PTCLDY (SCALE 4-7) 10
TOTAL FM JUL 1 1698 CLOUDY (SCALE 8-10) 4
DPTR FM NORMAL -225
[CDD (BASE 65) ]
TOTAL THIS MO. 0
DPTR FM NORMAL 0 [PRESSURE DATA]
TOTAL FM JAN 1 334 HIGHEST SLP 30.77 ON 21
DPTR FM NORMAL 22 LOWEST SLP 29.61 ON 6
[REMARKS]
15TH: COMMS ISSUE. MISSING OBS 14Z-21Z. CLIMATE EXTREMES LOOK GOOD.
#FINAL-11-23#