000
CXUS54 KLZK 011130
CF6LLQ
PRELIMINARY LOCAL CLIMATOLOGICAL DATA (WS FORM: F-6)
STATION: MONTICELLO
MONTH: APRIL
YEAR: 2021
LATITUDE: 33 37 N
LONGITUDE: 91 45 W
TEMPERATURE IN F: :PCPN: SNOW: WIND :SUNSHINE: SKY :PK WND
================================================================================
1 2 3 4 5 6A 6B 7 8 9 10 11 12 13 14 15 16 17 18
12Z AVG MX 2MIN
DY MAX MIN AVG DEP HDD CDD WTR SNW DPTH SPD SPD DIR MIN PSBL S-S WX SPD DR
================================================================================
1 59 36 48 -11 17 0 0.00 0.0 M 3.9 16 40 M M 0 24 360
2 59 32 46 -14 19 0 0.00 0.0 M 4.5 14 50 M M 0 18 70
3 70 36 53 -7 12 0 0.00 0.0 0 3.8 12 140 M M 1 16 190
4 75 45 60 0 5 0 0.00 0.0 0 3.8 12 210 M M 5 15 220
5 78 49 64 4 1 0 0.00 0.0 0 4.2 13 190 M M 4 16 150
6 80 52 66 5 0 1 0.00 0.0 0 8.1 18 210 M M 3 24 170
7 77 62 70 9 0 5 1.53 0.0 0 10.3 22 160 M M 6 13 31 160
8 77 51 64 3 1 0 0.00 0.0 0 6.9 20 260 M M 0 1 28 260
9 80 54 67 6 0 2 0.74 0.0 0 8.2 28 200 M M 3 13 43 200
10 75 49 62 0 3 0 M M M 5.2 24 260 M M 0 3 40 260
11 78 47 63 1 2 0 0.00 0.0 0 5.4 13 300 M M 0 19 260
12 86 59 73 11 0 8 0.00 0.0 0 5.4 14 150 M M 0 19 150
13 82 56 69 7 0 4 0.00 0.0 M 3.9 14 50 M M 1 18 40
14 61 51 56 -7 9 0 0.15 0.0 M 4.2 17 50 M M 9 13 22 40
15 68 52 60 -3 5 0 0.04 0.0 0 4.8 18 50 M M 2 24 50
16 61 53 57 -6 8 0 0.02 0.0 0 5.0 12 90 M M 9 15 70
17 65 52 59 -5 6 0 0.00 0.0 0 4.0 12 330 M M 9 1 16 340
18 65 45 55 -9 10 0 0.00 0.0 0 4.0 13 300 M M 7 18 290
19 72 42 57 -7 8 0 0.00 0.0 0 2.1 12 230 M M 0 1 14 220
20 77 44 61 -3 4 0 0.00 0.0 0 6.5 17 360 M M 3 31 10
21 60 36 48 -17 17 0 0.00 0.0 M 4.4 15 60 M M 0 22 70
22 67 45 56 -9 9 0 0.00 0.0 M 2.3 10 80 M M 7 13 90
23 64 53 59 -6 6 0 1.57 0.0 0 6.5 18 100 M M 10 13 26 120
24 71 52 62 -4 3 0 0.37 0.0 M 7.0 20 320 M M 6 13 29 290
25 76 48 62 -4 3 0 0.00 0.0 0 3.4 13 80 M M 0 17 120
26 81 55 68 2 0 3 0.00 0.0 0 7.2 15 170 M M 0 22 180
27 81 60 71 5 0 6 0.00 0.0 0 6.7 15 200 M M 5 20 180
28 83 71 77 10 0 12 0.00 0.0 M 6.2 15 170 M M 7 19 160
29 82 68 75 8 0 10 0.10 0.0 M 4.9 16 180 M M 5 13 22 190
30 74 58 66 -1 0 1 0.00 0.0 M 4.0 12 70 M M 2 16 10
================================================================================
SM 2184 1513 148 52 4.52 0.0 156.8 M 104
================================================================================
AV 72.8 50.4 5.2 FASTST M M 3 MAX(MPH)
MISC ----> 28 200 43 200
================================================================================
NOTES:
# LAST OF SEVERAL OCCURRENCES
COLUMN 17 PEAK WIND IN M.P.H.
PRELIMINARY LOCAL CLIMATOLOGICAL DATA (WS FORM: F-6) , PAGE 2
STATION: MONTICELLO
MONTH: APRIL
YEAR: 2021
LATITUDE: 33 37 N
LONGITUDE: 91 45 W
[TEMPERATURE DATA] [PRECIPITATION DATA] SYMBOLS USED IN COLUMN 16
AVERAGE MONTHLY: 61.6 TOTAL FOR MONTH: 4.52 1 = FOG OR MIST
DPTR FM NORMAL: -1.6 DPTR FM NORMAL: -0.27 2 = FOG REDUCING VISIBILITY
HIGHEST: 86 ON 12 GRTST 24HR 1.95 ON 23-24 TO 1/4 MILE OR LESS
LOWEST: 32 ON 2 3 = THUNDER
SNOW, ICE PELLETS, HAIL 4 = ICE PELLETS
TOTAL MONTH: 0.0 INCH 5 = HAIL
GRTST 24HR 0.0 6 = FREEZING RAIN OR DRIZZLE
GRTST DEPTH: 0 7 = DUSTSTORM OR SANDSTORM:
VSBY 1/2 MILE OR LESS
8 = SMOKE OR HAZE
[NO. OF DAYS WITH] [WEATHER - DAYS WITH] 9 = BLOWING SNOW
X = TORNADO
MAX 32 OR BELOW: 0 0.01 INCH OR MORE: 8
MAX 90 OR ABOVE: 0 0.10 INCH OR MORE: 6
MIN 32 OR BELOW: 1 0.50 INCH OR MORE: 3
MIN 0 OR BELOW: 0 1.00 INCH OR MORE: 2
[HDD (BASE 65) ]
TOTAL THIS MO. 148 CLEAR (SCALE 0-3) 17
DPTR FM NORMAL 16 PTCLDY (SCALE 4-7) 9
TOTAL FM JUL 1 2684 CLOUDY (SCALE 8-10) 4
DPTR FM NORMAL 4
[CDD (BASE 65) ]
TOTAL THIS MO. 52
DPTR FM NORMAL -26 [PRESSURE DATA]
TOTAL FM JAN 1 95 HIGHEST SLP 30.55 ON 2
DPTR FM NORMAL -11 LOWEST SLP 29.56 ON 9
[REMARKS]
#FINAL-04-21#