000
CXUS53 KARX 011601
CF6LSE
PRELIMINARY LOCAL CLIMATOLOGICAL DATA (WS FORM: F-6)
STATION: LA CROSSE WI
MONTH: FEBRUARY
YEAR: 2020
LATITUDE: 43 52 N
LONGITUDE: 91 15 W
TEMPERATURE IN F: :PCPN: SNOW: WIND :SUNSHINE: SKY :PK WND
================================================================================
1 2 3 4 5 6A 6B 7 8 9 10 11 12 13 14 15 16 17 18
12Z AVG MX 2MIN
DY MAX MIN AVG DEP HDD CDD WTR SNW DPTH SPD SPD DIR MIN PSBL S-S WX SPD DR
================================================================================
1 43 33 38 19 27 0 0.00 0.0 5 9.6 17 180 M M 7 18 22 180
2 50 28 39 20 26 0 0.00 0.0 4 9.6 23 290 M M 0 1 33 290
3 42 24 33 14 32 0 0.00 0.0 3 9.0 17 350 M M 4 18 24 360
4 30 14 22 3 43 0 0.00 0.0 3 10.9 20 360 M M 4 28 10
5 30 9 20 1 45 0 0.00 0.0 3 1.2 7 150 M M 3 8 360
6 36 10 23 3 42 0 0.00 0.0 2 0.9 7 220 M M 2 9 220
7 35 15 25 5 40 0 0.00 0.0 2 3.1 12 290 M M 8 14 300
8 29 16 23 3 42 0 T 0.1 2 6.2 14 180 M M 5 8 17 200
9 26 4 15 -5 50 0 0.74 8.5 3 6.6 16 350 M M 8 128 20 330
10 27 -7 10 -11 55 0 0.00 0.0 11 5.7 15 200 M M 3 128 19 190
11 31 9 20 -1 45 0 T T 10 9.4 18 280 M M 4 18 27 270
12 38 17 28 7 37 0 0.12 1.2 10 13.6 28 340 M M 5 1 35 340
13 17 -11 3 -19 62 0 0.00 0.0 9 12.8 23 340 M M 3 28 360
14 13 -16 -1 -23 66 0 0.00 0.0 9 11.2 26 170 M M 1 18 36 170
15 38 13 26 4 39 0 0.00 0.0 9 11.4 23 200 M M 3 31 190
16 32 7 20 -3 45 0 0.00 0.0 9 2.4 8 310 M M 7 8 10 110
17 38 26 32 9 33 0 0.18 2.0 8 6.3 13 150 M M 8 18 16 140
18 33 5 19 -5 46 0 0.01 0.1 8 12.2 26 310 M M 4 18 35 320
19 16 -7 5 -19 60 0 0.00 0.0 8 4.7 12 340 M M 3 M M
20 18 -14 2 -22 63 0 0.00 0.0 8 3.2 12 180 M M 0 14 180
21 38 6 22 -3 43 0 0.00 0.0 8 10.9 23 210 M M 0 35 190
22 43 23 33 8 32 0 0.00 0.0 8 8.9 17 190 M M 0 20 190
23 49 25 37 12 28 0 0.00 0.0 7 8.1 15 270 M M 0 19 280
24 43 17 30 4 35 0 0.00 0.0 6 3.6 10 30 M M 0 18 14 10
25 36 27 32 6 33 0 0.00 0.0 5 9.6 18 30 M M 2 27 10
26 33 23 28 1 37 0 T T 5 9.3 17 310 M M 7 22 300
27 29 15 22 -5 43 0 T T 5 7.3 17 320 M M 4 22 310
28 29 10 20 -8 45 0 0.00 0.0 4 6.6 20 330 M M 3 26 330
29 37 8 23 -5 42 0 0.00 0.0 4 8.6 20 160 M M 0 29 180
================================================================================
SM 959 329 1236 0 1.05 11.9 222.9 M 98
================================================================================
AV 33.1 11.3 7.7 FASTST M M 3 MAX(MPH)
MISC ----> # 28 340 # 36 170
================================================================================
NOTES:
# LAST OF SEVERAL OCCURRENCES
COLUMN 17 PEAK WIND IN M.P.H.
PRELIMINARY LOCAL CLIMATOLOGICAL DATA (WS FORM: F-6) , PAGE 2
STATION: LA CROSSE WI
MONTH: FEBRUARY
YEAR: 2020
LATITUDE: 43 52 N
LONGITUDE: 91 15 W
[TEMPERATURE DATA] [PRECIPITATION DATA] SYMBOLS USED IN COLUMN 16
AVERAGE MONTHLY: 22.2 TOTAL FOR MONTH: 1.05 1 = FOG OR MIST
DPTR FM NORMAL: -0.3 DPTR FM NORMAL: 0.00 2 = FOG REDUCING VISIBILITY
HIGHEST: 50 ON 2 GRTST 24HR 0.74 ON 9- 9 TO 1/4 MILE OR LESS
LOWEST: -16 ON 14 3 = THUNDER
SNOW, ICE PELLETS, HAIL 4 = ICE PELLETS
TOTAL MONTH: 11.9 INCHES 5 = HAIL
GRTST 24HR 8.5 ON 9- 9 6 = FREEZING RAIN OR DRIZZLE
GRTST DEPTH: 11 ON 10 7 = DUSTSTORM OR SANDSTORM:
VSBY 1/2 MILE OR LESS
8 = SMOKE OR HAZE
[NO. OF DAYS WITH] [WEATHER - DAYS WITH] 9 = BLOWING SNOW
X = TORNADO
MAX 32 OR BELOW: 13 0.01 INCH OR MORE: 4
MAX 90 OR ABOVE: 0 0.10 INCH OR MORE: 3
MIN 32 OR BELOW: 28 0.50 INCH OR MORE: 1
MIN 0 OR BELOW: 5 1.00 INCH OR MORE: 0
[HDD (BASE 65) ]
TOTAL THIS MO. 1236 CLEAR (SCALE 0-3) 14
DPTR FM NORMAL 46 PTCLDY (SCALE 4-7) 13
TOTAL FM JUL 1 5148 CLOUDY (SCALE 8-10) 2
DPTR FM NORMAL -398
[CDD (BASE 65) ]
TOTAL THIS MO. 0
DPTR FM NORMAL 0 [PRESSURE DATA]
TOTAL FM JAN 1 0 HIGHEST SLP 30.90 ON 20
DPTR FM NORMAL 0 LOWEST SLP 29.39 ON 2
[REMARKS]
#FINAL-02-20#