000
CXUS53 KARX 010757
CLMLSE
CLIMATE REPORT
NATIONAL WEATHER SERVICE LA CROSSE WI
257 AM CDT SAT JUL 01 2023
...................................
...THE LA CROSSE WI CLIMATE SUMMARY FOR THE MONTH OF JUNE 2023...
CLIMATE NORMAL PERIOD 1991 TO 2020
CLIMATE RECORD PERIOD 1872 TO 2023
WEATHER OBSERVED NORMAL DEPART LAST YEAR`S
VALUE DATE(S) VALUE FROM VALUE DATE(S)
NORMAL
................................................................
TEMPERATURE (F)
RECORD
HIGH 102 06/21/1988
06/20/1933
LOW 33 06/01/1897
HIGHEST 93 06/01 98 06/14
06/03
06/20
LOWEST 43 06/12 50 06/02
06/03
AVG. MAXIMUM 85.3 81.7 3.6 82.3
AVG. MINIMUM 60.3 60.4 -0.1 61.4
MEAN 72.8 71.0 1.8 71.9
DAYS MAX >= 90 10 3.9 6.1 5
DAYS MAX <= 32 0 0.0 0.0 0
DAYS MIN <= 32 0 0.0 0.0 0
DAYS MIN <= 0 0 0.0 0.0 0
PRECIPITATION (INCHES)
RECORD
MAXIMUM 11.56 1899
TOTALS 2.40 5.08 -2.68 5.15
DAYS >= .01 7 11.8 -4.8 11
DAYS >= .10 4 8.1 -4.1 8
DAYS >= .50 1 3.6 -2.6 3
DAYS >= 1.00 1 1.4 -0.4 2
GREATEST
24 HR. TOTAL 1.82 06/18 TO 06/19 2.09 06/13 TO 06/13
SNOWFALL (INCHES)
RECORDS
TOTAL 0.0 2020
SNOW DEPTH MM MM
TOTALS 0.0 0.0 0.0 0.0
SINCE 7/1 63.7 46.3 17.4 MM
SNOWDEPTH AVG. 0 0
DAYS >= TRACE 0 0.0 0.0 0
DAYS >= 1.0 0 0.0 0.0 0
GREATEST
SNOW DEPTH 0 0 MM
DEGREE DAYS
HEATING TOTAL 12 24 -12 12
SINCE 7/1 6592 6783 -191 MM
COOLING TOTAL 256 206 50 226
SINCE 1/1 335 272 63 MM
................................................................
WIND (MPH)
AVERAGE WIND SPEED 6.2
HIGHEST WIND SPEED/DIRECTION 24/310 DATE 06/25
HIGHEST GUST SPEED/DIRECTION 36/120 DATE 06/24
AVERAGE RH (PERCENT) 59
WEATHER CONDITIONS. NUMBER OF DAYS WITH
THUNDERSTORM 6 MIXED PRECIP 0
HEAVY RAIN 1 RAIN 2
LIGHT RAIN 7 FREEZING RAIN 0
LT FREEZING RAIN 0 HAIL 0
HEAVY SNOW 0 SNOW 0
LIGHT SNOW 0 SLEET 0
FOG 7 FOG W/VIS <= 1/4 MILE 0
HAZE 11
- INDICATES NEGATIVE NUMBERS.
R INDICATES RECORD WAS SET OR TIED.
MM INDICATES DATA IS MISSING.
T INDICATES TRACE AMOUNT.
$$