000
CXUS54 KHGX 012238
CF6LVJ
PRELIMINARY LOCAL CLIMATOLOGICAL DATA (WS FORM: F-6)
STATION: HOUSTON/CLOVER_FIELD
MONTH: AUGUST
YEAR: 2023
LATITUDE: 29 31 N
LONGITUDE: 95 14 W
TEMPERATURE IN F: :PCPN: SNOW: WIND :SUNSHINE: SKY :PK WND
================================================================================
1 2 3 4 5 6A 6B 7 8 9 10 11 12 13 14 15 16 17 18
12Z AVG MX 2MIN
DY MAX MIN AVG DEP HDD CDD WTR SNW DPTH SPD SPD DIR MIN PSBL S-S WX SPD DR
================================================================================
1 103 81 92 6 0 27 0.00 0.0 0 3.7 17 130 M M 1 25 130
2 101 78 90 4 0 25 0.00 0.0 0 4.2 16 120 M M 0 23 130
3 101 82 92 6 0 27 0.00 0.0 0 5.3 17 160 M M 0 25 140
4 103 81 92 6 0 27 0.00 0.0 0 5.2 17 160 M M 2 25 160
5 103 81 92 6 0 27 0.00 0.0 0 6.2 18 170 M M 1 27 180
6 102 82 92 6 0 27 0.00 0.0 0 6.1 18 180 M M 1 29 150
7 101 83 92 6 0 27 0.00 0.0 0 6.7 20 160 M M 1 26 150
8 101 81 91 5 0 26 0.00 0.0 0 7.0 20 160 M M 1 28 160
9 100 83 92 6 0 27 0.00 0.0 0 9.1 20 180 M M 1 18 29 190
10 101 82 92 6 0 27 0.00 0.0 0 8.3 18 180 M M 1 18 27 170
11 101 82 92 6 0 27 0.00 0.0 0 7.3 18 180 M M 1 29 160
12 102 84 93 7 0 28 0.00 0.0 0 7.9 18 160 M M 2 18 28 180
13 102 80 91 5 0 26 0.00 0.0 0 6.1 18 150 M M 1 18 25 190
14 104 81 93 7 0 28 0.00 0.0 0 4.9 17 160 M M 1 25 150
15 106 83 95 10 0 30 T 0.0 0 4.4 16 170 M M 1 3 24 170
16 100 80 90 5 0 25 0.00 0.0 0 6.1 16 30 M M 0 22 20
17 104 75 90 5 0 25 0.00 0.0 0 5.5 20 150 M M 1 18 28 150
18 102 79 91 6 0 26 0.00 0.0 0 4.3 16 140 M M 1 18 23 140
19 104 78 91 6 0 26 0.00 0.0 0 4.8 15 140 M M 0 22 160
20 107 82 95 10 0 30 0.00 0.0 0 4.8 17 120 M M 2 28 90
21 99 82 91 6 0 26 0.00 0.0 0 7.0 20 110 M M 1 27 110
22 94 83 89 4 0 24 0.14 0.0 0 11.0 23 110 M M 2 3 33 120
23 101 81 91 6 0 26 0.00 0.0 0 4.1 14 110 M M 1 20 110
24 107 82 95 10 0 30 0.00 0.0 0 4.9 17 160 M M 2 25 140
25 102 80 91 6 0 26 0.00 0.0 0 4.6 16 140 M M 0 27 120
26 104 80 92 8 0 27 0.00 0.0 0 2.9 13 140 M M 1 8 18 50
27 109 79 94 10 0 29 0.00 0.0 0 5.8 23 350 M M 1 18 39 340
28 101 81 91 7 0 26 0.00 0.0 0 5.5 15 20 M M 2 3 21 40
29 100 81 91 7 0 26 0.00 0.0 0 8.1 22 360 M M 1 34 350
30 102 74 88 4 0 23 0.00 0.0 0 6.3 18 360 M M 0 30 360
31 99 75 87 3 0 22 0.00 0.0 0 3.9 14 140 M M 1 18 130
================================================================================
SM 3166 2496 0 823 0.14 0.0 182.0 M 31
================================================================================
AV102.1 80.5 5.9 FASTST M M 1 MAX(MPH)
MISC ----> # 23 110 39 340
================================================================================
NOTES:
# LAST OF SEVERAL OCCURRENCES
COLUMN 17 PEAK WIND IN M.P.H.
PRELIMINARY LOCAL CLIMATOLOGICAL DATA (WS FORM: F-6) , PAGE 2
STATION: HOUSTON/CLOVER_FIELD
MONTH: AUGUST
YEAR: 2023
LATITUDE: 29 31 N
LONGITUDE: 95 14 W
[TEMPERATURE DATA] [PRECIPITATION DATA] SYMBOLS USED IN COLUMN 16
AVERAGE MONTHLY: 91.3 TOTAL FOR MONTH: 0.14 1 = FOG OR MIST
DPTR FM NORMAL: 6.2 DPTR FM NORMAL: -5.49 2 = FOG REDUCING VISIBILITY
HIGHEST: 109 ON 27 GRTST 24HR 0.14 ON 22-22 TO 1/4 MILE OR LESS
LOWEST: 74 ON 30 3 = THUNDER
SNOW, ICE PELLETS, HAIL 4 = ICE PELLETS
TOTAL MONTH: 0.0 INCH 5 = HAIL
GRTST 24HR 0.0 6 = FREEZING RAIN OR DRIZZLE
GRTST DEPTH: 0 7 = DUSTSTORM OR SANDSTORM:
VSBY 1/2 MILE OR LESS
8 = SMOKE OR HAZE
[NO. OF DAYS WITH] [WEATHER - DAYS WITH] 9 = BLOWING SNOW
X = TORNADO
MAX 32 OR BELOW: 0 0.01 INCH OR MORE: 1
MAX 90 OR ABOVE: 31 0.10 INCH OR MORE: 1
MIN 32 OR BELOW: 0 0.50 INCH OR MORE: 0
MIN 0 OR BELOW: 0 1.00 INCH OR MORE: 0
[HDD (BASE 65) ]
TOTAL THIS MO. 0 CLEAR (SCALE 0-3) 31
DPTR FM NORMAL 0 PTCLDY (SCALE 4-7) 0
TOTAL FM JUL 1 0 CLOUDY (SCALE 8-10) 0
DPTR FM NORMAL 0
[CDD (BASE 65) ]
TOTAL THIS MO. 823
DPTR FM NORMAL 200 [PRESSURE DATA]
TOTAL FM JAN 1 3177 HIGHEST SLP 30.09 ON 2
DPTR FM NORMAL 653 LOWEST SLP 29.69 ON 27
[REMARKS]
#FINAL-08-23#