000
CXUS53 KTOP 010910
CF6LWC
PRELIMINARY LOCAL CLIMATOLOGICAL DATA (WS FORM: F-6)
STATION: LAWRENCE KS
MONTH: JANUARY
YEAR: 2024
LATITUDE: 39 0 N
LONGITUDE: 95 13 W
TEMPERATURE IN F: :PCPN: SNOW: WIND :SUNSHINE: SKY :PK WND
================================================================================
1 2 3 4 5 6A 6B 7 8 9 10 11 12 13 14 15 16 17 18
12Z AVG MX 2MIN
DY MAX MIN AVG DEP HDD CDD WTR SNW DPTH SPD SPD DIR MIN PSBL S-S WX SPD DR
================================================================================
1 38 21 30 0 35 0 0.00 M M 5.1 12 330 M M 5 15 330
2 45 19 32 2 33 0 0.00 M M 4.7 13 240 M M 0 1 17 240
3 46 19 33 3 32 0 0.00 M M 2.1 10 320 M M 3 128 12 280
4 37 29 33 3 32 0 0.00 M M 6.2 15 110 M M 7 18 21 90
5 34 28 31 1 34 0 0.13 M M 5.0 10 90 M M 6 18 15 70
6 35 31 33 4 32 0 0.01 M M 4.7 12 310 M M 10 1 17 290
7 39 24 32 3 33 0 0.00 M M 7.0 14 110 M M 3 20 110
8 40 33 37 8 28 0 0.84 M M 10.9 20 140 M M 8 1 31 130
9 34 14 24 -5 41 0 0.08 M M 17.5 33 330 M M 9 18 42 320
10 37 9 23 -6 42 0 0.00 M M 7.8 16 240 M M 0 18 23 240
11 37 10 24 -5 41 0 T M M 7.0 20 50 M M 3 128 29 40
12 29 6 18 -11 47 0 T M M 20.6 29 320 M M 9 18 39 320
13 7 -7 0 -29 65 0 T M M 16.3 25 320 M M 4 89 32 330
14 0 -10 -5 -34 70 0 0.00 M M 10.8 21 320 M M 3 29 300
15 4 -12 -4 -33 69 0 0.01 M M 8.1 21 320 M M 5 8 25 320
16 13 -13 0 -29 65 0 0.00 M M 6.8 15 230 M M 0 21 210
17 35 7 21 -8 44 0 0.00 M M 5.8 13 170 M M 0 17 190
18 36 10 23 -6 42 0 T M M 9.2 31 340 M M 5 19 39 350
19 11 -3 4 -25 61 0 0.00 M M 12.0 28 330 M M 1 37 330
20 13 -9 2 -27 63 0 0.00 M M 4.4 9 90 M M 0 13 100
21 32 3 18 -11 47 0 T M M 11.9 24 170 M M 6 34 180
22 35 30 33 4 32 0 0.12 M M 7.8 18 180 M M 10 1 33 200
23 38 33 36 7 29 0 0.29 M M 2.5 8 30 M M 10 1 11 60
24 41 34 38 9 27 0 0.08 M M 3.3 8 310 M M 10 12 9 310
25 42 36 39 10 26 0 0.37 M M 3.8 9 320 M M 10 1 12 290
26 39 33 36 6 29 0 0.00 M M 4.7 13 350 M M 10 1 17 350
27 38 30 34 4 31 0 0.00 M M 8.4 15 330 M M 10 1 19 350
28 53 24 39 9 26 0 0.00 M M 3.8 12 270 M M 0 1 14 270
29 64 24 44 14 21 0 0.00 M M 4.5 14 290 M M 0 1 18 290
30 61 24 43 13 22 0 0.00 M M 8.9 21 340 M M 1 27 340
31 64 22 43 13 22 0 0.00 M M 4.6 14 200 M M 0 18 18 170
================================================================================
SM 1077 499 1221 0 1.93 M 236.2 M 148
================================================================================
AV 34.7 16.1 7.6 FASTST M M 5 MAX(MPH)
MISC ----> 33 330 42 320
================================================================================
NOTES:
# LAST OF SEVERAL OCCURRENCES
COLUMN 17 PEAK WIND IN M.P.H.
PRELIMINARY LOCAL CLIMATOLOGICAL DATA (WS FORM: F-6) , PAGE 2
STATION: LAWRENCE KS
MONTH: JANUARY
YEAR: 2024
LATITUDE: 39 0 N
LONGITUDE: 95 13 W
[TEMPERATURE DATA] [PRECIPITATION DATA] SYMBOLS USED IN COLUMN 16
AVERAGE MONTHLY: 25.4 TOTAL FOR MONTH: 1.93 1 = FOG OR MIST
DPTR FM NORMAL: -3.9 DPTR FM NORMAL: 1.06 2 = FOG REDUCING VISIBILITY
HIGHEST: 64 ON 31,29 GRTST 24HR 1.06 ON 8- 9 TO 1/4 MILE OR LESS
LOWEST: -13 ON 16 3 = THUNDER
SNOW, ICE PELLETS, HAIL 4 = ICE PELLETS
TOTAL MONTH: M 5 = HAIL
GRTST 24HR M ON M 6 = FREEZING RAIN OR DRIZZLE
GRTST DEPTH: M ON M 7 = DUSTSTORM OR SANDSTORM:
VSBY 1/2 MILE OR LESS
8 = SMOKE OR HAZE
[NO. OF DAYS WITH] [WEATHER - DAYS WITH] 9 = BLOWING SNOW
X = TORNADO
MAX 32 OR BELOW: 8 0.01 INCH OR MORE: 9
MAX 90 OR ABOVE: 0 0.10 INCH OR MORE: 5
MIN 32 OR BELOW: 26 0.50 INCH OR MORE: 1
MIN 0 OR BELOW: 6 1.00 INCH OR MORE: 0
[HDD (BASE 65) ]
TOTAL THIS MO. 1221 CLEAR (SCALE 0-3) 12
DPTR FM NORMAL 115 PTCLDY (SCALE 4-7) 10
TOTAL FM JUL 1 2893 CLOUDY (SCALE 8-10) 9
DPTR FM NORMAL -194
[CDD (BASE 65) ]
TOTAL THIS MO. 0
DPTR FM NORMAL 0 [PRESSURE DATA]
TOTAL FM JAN 1 0 HIGHEST SLP 30.79 ON 20
DPTR FM NORMAL 0 LOWEST SLP 29.39 ON 9
[REMARKS]
#FINAL-01-24#