000
CXUS54 KLZK 300140
CLSLZK
CLIMATE REPORT...UPDATED WITH SUPPLEMENTAL DATA
NATIONAL WEATHER SERVICE LITTLE ROCK AR
1103 PM CDT WED MAR 22 2023
...................................
...THE NORTH LITTLE ROCK CLIMATE SUMMARY FOR THE SEASON, FROM
12/1/2022 TO 2/28/2023...
CLIMATE NORMAL PERIOD 1991 TO 2020
CLIMATE RECORD PERIOD 1975 TO 2023
WEATHER OBSERVED NORMAL DEPART LAST YEAR`S
VALUE DATE(S) VALUE FROM VALUE DATE(S)
NORMAL
................................................................
TEMPERATURE (F)
RECORD
HIGH 83 02/20/1986
LOW -6 01/20/1985
HIGHEST 79 02/28 52 27 76 12/25
12/10
12/02
LOWEST 1 12/23 34 -33 13 01/21
AVG. MAXIMUM 54.9 51.3 3.6 55.6
AVG. MINIMUM 38.4 34.4 4.0 35.5
MEAN 46.6 42.8 3.8 45.6
DAYS MAX >= 90 0 0.0 0.0 MM
DAYS MAX <= 32 4 4.1 -0.1 MM
DAYS MIN <= 32 26 34.3 -8.3 MM
DAYS MIN <= 0 0 0.0 0.0 MM
PRECIPITATION (INCHES)
TOTALS 18.95 12.54 6.41 14.26
DAILY AVG. 0.21 0.14 0.07 0.16
DAYS >= .01 37 29.2 7.8 MM
DAYS >= .10 26 18.5 7.5 MM
DAYS >= .50 13 8.5 4.5 MM
DAYS >= 1.00 8 3.5 4.5 MM
GREATEST
24 HR. TOTAL 2.32 02/08 TO 02/08 2.91 12/29 TO 12/29
STORM TOTAL 2.32 1.52
(MM/DD(HH)) MM
SNOWFALL (INCHES)
RECORDS
TOTAL 19.2 1979
24 HR TOTAL 10.9 02/14/2021 TO 02/15/2021
SNOW DEPTH 14 02/18/2021
TOTALS 0.6 3.3 -2.7 5.2
LIQUID EQUIV 0.10 0.00 0.10 0.52
SINCE 7/1 0.6 3.4 -2.8 MM
LIQUID 7/1 0.06 0.00 0.06 MM
SNOWDEPTH AVG. T 0
DAYS >= TRACE 9 2.2 6.8 MM
DAYS >= 1.0 0 1.1 -1.1 MM
GREATEST
SNOW DEPTH MM 3 02/04
24 HR TOTAL 0.4 0MM31 TO 01/31 1.6
STORM TOTAL 0.4 3.2
(MM/DD(HH)) MM
DEGREE DAYS
HEATING TOTAL 1646 2003 -357 1728
SINCE 7/1 2202 2572 -370 MM
COOLING TOTAL 2 2 0 11
SINCE 1/1 2 0 2 MM
FREEZE DATES
RECORD
EARLIEST 10/20/1989
LATEST 04/19/1983
EARLIEST 11/12
LATEST 03/13
................................................................
WIND (MPH)
AVERAGE WIND SPEED MM
HIGHEST WIND SPEED/DIRECTION MM DATE MM
HIGHEST GUST SPEED/DIRECTION MM DATE MM
SKY COVER
AVERAGE SKY COVER 0.00
NUMBER OF DAYS FAIR 1
NUMBER OF DAYS PC 0
NUMBER OF DAYS CLOUDY 0
WEATHER CONDITIONS. NUMBER OF DAYS WITH
THUNDERSTORM 10 MIXED PRECIP 1
HEAVY RAIN 10 RAIN 19
LIGHT RAIN 42 FREEZING RAIN 3
LT FREEZING RAIN 4 HAIL 1
HEAVY SNOW 0 SLEET 7
FOG 25 FOG W/VIS <= 1/4 MILE 9
HAZE 0
- INDICATES NEGATIVE NUMBERS.
R INDICATES RECORD WAS SET OR TIED.
MM INDICATES DATA IS MISSING.
T INDICATES TRACE AMOUNT.
&&
.SEASONAL TEMPERATURES...
THE AVERAGE HIGH TEMPERATURE OF 55.3 F FOR THE SEASON WAS THE 8TH
WARMEST ON RECORD WHILE THE AVERAGE LOW TEMPERATURE OF 38.8 F RANKED
AS 3RD WARMEST ON RECORD.
THE WARMEST HIGH TEMPERATURE OBSERVED WAS 79 F ON FEBRUARY 28TH,
WHILE THE COLDEST LOW TEMPERATURE OBSERVED WAS 1 F ON DECEMBER 23RD.
THE WARMEST HIGH TIES AS 10TH WARMEST AND THE COLDEST LOW RANKS AS
THE 6TH COLDEST.
FOUR DAYS DURING THE WINTER SAW HIGH TEMPERATURES AT OR BELOW
FREEZING WITH LOWS AT OR BELOW FREEZING ON 22 DAYS, WHICH RANKS AS
THE 5TH LEAST NUMBER OF DAYS WITH LOWS AT OR BELOW FREEZING FOR THE
SEASON.
.SEASONAL RAINFALL...
THE SEASONAL RAINFALL TOTAL OF 18.94 INCHES RANKS AS THE 4TH WETTEST
WINTER ON RECORD.
.SEASONAL SNOWFALL...
THE SEASONAL SNOWFALL OF 0.6 INCHES RANKS AS THE 11TH LEAST SNOWY
WINTER ON RECORD.
$$
69